{"id":8170,"date":"2016-06-23T08:32:59","date_gmt":"2016-06-23T07:32:59","guid":{"rendered":"http:\/\/agora.xtec.cat\/demoinstitut\/?page_id=1252"},"modified":"2025-04-01T16:21:32","modified_gmt":"2025-04-01T14:21:32","slug":"curs-scratch-primaria","status":"publish","type":"page","link":"https:\/\/agora.xtec.cat\/escolasaavedra\/curs-scratch-primaria\/","title":{"rendered":"Curs de l&#8217;Scratch"},"content":{"rendered":"<p>&nbsp;<\/p>\n<p style=\"text-align: right;\"><span style=\"color: #808080;\">Aquest curs \u00e9s una iniciativa<\/span> <a href=\"http:\/\/mschools.mobileworldcapital.com\/\"><img decoding=\"async\" src=\"http:\/\/mschools.mobileworldcapital.com\/wp-content\/themes\/mschools\/images\/logo.png\" width=\"150\" \/><\/a><br \/>\n<a href=\"http:\/\/scratch.mit.edu\" target=\"_blank\" rel=\"attachment noopener wp-att-1253 noreferrer\"><img loading=\"lazy\" decoding=\"async\" class=\"wp-image-1253 aligncenter\" src=\"http:\/\/agora.xtec.cat\/demoinstitut\/wp-content\/uploads\/usu314\/2016\/06\/ScratchBlogLogo.jpg\" alt=\"ScratchBlogLogo\" width=\"691\" height=\"199\" \/><\/a><\/p>\n<h2>DESCRIPCI\u00d3<\/h2>\n<p>Curs basat en materials modulars dirigits a l\u2019alumnat de Cicle Superior de Prim\u00e0ria.\u00a0Aix\u00ed mateix, si el centre vol aplicar-ho\u00a0al Cicle Mitj\u00e0 de Prim\u00e0ria tamb\u00e9 pot emprar aquests materials. Cada m\u00f2dul correspon a un repte a solucionar amb una previsi\u00f3 de 12 hores de desenvolupament a l\u2019aula.<\/p>\n<p>El m\u00f2duls tenen una estructura seq\u00fcencial, de forma que la seva complexitat es va incrementant. Els centres, en funci\u00f3 de la seva experi\u00e8ncia pr\u00e8via, poden decidir a partir de quin m\u00f2dul comencen a treballar i fins a quin m\u00f2dul pretenen arribar.<\/p>\n<h2>OBJECTIUS<\/h2>\n<p>Introduir la programaci\u00f3 als nivells de prim\u00e0ria (cicle superior) i secund\u00e0ria (1r i 2n)<br \/>\nFomentar el pensament computacional i l\u2019assoliment de les compet\u00e8ncies digitals.<\/p>\n<h2><\/h2>\n<h2>CREAR UN COMPTE DE L&#8217;SCRATCH<\/h2>\n<p>Per poder crear un compte individual d&#8217;alumne de l&#8217;SCRATCH, cal fer click en un d&#8217;aquests quarte enlla\u00e7os, depenent del curs de l&#8217;alumne i seguir les intruccions seg\u00fcents.<\/p>\n<p style=\"padding-left: 60px;\"><strong>Alumnes de la <a href=\"http:\/\/scratch.mit.edu\/signup\/vet33x893\" target=\"_blank\" rel=\"noopener noreferrer\">Promoci\u00f3 2028<\/a><\/strong><\/p>\n<p style=\"padding-left: 40px;\"><strong>\u00a0 \u00a0 Alumnes de la <a href=\"http:\/\/scratch.mit.edu\/signup\/rkp3h9m53\" target=\"_blank\" rel=\"noopener noreferrer\">Promoci\u00f3 2027<\/a><\/strong><\/p>\n<p style=\"padding-left: 60px;\"><strong>Alumnes de la <a href=\"http:\/\/scratch.mit.edu\/signup\/ed45489jk\" target=\"_blank\" rel=\"noopener\">Promoci\u00f3 2026<\/a>\u00a0<\/strong><\/p>\n<p style=\"padding-left: 60px;\"><strong>Alumnes de la <a href=\"http:\/\/scratch.mit.edu\/signup\/krxd6mwyw\" target=\"_blank\" rel=\"noopener noreferrer\">Promoci\u00f3 2025<\/a><\/strong><\/p>\n<ul>\n<li style=\"list-style-type: none;\">\n<ul>\n<li><strong>Primer pas<\/strong>:\u00a0fes clic a COMEN\u00c7A<br \/>\n<a href=\"http:\/\/agora.xtec.cat\/escolasaavedra\/wp-content\/uploads\/usu587\/2017\/09\/Diapositiva1.jpg\"><img loading=\"lazy\" decoding=\"async\" class=\"alignnone wp-image-9106\" src=\"http:\/\/agora.xtec.cat\/escolasaavedra\/wp-content\/uploads\/usu587\/2017\/09\/Diapositiva1.jpg\" alt=\"\" width=\"250\" height=\"333\" srcset=\"https:\/\/agora.xtec.cat\/escolasaavedra\/wp-content\/uploads\/usu587\/2017\/09\/Diapositiva1.jpg 720w, https:\/\/agora.xtec.cat\/escolasaavedra\/wp-content\/uploads\/usu587\/2017\/09\/Diapositiva1-225x300.jpg 225w\" sizes=\"auto, (max-width: 250px) 100vw, 250px\" \/><\/a><\/li>\n<\/ul>\n<\/li>\n<\/ul>\n<ul>\n<li style=\"list-style-type: none;\">\n<ul>\n<li><strong>Segon pas<\/strong>:\u00a0escriu el teu nom d&#8217;usuari i la contrasenya, que haur\u00e0 de ser\u00a0dif\u00edcil de\u00a0descubrir per\u00f2 f\u00e1cil de recordar per tu.\u00a0Tal i com avisa la\u00a0pr\u00f2pia p\u00e1gina, no posis el teu nom real. Un cop fet,\u00a0clica a SEG\u00dcENT PAS<br \/>\n<table>\n<tbody>\n<tr>\n<td><a href=\"http:\/\/agora.xtec.cat\/escolasaavedra\/wp-content\/uploads\/usu587\/2017\/09\/Diapositiva2.jpg\"><img loading=\"lazy\" decoding=\"async\" class=\"alignnone wp-image-9107\" src=\"http:\/\/agora.xtec.cat\/escolasaavedra\/wp-content\/uploads\/usu587\/2017\/09\/Diapositiva2.jpg\" alt=\"\" width=\"250\" height=\"333\" srcset=\"https:\/\/agora.xtec.cat\/escolasaavedra\/wp-content\/uploads\/usu587\/2017\/09\/Diapositiva2.jpg 720w, https:\/\/agora.xtec.cat\/escolasaavedra\/wp-content\/uploads\/usu587\/2017\/09\/Diapositiva2-225x300.jpg 225w\" sizes=\"auto, (max-width: 250px) 100vw, 250px\" \/><\/a><\/td>\n<td><\/td>\n<\/tr>\n<\/tbody>\n<\/table>\n<\/li>\n<\/ul>\n<\/li>\n<\/ul>\n<ul>\n<li style=\"list-style-type: none;\">\n<ul>\n<li><strong>Tercer pas<\/strong>: posa el teu g\u00e8nere (home o dona) i escull el SPAIN al desplegable de Pa\u00eds. Un cop fet,\u00a0clica a SEG\u00dcENT PAS<br \/>\n<a href=\"http:\/\/agora.xtec.cat\/escolasaavedra\/wp-content\/uploads\/usu587\/2017\/09\/Diapositiva3.jpg\"><img loading=\"lazy\" decoding=\"async\" class=\"wp-image-9108 alignnone\" src=\"http:\/\/agora.xtec.cat\/escolasaavedra\/wp-content\/uploads\/usu587\/2017\/09\/Diapositiva3.jpg\" alt=\"\" width=\"250\" height=\"333\" srcset=\"https:\/\/agora.xtec.cat\/escolasaavedra\/wp-content\/uploads\/usu587\/2017\/09\/Diapositiva3.jpg 720w, https:\/\/agora.xtec.cat\/escolasaavedra\/wp-content\/uploads\/usu587\/2017\/09\/Diapositiva3-225x300.jpg 225w\" sizes=\"auto, (max-width: 250px) 100vw, 250px\" \/><\/a><\/li>\n<li><strong>Quart pas:<\/strong> accedeix a la clase fent clic a ACCEDEIX A LA CLASSE.<br \/>\n<a href=\"http:\/\/agora.xtec.cat\/escolasaavedra\/wp-content\/uploads\/usu587\/2017\/09\/Diapositiva4.jpg\"><img loading=\"lazy\" decoding=\"async\" class=\"alignnone wp-image-9109\" src=\"http:\/\/agora.xtec.cat\/escolasaavedra\/wp-content\/uploads\/usu587\/2017\/09\/Diapositiva4.jpg\" alt=\"\" width=\"250\" height=\"333\" srcset=\"https:\/\/agora.xtec.cat\/escolasaavedra\/wp-content\/uploads\/usu587\/2017\/09\/Diapositiva4.jpg 720w, https:\/\/agora.xtec.cat\/escolasaavedra\/wp-content\/uploads\/usu587\/2017\/09\/Diapositiva4-225x300.jpg 225w\" sizes=\"auto, (max-width: 250px) 100vw, 250px\" \/><\/a><\/li>\n<li><strong>Cinqu\u00e8 pas:<\/strong>\u00a0quan vegis una imatge semblant a aquesta voldr\u00e0 dir que jua has accedit a la classe. Has d&#8217;estar segur que a la cantonada superior dreta hi posi el teu nom d&#8217;usuari.<br \/>\n<a href=\"http:\/\/agora.xtec.cat\/escolasaavedra\/wp-content\/uploads\/usu587\/2016\/06\/Acc\u00e9s-a-Scratch.png\"><img loading=\"lazy\" decoding=\"async\" class=\"alignnone size-large wp-image-9164\" src=\"http:\/\/agora.xtec.cat\/escolasaavedra\/wp-content\/uploads\/usu587\/2016\/06\/Acc\u00e9s-a-Scratch-1024x491.png\" alt=\"\" width=\"1024\" height=\"491\" srcset=\"https:\/\/agora.xtec.cat\/escolasaavedra\/wp-content\/uploads\/usu587\/2016\/06\/Acc\u00e9s-a-Scratch.png 1024w, https:\/\/agora.xtec.cat\/escolasaavedra\/wp-content\/uploads\/usu587\/2016\/06\/Acc\u00e9s-a-Scratch-300x144.png 300w, https:\/\/agora.xtec.cat\/escolasaavedra\/wp-content\/uploads\/usu587\/2016\/06\/Acc\u00e9s-a-Scratch-768x368.png 768w\" sizes=\"auto, (max-width: 1024px) 100vw, 1024px\" \/><\/a><\/p>\n<h2>ACCEDIR AL TEU\u00a0COMPTE DE L&#8217;SCRATCH<\/h2>\n<p>Cal accedir a la p\u00e0gina <a href=\"https:\/\/scratch.mit.edu\/\">http:\\\\www.scratch.mit.edu\u00a0<\/a>i iniciar la sessi\u00f3 amb el teu usuari i la teva contrasenya.<\/p>\n<p>Recorda tancar la sessi\u00f3 un cop hagis acabat de treballar.<\/li>\n<\/ul>\n<\/li>\n<\/ul>\n","protected":false},"excerpt":{"rendered":"<p>&nbsp; Aquest curs \u00e9s una iniciativa DESCRIPCI\u00d3 Curs basat en materials modulars dirigits a l\u2019alumnat de Cicle Superior de Prim\u00e0ria.\u00a0Aix\u00ed mateix, si el centre vol aplicar-ho\u00a0al Cicle Mitj\u00e0 de Prim\u00e0ria tamb\u00e9 pot emprar aquests materials. Cada m\u00f2dul correspon a un repte a solucionar amb una previsi\u00f3 de 12 hores de desenvolupament a l\u2019aula. El m\u00f2duls [&hellip;]<\/p>\n","protected":false},"author":3,"featured_media":0,"parent":0,"menu_order":0,"comment_status":"closed","ping_status":"closed","template":"page-templates\/side-menu.php","meta":{"_bbp_topic_count":0,"_bbp_reply_count":0,"_bbp_total_topic_count":0,"_bbp_total_reply_count":0,"_bbp_voice_count":0,"_bbp_anonymous_reply_count":0,"_bbp_topic_count_hidden":0,"_bbp_reply_count_hidden":0,"_bbp_forum_subforum_count":0,"site-sidebar-layout":"default","site-content-layout":"","ast-site-content-layout":"","site-content-style":"default","site-sidebar-style":"default","ast-global-header-display":"","ast-banner-title-visibility":"","ast-main-header-display":"","ast-hfb-above-header-display":"","ast-hfb-below-header-display":"","ast-hfb-mobile-header-display":"","site-post-title":"","ast-breadcrumbs-content":"","ast-featured-img":"","footer-sml-layout":"","theme-transparent-header-meta":"","adv-header-id-meta":"","stick-header-meta":"","header-above-stick-meta":"","header-main-stick-meta":"","header-below-stick-meta":"","astra-migrate-meta-layouts":"default","ast-page-background-enabled":"default","ast-page-background-meta":{"desktop":{"background-color":"var(--ast-global-color-4)","background-image":"","background-repeat":"repeat","background-position":"center center","background-size":"auto","background-attachment":"scroll","background-type":"","background-media":"","overlay-type":"","overlay-color":"","overlay-opacity":"","overlay-gradient":""},"tablet":{"background-color":"","background-image":"","background-repeat":"repeat","background-position":"center center","background-size":"auto","background-attachment":"scroll","background-type":"","background-media":"","overlay-type":"","overlay-color":"","overlay-opacity":"","overlay-gradient":""},"mobile":{"background-color":"","background-image":"","background-repeat":"repeat","background-position":"center center","background-size":"auto","background-attachment":"scroll","background-type":"","background-media":"","overlay-type":"","overlay-color":"","overlay-opacity":"","overlay-gradient":""}},"ast-content-background-meta":{"desktop":{"background-color":"var(--ast-global-color-5)","background-image":"","background-repeat":"repeat","background-position":"center center","background-size":"auto","background-attachment":"scroll","background-type":"","background-media":"","overlay-type":"","overlay-color":"","overlay-opacity":"","overlay-gradient":""},"tablet":{"background-color":"var(--ast-global-color-5)","background-image":"","background-repeat":"repeat","background-position":"center center","background-size":"auto","background-attachment":"scroll","background-type":"","background-media":"","overlay-type":"","overlay-color":"","overlay-opacity":"","overlay-gradient":""},"mobile":{"background-color":"var(--ast-global-color-5)","background-image":"","background-repeat":"repeat","background-position":"center center","background-size":"auto","background-attachment":"scroll","background-type":"","background-media":"","overlay-type":"","overlay-color":"","overlay-opacity":"","overlay-gradient":""}},"footnotes":""},"class_list":["post-8170","page","type-page","status-publish","hentry"],"post_mailing_queue_ids":[],"_links":{"self":[{"href":"https:\/\/agora.xtec.cat\/escolasaavedra\/wp-json\/wp\/v2\/pages\/8170","targetHints":{"allow":["GET"]}}],"collection":[{"href":"https:\/\/agora.xtec.cat\/escolasaavedra\/wp-json\/wp\/v2\/pages"}],"about":[{"href":"https:\/\/agora.xtec.cat\/escolasaavedra\/wp-json\/wp\/v2\/types\/page"}],"author":[{"embeddable":true,"href":"https:\/\/agora.xtec.cat\/escolasaavedra\/wp-json\/wp\/v2\/users\/3"}],"replies":[{"embeddable":true,"href":"https:\/\/agora.xtec.cat\/escolasaavedra\/wp-json\/wp\/v2\/comments?post=8170"}],"version-history":[{"count":5,"href":"https:\/\/agora.xtec.cat\/escolasaavedra\/wp-json\/wp\/v2\/pages\/8170\/revisions"}],"predecessor-version":[{"id":32282,"href":"https:\/\/agora.xtec.cat\/escolasaavedra\/wp-json\/wp\/v2\/pages\/8170\/revisions\/32282"}],"wp:attachment":[{"href":"https:\/\/agora.xtec.cat\/escolasaavedra\/wp-json\/wp\/v2\/media?parent=8170"}],"curies":[{"name":"wp","href":"https:\/\/api.w.org\/{rel}","templated":true}]}}