{"id":25418,"date":"2021-11-29T17:15:34","date_gmt":"2021-11-29T16:15:34","guid":{"rendered":"https:\/\/agora.xtec.cat\/escolasaavedra\/?page_id=25418"},"modified":"2023-02-23T13:03:03","modified_gmt":"2023-02-23T12:03:03","slug":"espigol","status":"publish","type":"page","link":"https:\/\/agora.xtec.cat\/escolasaavedra\/les-plantes-de-lhort\/espigol\/","title":{"rendered":"Esp\u00edgol"},"content":{"rendered":"<table style=\"border-collapse: collapse; width: 100%; height: 643px;\">\n<tbody>\n<tr style=\"height: 32px;\">\n<td style=\"width: 50%; background-color: #ebe309; text-align: center; height: 32px;\"><strong>ESP\u00cdGOL<\/strong><\/td>\n<td style=\"width: 50%; background-color: #11a106; text-align: center; height: 32px;\"><strong>PLANTACI\u00d3<\/strong><\/td>\n<\/tr>\n<tr style=\"height: 32px;\">\n<td style=\"width: 50%; height: 224px; text-align: center;\" rowspan=\"7\"><a href=\"https:\/\/agora.xtec.cat\/escolasaavedra\/wp-content\/uploads\/usu587\/2023\/02\/espi\u0301gol.jpeg\"><img loading=\"lazy\" decoding=\"async\" class=\"alignnone wp-image-27940\" src=\"https:\/\/agora.xtec.cat\/escolasaavedra\/wp-content\/uploads\/usu587\/2023\/02\/espi\u0301gol.jpeg\" alt=\"\" width=\"197\" height=\"298\" srcset=\"https:\/\/agora.xtec.cat\/escolasaavedra\/wp-content\/uploads\/usu587\/2023\/02\/espi\u0301gol.jpeg 529w, https:\/\/agora.xtec.cat\/escolasaavedra\/wp-content\/uploads\/usu587\/2023\/02\/espi\u0301gol-198x300.jpeg 198w\" sizes=\"auto, (max-width: 197px) 100vw, 197px\" \/><\/a><\/td>\n<td style=\"width: 50%; height: 32px;\">La\u00a0Lavanda\u00a0\u00e9s una planta mediterr\u00e0nia, \u00e9s a dir, \u00e9s una que\u00a0creix quan fa calor i s&#8217;atura quan el temps refresca. Sabent aix\u00f2,\u00a0\u00e9s important tenir present que es podr\u00e0 plantar en qualsevol moment mentre duri la primavera, encara que s&#8217;aconsella fer-ho una vegada s&#8217;hagi establert aquesta, deixant les gelades enrere.<\/td>\n<\/tr>\n<tr style=\"height: 32px;\">\n<td style=\"width: 50%; height: 32px; background-color: #11a106; text-align: center;\"><strong>RECOL\u00b7LECCI\u00d3<\/strong><\/td>\n<\/tr>\n<tr style=\"height: 32px;\">\n<td style=\"width: 50%; height: 32px;\">La\u00a0Lavanda\u00a0\u00e9s una planta origin\u00e0ria de la regi\u00f3 mediterr\u00e0nia que\u00a0floreix durant gran part de l&#8217;any, Especialment a la primavera ia l&#8217;estiu. Per tant, podrem collir les seves flors en aquests mesos, pel que fa totes les flors de la mateixa tija s&#8217;hagin obert.<\/td>\n<\/tr>\n<tr style=\"height: 32px;\">\n<td style=\"width: 50%; height: 32px; background-color: #11a106; text-align: center;\"><strong>MARC DE PLANTACI\u00d3<\/strong><\/td>\n<\/tr>\n<tr style=\"height: 32px;\">\n<td style=\"width: 50%; height: 32px;\">0.8 m entre files x 0.7 m. dins la fila.<\/td>\n<\/tr>\n<tr style=\"height: 32px;\">\n<td style=\"width: 50%; height: 32px; background-color: #11a106; text-align: center;\"><strong>EXPOSICI\u00d3<\/strong><\/td>\n<\/tr>\n<tr style=\"height: 32px;\">\n<td style=\"width: 50%; height: 32px;\">Habita terrenys calcaris, secs, pobres i asolellats.<\/td>\n<\/tr>\n<tr style=\"height: 32px;\">\n<td style=\"width: 50%; height: 32px; background-color: #292ff0; text-align: center;\"><span style=\"color: #ffffff;\"><strong>NOM CIENT\u00cdFIC<\/strong><\/span><\/td>\n<td style=\"width: 50%; height: 32px; background-color: #cf0606; text-align: center;\"><span style=\"color: #ffffff;\"><strong>PLAGUES I MALALTIES<\/strong><\/span><\/td>\n<\/tr>\n<tr style=\"height: 32px;\">\n<td style=\"width: 50%; height: 32px; text-align: center;\">Lavandula angustifolia<\/td>\n<td style=\"width: 50%; height: 160px;\" rowspan=\"5\">La lavanda \u00e9s una planta\u00a0<em>de<\/em>\u00a0aroma caracter\u00edstica, aut\u00f2ctona mediterr\u00e0nia, que rarament l&#8217;afecten\u00a0<em>malalties<\/em>\u00a0i\u00a0<em>plagues<\/em>.<\/td>\n<\/tr>\n<tr style=\"height: 32px;\">\n<td style=\"width: 50%; height: 32px; background-color: #292ff0; text-align: center;\"><strong><span style=\"color: #ffffff;\">NOM (castell\u00e0)<\/span><\/strong><\/td>\n<\/tr>\n<tr style=\"height: 32px;\">\n<td style=\"width: 50%; height: 32px; text-align: center;\">Lavanda<\/td>\n<\/tr>\n<tr style=\"height: 32px;\">\n<td style=\"width: 50%; height: 32px; background-color: #292ff0; text-align: center;\"><span style=\"color: #ffffff;\"><strong>NOM (angl\u00e8s)<\/strong><\/span><\/td>\n<\/tr>\n<tr style=\"height: 32px;\">\n<td style=\"width: 50%; height: 32px; text-align: center;\">Lavender<\/td>\n<\/tr>\n<tr style=\"height: 32px;\">\n<td style=\"width: 50%; height: 32px; background-color: #292ff0; text-align: center;\"><span style=\"color: #ffffff;\"><strong>FAM\u00cdLIA<\/strong><\/span><\/td>\n<td style=\"width: 50%; height: 32px; background-color: #cf0606; text-align: center;\"><span style=\"color: #ffffff;\"><strong>PROPIETATS NUTRITIVES<\/strong><\/span><\/td>\n<\/tr>\n<tr style=\"height: 32px;\">\n<td style=\"width: 50%; height: 35px; text-align: center;\">Lamiaceae<\/td>\n<td style=\"width: 50%; height: 99px;\" rowspan=\"3\">L\u2019Esp\u00edgol \u00e9s una planta medicinal utilitzada com a remei per calmar la ansietat, tractar l\u2019insomni i alleujar el mal de cap o migranya. Trobem els principis actius a la flor, amb propietats relaxants, antis\u00e8ptiques, analg\u00e8siques i antiinflamat\u00f2ries. \u00c9s una planta altament arom\u00e0tica i es coneix tamb\u00e9 amb el nom de Lavanda.<\/td>\n<\/tr>\n<tr style=\"height: 32px;\">\n<td style=\"width: 50%; height: 32px; background-color: #292ff0; text-align: center;\"><strong><span style=\"color: #ffffff;\">ORIGEN<\/span><\/strong><\/td>\n<\/tr>\n<tr style=\"height: 32px;\">\n<td style=\"width: 50%; height: 32px; text-align: left;\">El seu\u00a0<em>origen<\/em> \u00e9s de l&#8217;oest de la conca mediterr\u00e0nia.<\/td>\n<\/tr>\n<tr style=\"height: 32px;\">\n<td style=\"width: 50%; height: 32px; background-color: #000000; text-align: center;\" colspan=\"2\"><span style=\"color: #ffffff;\"><strong>CURIOSITATS<\/strong><\/span><\/td>\n<\/tr>\n<tr style=\"height: 32px;\">\n<td style=\"width: 50%; height: 32px;\" colspan=\"2\">Les flors arom\u00e0tiques s&#8217;utilitzen per fer medicaments i col\u00f2nies i en l&#8217;agricultura ecol\u00f3gica es fan servir per substituir els pesticides i repelents en els cultius.<br \/>\nSi guardes la flor de l&#8217;esp\u00edgol entre la roba, a m\u00e9s d&#8217;obtenir un ambientador natural per\u00a0repel-lir\u00a0les arnes. Tot i que ser\u00e0 encara m\u00e9s efectiva si es combina amb roman\u00ed i absenta. A m\u00e9s, l&#8217;esp\u00edgol \u00e9s una planta medicinal molt utilitzada. Qui sap, despr\u00e9s de conrear l&#8217;esp\u00edgol igual t&#8217;animes amb un \u00a0b\u00e0lsam de llavis de lavanda i mirra \u00a0casol\u00e0 o un t\u00f2nic de lavanda i \u00e0loe vera \u00a0astringent.&nbsp;<\/td>\n<\/tr>\n<\/tbody>\n<\/table>\n","protected":false},"excerpt":{"rendered":"<p>ESP\u00cdGOL PLANTACI\u00d3 La\u00a0Lavanda\u00a0\u00e9s una planta mediterr\u00e0nia, \u00e9s a dir, \u00e9s una que\u00a0creix quan fa calor i s&#8217;atura quan el temps refresca. Sabent aix\u00f2,\u00a0\u00e9s important tenir present que es podr\u00e0 plantar en qualsevol moment mentre duri la primavera, encara que s&#8217;aconsella fer-ho una vegada s&#8217;hagi establert aquesta, deixant les gelades enrere. RECOL\u00b7LECCI\u00d3 La\u00a0Lavanda\u00a0\u00e9s una planta origin\u00e0ria [&hellip;]<\/p>\n","protected":false},"author":3,"featured_media":0,"parent":25342,"menu_order":0,"comment_status":"closed","ping_status":"closed","template":"page-templates\/side-menu.php","meta":{"_bbp_topic_count":0,"_bbp_reply_count":0,"_bbp_total_topic_count":0,"_bbp_total_reply_count":0,"_bbp_voice_count":0,"_bbp_anonymous_reply_count":0,"_bbp_topic_count_hidden":0,"_bbp_reply_count_hidden":0,"_bbp_forum_subforum_count":0,"site-sidebar-layout":"default","site-content-layout":"","ast-site-content-layout":"","site-content-style":"default","site-sidebar-style":"default","ast-global-header-display":"","ast-banner-title-visibility":"","ast-main-header-display":"","ast-hfb-above-header-display":"","ast-hfb-below-header-display":"","ast-hfb-mobile-header-display":"","site-post-title":"","ast-breadcrumbs-content":"","ast-featured-img":"","footer-sml-layout":"","theme-transparent-header-meta":"","adv-header-id-meta":"","stick-header-meta":"","header-above-stick-meta":"","header-main-stick-meta":"","header-below-stick-meta":"","astra-migrate-meta-layouts":"default","ast-page-background-enabled":"default","ast-page-background-meta":{"desktop":{"background-color":"var(--ast-global-color-4)","background-image":"","background-repeat":"repeat","background-position":"center center","background-size":"auto","background-attachment":"scroll","background-type":"","background-media":"","overlay-type":"","overlay-color":"","overlay-opacity":"","overlay-gradient":""},"tablet":{"background-color":"","background-image":"","background-repeat":"repeat","background-position":"center center","background-size":"auto","background-attachment":"scroll","background-type":"","background-media":"","overlay-type":"","overlay-color":"","overlay-opacity":"","overlay-gradient":""},"mobile":{"background-color":"","background-image":"","background-repeat":"repeat","background-position":"center center","background-size":"auto","background-attachment":"scroll","background-type":"","background-media":"","overlay-type":"","overlay-color":"","overlay-opacity":"","overlay-gradient":""}},"ast-content-background-meta":{"desktop":{"background-color":"var(--ast-global-color-5)","background-image":"","background-repeat":"repeat","background-position":"center center","background-size":"auto","background-attachment":"scroll","background-type":"","background-media":"","overlay-type":"","overlay-color":"","overlay-opacity":"","overlay-gradient":""},"tablet":{"background-color":"var(--ast-global-color-5)","background-image":"","background-repeat":"repeat","background-position":"center center","background-size":"auto","background-attachment":"scroll","background-type":"","background-media":"","overlay-type":"","overlay-color":"","overlay-opacity":"","overlay-gradient":""},"mobile":{"background-color":"var(--ast-global-color-5)","background-image":"","background-repeat":"repeat","background-position":"center center","background-size":"auto","background-attachment":"scroll","background-type":"","background-media":"","overlay-type":"","overlay-color":"","overlay-opacity":"","overlay-gradient":""}},"footnotes":""},"class_list":["post-25418","page","type-page","status-publish","hentry"],"post_mailing_queue_ids":[],"_links":{"self":[{"href":"https:\/\/agora.xtec.cat\/escolasaavedra\/wp-json\/wp\/v2\/pages\/25418","targetHints":{"allow":["GET"]}}],"collection":[{"href":"https:\/\/agora.xtec.cat\/escolasaavedra\/wp-json\/wp\/v2\/pages"}],"about":[{"href":"https:\/\/agora.xtec.cat\/escolasaavedra\/wp-json\/wp\/v2\/types\/page"}],"author":[{"embeddable":true,"href":"https:\/\/agora.xtec.cat\/escolasaavedra\/wp-json\/wp\/v2\/users\/3"}],"replies":[{"embeddable":true,"href":"https:\/\/agora.xtec.cat\/escolasaavedra\/wp-json\/wp\/v2\/comments?post=25418"}],"version-history":[{"count":3,"href":"https:\/\/agora.xtec.cat\/escolasaavedra\/wp-json\/wp\/v2\/pages\/25418\/revisions"}],"predecessor-version":[{"id":27941,"href":"https:\/\/agora.xtec.cat\/escolasaavedra\/wp-json\/wp\/v2\/pages\/25418\/revisions\/27941"}],"up":[{"embeddable":true,"href":"https:\/\/agora.xtec.cat\/escolasaavedra\/wp-json\/wp\/v2\/pages\/25342"}],"wp:attachment":[{"href":"https:\/\/agora.xtec.cat\/escolasaavedra\/wp-json\/wp\/v2\/media?parent=25418"}],"curies":[{"name":"wp","href":"https:\/\/api.w.org\/{rel}","templated":true}]}}