{"id":21728,"date":"2020-06-10T12:49:54","date_gmt":"2020-06-10T10:49:54","guid":{"rendered":"https:\/\/agora.xtec.cat\/escolasaavedra\/?page_id=21728"},"modified":"2020-06-10T12:57:35","modified_gmt":"2020-06-10T10:57:35","slug":"crear-el-codi-amb-arduinoblocks","status":"publish","type":"page","link":"https:\/\/agora.xtec.cat\/escolasaavedra\/semafor\/crear-el-codi-de-programacio\/crear-el-codi-amb-arduinoblocks\/","title":{"rendered":"Crear el codi amb ArduinoBlocks"},"content":{"rendered":"<p style=\"padding-left: 80px;\">1. Accedir al web d\u2019<a href=\"http:\/\/www.arduinoblocks.com\" target=\"_blank\" rel=\"noopener noreferrer\">Arduinoblocks<\/a><\/p>\n<p style=\"padding-left: 80px;\">2. Cliquem a INICIAR SESSI\u00d3<\/p>\n<p style=\"padding-left: 80px;\">3. Escrivim el nostre usuari i paraula de pas o crearem un compte nou.<\/p>\n<p style=\"padding-left: 160px;\">Si tenim compte, clicarem a INICIAR SESSI\u00d3<br \/>\nSi no tenim compte, clicarem a NOU USUARI<\/p>\n<p style=\"padding-left: 80px;\">4. Un cop validats, clicarem a COMEN\u00c7AR UN NOU PROJECTE<\/p>\n<p style=\"padding-left: 80px;\">5. Iniciarem un PROJECTE PERSONAL<\/p>\n<p style=\"padding-left: 80px;\">6. Escollim a TIPUS DE PROJECTE \u2192\u00a0ARDUINO UNO<\/p>\n<p style=\"padding-left: 160px;\">Completarem les dades que ens demana<br \/>\nClicarem a NOU PROJECTE<\/p>\n<p style=\"padding-left: 80px;\">7. Ja hem accedit al web de programaci\u00f3.<\/p>\n<p style=\"padding-left: 160px;\">Ara caldr\u00e0 construir el codi<\/p>\n<p style=\"padding-left: 80px;\">8. Construir el codi amb els blocs que hi ha a cada \u201ccalaix\u201d<\/p>\n<p style=\"padding-left: 80px;\">9. Connectar l\u2019Arduino a l\u2019ordinador amb el cable USB<\/p>\n<p style=\"padding-left: 80px;\">10. Per connectar l\u2019Arduino a ArduinBlocks cal clicar a l\u2019engranatge<\/p>\n<p style=\"padding-left: 80px;\">11. Ens demanar\u00e0 instal\u00b7lar el plug-in. Clicarem per descarregar-lo i l\u2019instal\u00b7lem a l\u2019ordinador.<\/p>\n<p style=\"padding-left: 160px;\">Caldr\u00e0 escollir l\u2019opci\u00f3 adient segons\u00a0el nostre sistema operatiu<\/p>\n<p style=\"padding-left: 80px;\">12. Un cop baixat, instal\u00b7lat i executat el plug-in, ens hauria de sortir autom\u00e0ticament el nostre sistema operatiu a la finestra.<\/p>\n<p style=\"padding-left: 160px;\">Clicarem a GUARDAR<\/p>\n<p style=\"padding-left: 80px;\">13. Clicarem a PUJAR i ja ho tindrem llest<\/p>\n","protected":false},"excerpt":{"rendered":"<p>1. Accedir al web d\u2019Arduinoblocks 2. Cliquem a INICIAR SESSI\u00d3 3. Escrivim el nostre usuari i paraula de pas o crearem un compte nou. Si tenim compte, clicarem a INICIAR SESSI\u00d3 Si no tenim compte, clicarem a NOU USUARI 4. Un cop validats, clicarem a COMEN\u00c7AR UN NOU PROJECTE 5. Iniciarem un PROJECTE PERSONAL 6. [&hellip;]<\/p>\n","protected":false},"author":3,"featured_media":0,"parent":21743,"menu_order":10,"comment_status":"closed","ping_status":"closed","template":"page-templates\/side-menu.php","meta":{"_bbp_topic_count":0,"_bbp_reply_count":0,"_bbp_total_topic_count":0,"_bbp_total_reply_count":0,"_bbp_voice_count":0,"_bbp_anonymous_reply_count":0,"_bbp_topic_count_hidden":0,"_bbp_reply_count_hidden":0,"_bbp_forum_subforum_count":0,"site-sidebar-layout":"default","site-content-layout":"","ast-site-content-layout":"","site-content-style":"default","site-sidebar-style":"default","ast-global-header-display":"","ast-banner-title-visibility":"","ast-main-header-display":"","ast-hfb-above-header-display":"","ast-hfb-below-header-display":"","ast-hfb-mobile-header-display":"","site-post-title":"","ast-breadcrumbs-content":"","ast-featured-img":"","footer-sml-layout":"","theme-transparent-header-meta":"","adv-header-id-meta":"","stick-header-meta":"","header-above-stick-meta":"","header-main-stick-meta":"","header-below-stick-meta":"","astra-migrate-meta-layouts":"default","ast-page-background-enabled":"default","ast-page-background-meta":{"desktop":{"background-color":"var(--ast-global-color-4)","background-image":"","background-repeat":"repeat","background-position":"center center","background-size":"auto","background-attachment":"scroll","background-type":"","background-media":"","overlay-type":"","overlay-color":"","overlay-opacity":"","overlay-gradient":""},"tablet":{"background-color":"","background-image":"","background-repeat":"repeat","background-position":"center center","background-size":"auto","background-attachment":"scroll","background-type":"","background-media":"","overlay-type":"","overlay-color":"","overlay-opacity":"","overlay-gradient":""},"mobile":{"background-color":"","background-image":"","background-repeat":"repeat","background-position":"center center","background-size":"auto","background-attachment":"scroll","background-type":"","background-media":"","overlay-type":"","overlay-color":"","overlay-opacity":"","overlay-gradient":""}},"ast-content-background-meta":{"desktop":{"background-color":"var(--ast-global-color-5)","background-image":"","background-repeat":"repeat","background-position":"center center","background-size":"auto","background-attachment":"scroll","background-type":"","background-media":"","overlay-type":"","overlay-color":"","overlay-opacity":"","overlay-gradient":""},"tablet":{"background-color":"var(--ast-global-color-5)","background-image":"","background-repeat":"repeat","background-position":"center center","background-size":"auto","background-attachment":"scroll","background-type":"","background-media":"","overlay-type":"","overlay-color":"","overlay-opacity":"","overlay-gradient":""},"mobile":{"background-color":"var(--ast-global-color-5)","background-image":"","background-repeat":"repeat","background-position":"center center","background-size":"auto","background-attachment":"scroll","background-type":"","background-media":"","overlay-type":"","overlay-color":"","overlay-opacity":"","overlay-gradient":""}},"footnotes":""},"class_list":["post-21728","page","type-page","status-publish","hentry"],"post_mailing_queue_ids":[],"_links":{"self":[{"href":"https:\/\/agora.xtec.cat\/escolasaavedra\/wp-json\/wp\/v2\/pages\/21728","targetHints":{"allow":["GET"]}}],"collection":[{"href":"https:\/\/agora.xtec.cat\/escolasaavedra\/wp-json\/wp\/v2\/pages"}],"about":[{"href":"https:\/\/agora.xtec.cat\/escolasaavedra\/wp-json\/wp\/v2\/types\/page"}],"author":[{"embeddable":true,"href":"https:\/\/agora.xtec.cat\/escolasaavedra\/wp-json\/wp\/v2\/users\/3"}],"replies":[{"embeddable":true,"href":"https:\/\/agora.xtec.cat\/escolasaavedra\/wp-json\/wp\/v2\/comments?post=21728"}],"version-history":[{"count":3,"href":"https:\/\/agora.xtec.cat\/escolasaavedra\/wp-json\/wp\/v2\/pages\/21728\/revisions"}],"predecessor-version":[{"id":21745,"href":"https:\/\/agora.xtec.cat\/escolasaavedra\/wp-json\/wp\/v2\/pages\/21728\/revisions\/21745"}],"up":[{"embeddable":true,"href":"https:\/\/agora.xtec.cat\/escolasaavedra\/wp-json\/wp\/v2\/pages\/21743"}],"wp:attachment":[{"href":"https:\/\/agora.xtec.cat\/escolasaavedra\/wp-json\/wp\/v2\/media?parent=21728"}],"curies":[{"name":"wp","href":"https:\/\/api.w.org\/{rel}","templated":true}]}}