{"id":204,"date":"2008-01-29T10:57:55","date_gmt":"2008-01-29T09:57:55","guid":{"rendered":"http:\/\/blocs.xtec.cat\/saavedra\/com-es-la-nostra-escola\/"},"modified":"2008-01-29T10:57:55","modified_gmt":"2008-01-29T09:57:55","slug":"com-es-la-nostra-escola","status":"publish","type":"page","link":"https:\/\/agora.xtec.cat\/escolasaavedra\/com-es-la-nostra-escola\/","title":{"rendered":"COM \u00c9S LA NOSTRA ESCOLA?"},"content":{"rendered":"<p style=\"text-align: justify;\"><strong><a href=\"http:\/\/agora.xtec.cat\/escolasaavedra\/wp-content\/uploads\/usu587\/2008\/01\/Foto.jpg\"><img loading=\"lazy\" decoding=\"async\" class=\"alignright wp-image-1233 size-medium\" src=\"http:\/\/agora.xtec.cat\/escolasaavedra\/wp-content\/uploads\/usu587\/2008\/01\/Foto-300x194.jpg\" alt=\"Foto\" width=\"300\" height=\"194\" srcset=\"https:\/\/agora.xtec.cat\/escolasaavedra\/wp-content\/uploads\/usu587\/2008\/01\/Foto-300x194.jpg 300w, https:\/\/agora.xtec.cat\/escolasaavedra\/wp-content\/uploads\/usu587\/2008\/01\/Foto.jpg 960w\" sizes=\"auto, (max-width: 300px) 100vw, 300px\" \/><\/a><\/strong>L\u2019Escola Saavedra \u00e9s un centre p\u00fablic depenent del Departament d\u2019Ensenyament de la Generalitat de Catalunya.<\/p>\n<p style=\"text-align: justify;\">El seu empla\u00e7ament es a la part Alta de Tarragona, just al costat de les Muralles.<br \/>\nDisposem d\u2019unes instal\u00b7lacions modernes i adaptades als reptes i exig\u00e8ncies d\u2019una escola del segle XXI.<\/p>\n<p style=\"text-align: justify;\">Treballem valors d\u2019una societat actual, catalana i sota el marc democr\u00e0tic vetllant pels trets identitaris del nostre pa\u00eds: llibertat, toler\u00e0ncia, respecte, solidaritat i multidiversitat.<\/p>\n<p style=\"text-align: justify;\">Defensem una educaci\u00f3 integral dels nostres nens i nenes en tot el camp competencial: intel\u00b7lectual, social, afectiu, emocional, cognitiu&#8230; Respectem i valorem la diversitat de les fam\u00edlies que enriqueixen l\u2019educaci\u00f3 dels nostres alumnes com a membres integrants d\u2019una societat cada vegada m\u00e9s global.<\/p>\n<p style=\"text-align: justify;\">Compaginem pr\u00e0ctiques educatives innovadores amb una aposta en ferm per l\u2019\u00fas de les tecnologies de la<br \/>\ninformaci\u00f3.<em><br \/>\n<\/em><\/p>\n<p><a href=\"http:\/\/agora.xtec.cat\/escolasaavedra\/wp-content\/uploads\/usu587\/2008\/01\/proyecte.jpg\"><img loading=\"lazy\" decoding=\"async\" class=\"aligncenter  wp-image-1240\" src=\"http:\/\/agora.xtec.cat\/escolasaavedra\/wp-content\/uploads\/usu587\/2008\/01\/proyecte-300x216.jpg\" alt=\"proyecte\" width=\"6\" height=\"4\" srcset=\"https:\/\/agora.xtec.cat\/escolasaavedra\/wp-content\/uploads\/usu587\/2008\/01\/proyecte-300x250.jpg 300w, https:\/\/agora.xtec.cat\/escolasaavedra\/wp-content\/uploads\/usu587\/2008\/01\/proyecte-200x150.jpg 200w, https:\/\/agora.xtec.cat\/escolasaavedra\/wp-content\/uploads\/usu587\/2008\/01\/proyecte.jpg 936w\" sizes=\"auto, (max-width: 6px) 100vw, 6px\" \/><\/a><a href=\"http:\/\/agora.xtec.cat\/escolasaavedra\/wp-content\/uploads\/usu587\/2008\/01\/proyecte.jpg\"><img loading=\"lazy\" decoding=\"async\" class=\"aligncenter size-full wp-image-1240\" src=\"http:\/\/agora.xtec.cat\/escolasaavedra\/wp-content\/uploads\/usu587\/2008\/01\/proyecte.jpg\" alt=\"proyecte\" width=\"936\" height=\"674\" srcset=\"https:\/\/agora.xtec.cat\/escolasaavedra\/wp-content\/uploads\/usu587\/2008\/01\/proyecte.jpg 936w, https:\/\/agora.xtec.cat\/escolasaavedra\/wp-content\/uploads\/usu587\/2008\/01\/proyecte-300x216.jpg 300w\" sizes=\"auto, (max-width: 936px) 100vw, 936px\" \/><\/a><strong>TRETS QUE ENS IDENTIFIQUEN<\/strong><\/p>\n<p style=\"text-align: justify;\"><strong>Escola participativa\u00a0\u00a0\u00a0\u00a0\u00a0\u00a0\u00a0\u00a0\u00a0\u00a0\u00a0\u00a0\u00a0\u00a0\u00a0\u00a0\u00a0\u00a0\u00a0\u00a0\u00a0\u00a0\u00a0\u00a0\u00a0\u00a0\u00a0\u00a0\u00a0\u00a0\u00a0\u00a0\u00a0\u00a0\u00a0\u00a0\u00a0\u00a0\u00a0\u00a0\u00a0\u00a0\u00a0\u00a0\u00a0\u00a0\u00a0\u00a0\u00a0\u00a0\u00a0\u00a0\u00a0\u00a0\u00a0\u00a0\u00a0\u00a0\u00a0\u00a0\u00a0\u00a0\u00a0\u00a0\u00a0\u00a0\u00a0\u00a0\u00a0\u00a0\u00a0\u00a0\u00a0\u00a0\u00a0\u00a0\u00a0\u00a0\u00a0\u00a0\u00a0\u00a0\u00a0\u00a0\u00a0\u00a0\u00a0\u00a0\u00a0\u00a0\u00a0\u00a0\u00a0\u00a0\u00a0\u00a0\u00a0\u00a0\u00a0\u00a0\u00a0\u00a0\u00a0\u00a0\u00a0\u00a0\u00a0\u00a0\u00a0\u00a0 \u00a0\u00a0<\/strong> El\u00a0 di\u00e0leg i la participaci\u00f3 s\u00f3n fonamentals en el funcionament de l\u2019escola. La tasca educativa es fonamenta en la interrelaci\u00f3 entre les persones, en el respecte mutu, l&#8217;intercanvi de parers, la reflexi\u00f3, la col\u2022laboraci\u00f3 i la solidaritat.<\/p>\n<p style=\"text-align: justify;\"><strong>Escola pluralista i inclusiva<\/strong><br \/>\nLaica i respectuosa amb la manera de pensar i de fer de cada fam\u00edlia pel que fa a la religi\u00f3, la ideologia, la tend\u00e8ncia sindical o pol\u00edtica&#8230;. Tothom hi t\u00e9 cabuda, sense discriminaci\u00f3 per ra\u00f3 de g\u00e8nere, \u00e8tnia, creences&#8230; La difer\u00e8ncia i la diversitat s\u00f3n sin\u00f2nims d&#8217;enriquiment mutu. L&#8217;escola ha d&#8217;ajudar a cadasc\u00fa a ser el qu\u00e8 \u00e9s i el qu\u00e8 vol ser.<a href=\"http:\/\/agora.xtec.cat\/escolasaavedra\/wp-content\/uploads\/usu587\/2008\/01\/Foto-2.jpg\"><img loading=\"lazy\" decoding=\"async\" class=\"alignright wp-image-1241 size-medium\" src=\"http:\/\/agora.xtec.cat\/escolasaavedra\/wp-content\/uploads\/usu587\/2008\/01\/Foto-2-300x202.jpg\" alt=\"Foto 2\" width=\"300\" height=\"202\" \/><\/a><\/p>\n<p style=\"text-align: justify;\"><strong>Escola arrelada a la realitat personal<\/strong><br \/>\nQue ajuda a cada persona a con\u00e8ixer i a desenvolupar les pr\u00f2pies capacitats, la creativitat, el sentit cr\u00edtic i tamb\u00e9 el sentit de la responsabilitat social, siguin quines siguin les circumst\u00e0ncies personals de cadasc\u00fa.<\/p>\n<p style=\"text-align: justify;\"><strong>Escola relacionada i oberta a l\u2019entorn<\/strong><br \/>\nRelacionada amb el barri, que parteix de la realitat social concreta que viuen els nens i les nenes. Que ajuda a con\u00e8ixer, estimar i respectar l&#8217;entorn pr\u00f2xim, com a cam\u00ed per con\u00e8ixer, estimar i respectar l&#8217;entorn m\u00e9s allunyat.<\/p>\n<p style=\"text-align: justify;\"><strong>Escola coeducativa<\/strong><br \/>\nUna manera de fer que d\u00f3na l&#8217;oportunitat de desenvolupar al m\u00e0xim les pr\u00f2pies capacitats, fugint dels estereotips de g\u00e8nere.<\/p>\n<p style=\"text-align: justify;\"><strong>LA NOSTRA METODOLOGIA<\/strong><\/p>\n<p style=\"text-align: justify;\"><a href=\"http:\/\/agora.xtec.cat\/escolasaavedra\/wp-content\/uploads\/usu587\/2008\/01\/Metodologia-2.jpg\"><img loading=\"lazy\" decoding=\"async\" class=\"aligncenter size-full wp-image-1245\" src=\"http:\/\/agora.xtec.cat\/escolasaavedra\/wp-content\/uploads\/usu587\/2008\/01\/Metodologia-2.jpg\" alt=\"Metodologia 2\" width=\"857\" height=\"720\" srcset=\"https:\/\/agora.xtec.cat\/escolasaavedra\/wp-content\/uploads\/usu587\/2008\/01\/Metodologia-2.jpg 857w, https:\/\/agora.xtec.cat\/escolasaavedra\/wp-content\/uploads\/usu587\/2008\/01\/Metodologia-2-300x252.jpg 300w\" sizes=\"auto, (max-width: 857px) 100vw, 857px\" \/><\/a><\/p>\n","protected":false},"excerpt":{"rendered":"<p>L\u2019Escola Saavedra \u00e9s un centre p\u00fablic depenent del Departament d\u2019Ensenyament de la Generalitat de Catalunya. El seu empla\u00e7ament es a la part Alta de Tarragona, just al costat de les Muralles. Disposem d\u2019unes instal\u00b7lacions modernes i adaptades als reptes i exig\u00e8ncies d\u2019una escola del segle XXI. Treballem valors d\u2019una societat actual, catalana i sota el [&hellip;]<\/p>\n","protected":false},"author":1,"featured_media":0,"parent":0,"menu_order":0,"comment_status":"open","ping_status":"open","template":"","meta":{"_bbp_topic_count":0,"_bbp_reply_count":0,"_bbp_total_topic_count":0,"_bbp_total_reply_count":0,"_bbp_voice_count":0,"_bbp_anonymous_reply_count":0,"_bbp_topic_count_hidden":0,"_bbp_reply_count_hidden":0,"_bbp_forum_subforum_count":0,"site-sidebar-layout":"default","site-content-layout":"","ast-site-content-layout":"","site-content-style":"default","site-sidebar-style":"default","ast-global-header-display":"","ast-banner-title-visibility":"","ast-main-header-display":"","ast-hfb-above-header-display":"","ast-hfb-below-header-display":"","ast-hfb-mobile-header-display":"","site-post-title":"","ast-breadcrumbs-content":"","ast-featured-img":"","footer-sml-layout":"","theme-transparent-header-meta":"","adv-header-id-meta":"","stick-header-meta":"","header-above-stick-meta":"","header-main-stick-meta":"","header-below-stick-meta":"","astra-migrate-meta-layouts":"default","ast-page-background-enabled":"default","ast-page-background-meta":{"desktop":{"background-color":"var(--ast-global-color-4)","background-image":"","background-repeat":"repeat","background-position":"center center","background-size":"auto","background-attachment":"scroll","background-type":"","background-media":"","overlay-type":"","overlay-color":"","overlay-opacity":"","overlay-gradient":""},"tablet":{"background-color":"","background-image":"","background-repeat":"repeat","background-position":"center center","background-size":"auto","background-attachment":"scroll","background-type":"","background-media":"","overlay-type":"","overlay-color":"","overlay-opacity":"","overlay-gradient":""},"mobile":{"background-color":"","background-image":"","background-repeat":"repeat","background-position":"center center","background-size":"auto","background-attachment":"scroll","background-type":"","background-media":"","overlay-type":"","overlay-color":"","overlay-opacity":"","overlay-gradient":""}},"ast-content-background-meta":{"desktop":{"background-color":"var(--ast-global-color-5)","background-image":"","background-repeat":"repeat","background-position":"center center","background-size":"auto","background-attachment":"scroll","background-type":"","background-media":"","overlay-type":"","overlay-color":"","overlay-opacity":"","overlay-gradient":""},"tablet":{"background-color":"var(--ast-global-color-5)","background-image":"","background-repeat":"repeat","background-position":"center center","background-size":"auto","background-attachment":"scroll","background-type":"","background-media":"","overlay-type":"","overlay-color":"","overlay-opacity":"","overlay-gradient":""},"mobile":{"background-color":"var(--ast-global-color-5)","background-image":"","background-repeat":"repeat","background-position":"center center","background-size":"auto","background-attachment":"scroll","background-type":"","background-media":"","overlay-type":"","overlay-color":"","overlay-opacity":"","overlay-gradient":""}},"footnotes":""},"class_list":["post-204","page","type-page","status-publish","hentry"],"post_mailing_queue_ids":[],"_links":{"self":[{"href":"https:\/\/agora.xtec.cat\/escolasaavedra\/wp-json\/wp\/v2\/pages\/204","targetHints":{"allow":["GET"]}}],"collection":[{"href":"https:\/\/agora.xtec.cat\/escolasaavedra\/wp-json\/wp\/v2\/pages"}],"about":[{"href":"https:\/\/agora.xtec.cat\/escolasaavedra\/wp-json\/wp\/v2\/types\/page"}],"author":[{"embeddable":true,"href":"https:\/\/agora.xtec.cat\/escolasaavedra\/wp-json\/wp\/v2\/users\/1"}],"replies":[{"embeddable":true,"href":"https:\/\/agora.xtec.cat\/escolasaavedra\/wp-json\/wp\/v2\/comments?post=204"}],"version-history":[{"count":0,"href":"https:\/\/agora.xtec.cat\/escolasaavedra\/wp-json\/wp\/v2\/pages\/204\/revisions"}],"wp:attachment":[{"href":"https:\/\/agora.xtec.cat\/escolasaavedra\/wp-json\/wp\/v2\/media?parent=204"}],"curies":[{"name":"wp","href":"https:\/\/api.w.org\/{rel}","templated":true}]}}