{"id":532,"date":"2017-10-03T13:19:01","date_gmt":"2017-10-03T11:19:01","guid":{"rendered":"http:\/\/agora.xtec.cat\/escolarubendario\/?page_id=532"},"modified":"2026-02-11T19:32:57","modified_gmt":"2026-02-11T18:32:57","slug":"equip-docent","status":"publish","type":"page","link":"https:\/\/agora.xtec.cat\/escolarubendario\/equip-docent\/","title":{"rendered":"Equip docent i PAS."},"content":{"rendered":"<p><strong>EQUIP DIRECTIU:<\/strong><\/p>\n<p>Director: Miguel<\/p>\n<p>Cap d&#8217;estudis: Maria<\/p>\n<p>Secret\u00e0ria Acad\u00e8mica: M\u00f2nica<\/p>\n<p>&nbsp;<\/p>\n<p><strong>EDUCACI\u00d3 INFANTIL:<\/strong><\/p>\n<p>Grup Blau: Ainhoa<\/p>\n<p>Grup Verd: Vero<\/p>\n<p>Grup Groc: Pilar<\/p>\n<p>Suport: M\u00f2nica, Mireia A., Anna B., Mar<\/p>\n<p>&nbsp;<\/p>\n<p><strong>EDUCACI\u00d3 PRIM\u00c0RIA:<\/strong><\/p>\n<p>1r: Dani<\/p>\n<p>2n: Mireia<\/p>\n<p>3r: Anna G. i Inma<\/p>\n<p>4t: Chrys<\/p>\n<p><span style=\"font-family: inherit; font-size: 1em;\">5\u00e8: Eva<\/span><\/p>\n<p>6\u00e8: Manel<\/p>\n<p>Angl\u00e8s: Anna B.<\/p>\n<p>Educaci\u00f3 F\u00edsica i Psicomotricitat: Carlos<\/p>\n<p>M\u00fasica i Dansa: Roc\u00edo<\/p>\n<p>Religi\u00f3 Cat\u00f2lica: Cristina<\/p>\n<p>Suports: Patricia, Elena, Cristina, Ana T., Anna B., Elida, Maria, M\u00f2nica i Miguel.<\/p>\n<p>&nbsp;<\/p>\n<p><strong>PAS:<\/strong><\/p>\n<p>TEI: Mar<\/p>\n<p>Conserge: Debora<\/p>\n<p>Administrativa: Maribel<\/p>\n<p>&nbsp;<\/p>\n<p><strong>SERVEIS EXTERNS:<\/strong><\/p>\n<p>T\u00e8cnic d&#8217;Integraci\u00f3 Social: Montse<\/p>\n<p>Educador Social: Axel<\/p>\n<p>SSAE: Alba<\/p>\n<p>Vetlladora: Maitte<\/p>\n<p>EAP: Marina (Psicopedagoga), Alex (Fisioter\u00e0pia) i Vanessa (Treballadora Social)<\/p>\n<p>Col\u00b7laboraci\u00f3 i l\u00ednies d&#8217;actuaci\u00f3 conjuntes amb CRETDIC, CEEPSIR i CREDA<\/p>\n<p>&nbsp;<\/p>\n<p><strong>EQUIP MONITORATGE DE L&#8217;ESPAI MENJADOR:<\/strong><\/p>\n<p>Coordinaci\u00f3: Marta<\/p>\n<p>Atenci\u00f3 al menjador i Office: Elisabeth<\/p>\n","protected":false},"excerpt":{"rendered":"<p>EQUIP DIRECTIU: Director: Miguel Cap d&#8217;estudis: Maria Secret\u00e0ria Acad\u00e8mica: M\u00f2nica &nbsp; EDUCACI\u00d3 INFANTIL: Grup Blau: Ainhoa Grup Verd: Vero Grup Groc: Pilar Suport: M\u00f2nica, Mireia A., Anna B., Mar &nbsp; EDUCACI\u00d3 PRIM\u00c0RIA: 1r: Dani 2n: Mireia 3r: Anna G. i Inma 4t: Chrys 5\u00e8: Eva 6\u00e8: Manel Angl\u00e8s: Anna B. Educaci\u00f3 F\u00edsica i Psicomotricitat: Carlos [&hellip;]<\/p>\n","protected":false},"author":1,"featured_media":0,"parent":0,"menu_order":0,"comment_status":"closed","ping_status":"closed","template":"","meta":{"_bbp_topic_count":0,"_bbp_reply_count":0,"_bbp_total_topic_count":0,"_bbp_total_reply_count":0,"_bbp_voice_count":0,"_bbp_anonymous_reply_count":0,"_bbp_topic_count_hidden":0,"_bbp_reply_count_hidden":0,"_bbp_forum_subforum_count":0,"site-sidebar-layout":"default","site-content-layout":"","ast-site-content-layout":"default","site-content-style":"default","site-sidebar-style":"default","ast-global-header-display":"","ast-banner-title-visibility":"","ast-main-header-display":"","ast-hfb-above-header-display":"","ast-hfb-below-header-display":"","ast-hfb-mobile-header-display":"","site-post-title":"","ast-breadcrumbs-content":"","ast-featured-img":"","footer-sml-layout":"","theme-transparent-header-meta":"default","adv-header-id-meta":"","stick-header-meta":"","header-above-stick-meta":"","header-main-stick-meta":"","header-below-stick-meta":"","astra-migrate-meta-layouts":"set","ast-page-background-enabled":"default","ast-page-background-meta":{"desktop":{"background-color":"var(--ast-global-color-4)","background-image":"","background-repeat":"repeat","background-position":"center center","background-size":"auto","background-attachment":"scroll","background-type":"","background-media":"","overlay-type":"","overlay-color":"","overlay-opacity":"","overlay-gradient":""},"tablet":{"background-color":"","background-image":"","background-repeat":"repeat","background-position":"center center","background-size":"auto","background-attachment":"scroll","background-type":"","background-media":"","overlay-type":"","overlay-color":"","overlay-opacity":"","overlay-gradient":""},"mobile":{"background-color":"","background-image":"","background-repeat":"repeat","background-position":"center center","background-size":"auto","background-attachment":"scroll","background-type":"","background-media":"","overlay-type":"","overlay-color":"","overlay-opacity":"","overlay-gradient":""}},"ast-content-background-meta":{"desktop":{"background-color":"var(--ast-global-color-5)","background-image":"","background-repeat":"repeat","background-position":"center center","background-size":"auto","background-attachment":"scroll","background-type":"","background-media":"","overlay-type":"","overlay-color":"","overlay-opacity":"","overlay-gradient":""},"tablet":{"background-color":"var(--ast-global-color-5)","background-image":"","background-repeat":"repeat","background-position":"center center","background-size":"auto","background-attachment":"scroll","background-type":"","background-media":"","overlay-type":"","overlay-color":"","overlay-opacity":"","overlay-gradient":""},"mobile":{"background-color":"var(--ast-global-color-5)","background-image":"","background-repeat":"repeat","background-position":"center center","background-size":"auto","background-attachment":"scroll","background-type":"","background-media":"","overlay-type":"","overlay-color":"","overlay-opacity":"","overlay-gradient":""}},"footnotes":""},"class_list":["post-532","page","type-page","status-publish","hentry"],"post_mailing_queue_ids":[],"_links":{"self":[{"href":"https:\/\/agora.xtec.cat\/escolarubendario\/wp-json\/wp\/v2\/pages\/532","targetHints":{"allow":["GET"]}}],"collection":[{"href":"https:\/\/agora.xtec.cat\/escolarubendario\/wp-json\/wp\/v2\/pages"}],"about":[{"href":"https:\/\/agora.xtec.cat\/escolarubendario\/wp-json\/wp\/v2\/types\/page"}],"author":[{"embeddable":true,"href":"https:\/\/agora.xtec.cat\/escolarubendario\/wp-json\/wp\/v2\/users\/1"}],"replies":[{"embeddable":true,"href":"https:\/\/agora.xtec.cat\/escolarubendario\/wp-json\/wp\/v2\/comments?post=532"}],"version-history":[{"count":6,"href":"https:\/\/agora.xtec.cat\/escolarubendario\/wp-json\/wp\/v2\/pages\/532\/revisions"}],"predecessor-version":[{"id":3630,"href":"https:\/\/agora.xtec.cat\/escolarubendario\/wp-json\/wp\/v2\/pages\/532\/revisions\/3630"}],"wp:attachment":[{"href":"https:\/\/agora.xtec.cat\/escolarubendario\/wp-json\/wp\/v2\/media?parent=532"}],"curies":[{"name":"wp","href":"https:\/\/api.w.org\/{rel}","templated":true}]}}