{"id":4153,"date":"2021-03-23T20:31:26","date_gmt":"2021-03-23T19:31:26","guid":{"rendered":"http:\/\/agora.xtec.cat\/escolarosaoriol\/?page_id=4153"},"modified":"2026-03-25T15:38:10","modified_gmt":"2026-03-25T14:38:10","slug":"consell-escolar","status":"publish","type":"page","link":"https:\/\/agora.xtec.cat\/escolarosaoriol\/consell-escolar\/","title":{"rendered":"Consell Escolar"},"content":{"rendered":"<p style=\"text-align: justify;\">El\u00a0<strong>Consell Escola<\/strong>r (CE)\u00a0 \u00e9s el m\u00e0xim \u00f2rgan de govern de l\u2019escola on hi ha els representats tots els estaments. El formen l\u2019Equip Directiu\u00a0 i els representants dels diferents sectors de la comunitat educativa (mestres, fam\u00edlies, ajuntament -regidoria d&#8217;educaci\u00f3- , AFA i PAS). \u00c9s presidit per la direcci\u00f3 del centre.<\/p>\n<p>Els representants surten elegits per votaci\u00f3. Els anys parells hi ha eleccions\u00a0 per a la renovaci\u00f3 de representants de cada sector.<\/p>\n<p style=\"text-align: justify;\"><strong>Les funcions del Consell Escolar<\/strong><\/p>\n<ul style=\"list-style-type: disc;\">\n<li style=\"text-align: justify;\">Aprovar el pressupost del centre, fer-ne el seguiment\u00a0 i aprovar-ne la liquidaci\u00f3.<\/li>\n<li style=\"text-align: justify;\">Aprovar el projecte educatiu i les modificacions corresponents.<\/li>\n<li style=\"text-align: justify;\">Aprovar la programaci\u00f3 general anual del centre i la mem\u00f2ria anual.<\/li>\n<li style=\"text-align: justify;\">Aprovar les propostes d\u2019acords de corresponsabilitat, convenis o altres acords de col\u00b7laboraci\u00f3 del centre amb entitats o institucions.<\/li>\n<li style=\"text-align: justify;\">Aprovar les normes d\u2019organitzaci\u00f3 i funcionament del centre, aix\u00ed com les modificacions corresponents.<\/li>\n<li style=\"text-align: justify;\">Aprovar la carta de comprom\u00eds educatiu.<\/li>\n<li>Aprovar les directrius per a la programaci\u00f3 d\u2019activitats escolars complement\u00e0ries i d\u2019activitats extraescolars, i avaluar-ne el desenvolupament.<\/li>\n<li>Promoure la conservaci\u00f3 i renovaci\u00f3 de les instal\u00b7lacions i material escolar<\/li>\n<\/ul>\n<p><em>ACTUALMENT EL CONSELL ESCOLAR EST\u00c0 FORMAT PER:<\/em><\/p>\n<p><strong>President:<\/strong> Josep G.<\/p>\n<p><strong>Cap d&#8217;estudis<\/strong>: Remei G.<\/p>\n<p><strong>Secretari<\/strong>: Marta J.<\/p>\n<p><strong>Sector fam\u00edlies<\/strong>: Ferran V, Emi M, Xavi M., Marina O., <span style=\"font-weight: 400;\">\u00a0i Davinia A.<\/span><\/p>\n<p><strong>Representant de l&#8217;AFA:<\/strong> Imma E.<\/p>\n<p><strong>Sector mestres:<\/strong> Maria A, Elisenda M., Sheila G, Eli I. <span style=\"font-weight: 400;\">Silvia C., Yes P.<\/span><\/p>\n<p><strong>Representant PAS:<\/strong> \u00c0lex L.<\/p>\n<p><strong>Representant Ajuntament<\/strong>: Fran S.<\/p>\n<p>Per saber-ne m\u00e9s podeu consultar aquest enlla\u00e7\u00a0<a href=\"https:\/\/educacio.gencat.cat\/ca\/arees-actuacio\/centres-serveis-educatius\/centres\/consells-escolars-centres\/\" target=\"_blank\" rel=\"noopener\">CONSELLS ESCOLARS de CENTRES<\/a><\/p>\n<p><a href=\"https:\/\/agora.xtec.cat\/escolarosaoriol\/wp-content\/uploads\/usu876\/2026\/03\/ACORDS-CONSELL-ESCOLAR-25-26-.pdf\" target=\"_blank\" rel=\"noopener\">2025-26_ACORDS del Consell Escolar<\/a><\/p>\n<p><a href=\"https:\/\/agora.xtec.cat\/escolarosaoriol\/wp-content\/uploads\/usu876\/2025\/10\/acords-2024-25.pdf\">2024-25- ACORDS del Consell Escolar<\/a><\/p>\n<p><a href=\"https:\/\/agora.xtec.cat\/escolarosaoriol\/wp-content\/uploads\/usu876\/2024\/07\/2023-24-ACORDS-CONSELLS-ESCOLARS-.pdf\">2023-24- ACORDS del Consell Escolar<\/a><\/p>\n<p><a href=\"https:\/\/agora.xtec.cat\/escolarosaoriol\/wp-content\/uploads\/usu876\/2023\/07\/2022-23-ACORDS-CONSELLS-ESCOLARS-.pdf\" target=\"_blank\" rel=\"noopener\">2022-2023 ACORDS del Consell Escolar<\/a><\/p>\n<p><a href=\"https:\/\/agora.xtec.cat\/escolarosaoriol\/wp-content\/uploads\/usu876\/2022\/09\/2021-22-ACORDS-CONSELLS-ESCOLARS-.pdf\" target=\"_blank\" rel=\"noopener\">2021-2022 ACORDS del consell Escolar<\/a><\/p>\n<p><a href=\"https:\/\/agora.xtec.cat\/escolarosaoriol\/wp-content\/uploads\/usu876\/2021\/12\/ACORDS-CONSELLS-ESCOLARS-CURS-2020-21-1.pdf\" target=\"_blank\" rel=\"noopener\">2020-2021 ACORDS del Consell Escolar<\/a><\/p>\n","protected":false},"excerpt":{"rendered":"<p>El\u00a0Consell Escolar (CE)\u00a0 \u00e9s el m\u00e0xim \u00f2rgan de govern de l\u2019escola on hi ha els representats tots els estaments. El formen l\u2019Equip Directiu\u00a0 i els representants dels diferents sectors de la comunitat educativa (mestres, fam\u00edlies, ajuntament -regidoria d&#8217;educaci\u00f3- , AFA i PAS). \u00c9s presidit per la direcci\u00f3 del centre. Els representants surten elegits per votaci\u00f3. [&hellip;]<\/p>\n","protected":false},"author":1,"featured_media":0,"parent":0,"menu_order":0,"comment_status":"closed","ping_status":"closed","template":"","meta":{"_bbp_topic_count":0,"_bbp_reply_count":0,"_bbp_total_topic_count":0,"_bbp_total_reply_count":0,"_bbp_voice_count":0,"_bbp_anonymous_reply_count":0,"_bbp_topic_count_hidden":0,"_bbp_reply_count_hidden":0,"_bbp_forum_subforum_count":0,"site-sidebar-layout":"default","site-content-layout":"","ast-site-content-layout":"default","site-content-style":"default","site-sidebar-style":"default","ast-global-header-display":"","ast-banner-title-visibility":"","ast-main-header-display":"","ast-hfb-above-header-display":"","ast-hfb-below-header-display":"","ast-hfb-mobile-header-display":"","site-post-title":"","ast-breadcrumbs-content":"","ast-featured-img":"","footer-sml-layout":"","theme-transparent-header-meta":"default","adv-header-id-meta":"","stick-header-meta":"","header-above-stick-meta":"","header-main-stick-meta":"","header-below-stick-meta":"","astra-migrate-meta-layouts":"set","ast-page-background-enabled":"default","ast-page-background-meta":{"desktop":{"background-color":"var(--ast-global-color-4)","background-image":"","background-repeat":"repeat","background-position":"center center","background-size":"auto","background-attachment":"scroll","background-type":"","background-media":"","overlay-type":"","overlay-color":"","overlay-opacity":"","overlay-gradient":""},"tablet":{"background-color":"","background-image":"","background-repeat":"repeat","background-position":"center center","background-size":"auto","background-attachment":"scroll","background-type":"","background-media":"","overlay-type":"","overlay-color":"","overlay-opacity":"","overlay-gradient":""},"mobile":{"background-color":"","background-image":"","background-repeat":"repeat","background-position":"center center","background-size":"auto","background-attachment":"scroll","background-type":"","background-media":"","overlay-type":"","overlay-color":"","overlay-opacity":"","overlay-gradient":""}},"ast-content-background-meta":{"desktop":{"background-color":"var(--ast-global-color-5)","background-image":"","background-repeat":"repeat","background-position":"center center","background-size":"auto","background-attachment":"scroll","background-type":"","background-media":"","overlay-type":"","overlay-color":"","overlay-opacity":"","overlay-gradient":""},"tablet":{"background-color":"var(--ast-global-color-5)","background-image":"","background-repeat":"repeat","background-position":"center center","background-size":"auto","background-attachment":"scroll","background-type":"","background-media":"","overlay-type":"","overlay-color":"","overlay-opacity":"","overlay-gradient":""},"mobile":{"background-color":"var(--ast-global-color-5)","background-image":"","background-repeat":"repeat","background-position":"center center","background-size":"auto","background-attachment":"scroll","background-type":"","background-media":"","overlay-type":"","overlay-color":"","overlay-opacity":"","overlay-gradient":""}},"footnotes":""},"class_list":["post-4153","page","type-page","status-publish","hentry"],"post_mailing_queue_ids":[],"_links":{"self":[{"href":"https:\/\/agora.xtec.cat\/escolarosaoriol\/wp-json\/wp\/v2\/pages\/4153","targetHints":{"allow":["GET"]}}],"collection":[{"href":"https:\/\/agora.xtec.cat\/escolarosaoriol\/wp-json\/wp\/v2\/pages"}],"about":[{"href":"https:\/\/agora.xtec.cat\/escolarosaoriol\/wp-json\/wp\/v2\/types\/page"}],"author":[{"embeddable":true,"href":"https:\/\/agora.xtec.cat\/escolarosaoriol\/wp-json\/wp\/v2\/users\/1"}],"replies":[{"embeddable":true,"href":"https:\/\/agora.xtec.cat\/escolarosaoriol\/wp-json\/wp\/v2\/comments?post=4153"}],"version-history":[{"count":6,"href":"https:\/\/agora.xtec.cat\/escolarosaoriol\/wp-json\/wp\/v2\/pages\/4153\/revisions"}],"predecessor-version":[{"id":9474,"href":"https:\/\/agora.xtec.cat\/escolarosaoriol\/wp-json\/wp\/v2\/pages\/4153\/revisions\/9474"}],"wp:attachment":[{"href":"https:\/\/agora.xtec.cat\/escolarosaoriol\/wp-json\/wp\/v2\/media?parent=4153"}],"curies":[{"name":"wp","href":"https:\/\/api.w.org\/{rel}","templated":true}]}}