{"id":478,"date":"2016-09-20T10:55:48","date_gmt":"2016-09-20T08:55:48","guid":{"rendered":"http:\/\/agora.xtec.cat\/escolaroncana\/?page_id=478"},"modified":"2020-05-11T01:51:28","modified_gmt":"2020-05-10T23:51:28","slug":"espais","status":"publish","type":"page","link":"https:\/\/agora.xtec.cat\/escolaroncana\/projectes-pedagogics\/espais\/","title":{"rendered":"Espais d&#8217;Educaci\u00f3 Infantil"},"content":{"rendered":"<p>A educaci\u00f3 infantil treballem per espais des del 2011. Fem espais quatre tardes a la setmana.<br \/>\nA cada espai som uns 15 nens i nenes de p3, p4 i p5.<\/p>\n<p>&nbsp;<\/p>\n<p><span style=\"color: #008000;\"><strong>Per\u00f2 qu\u00e8 s\u00f3n els espais?<\/strong><\/span><\/p>\n<p>Els espais d\u2019aprenentatge, creaci\u00f3 i experimentaci\u00f3 s\u00f3n un treball que consisteix en una manera diferent d\u2019organitzar els alumnes, l\u2019espai i els materials. Aquesta organitzaci\u00f3, que nosaltres anomenem espais, permet que cadasc\u00fa pugui ser el protagonista i el constructor del seu propi aprenentatge. Cada espai propicia uns aprenentatges concrets i en general fomenten el desenvolupament d&#8217;habilitats d&#8217;autonomia i socialitzaci\u00f3. Com a Mestres organitzem i els observem, els acompanyem i actuem com a model ling\u00fc\u00edstic per aconseguir el seu creixement com a persones.<\/p>\n<p>&nbsp;<\/p>\n<p><span style=\"color: #008000;\"><strong>Quins espais fem?<\/strong><\/span><\/p>\n<p>Acutalment fem quatre espais:<\/p>\n<p>Espai de <strong>L\u2019ENTORN<\/strong><\/p>\n<p><sup>Surto de classe i me\u2019n vaig a l\u2019hort, cuido i miro com creixen les plantes. Pel cam\u00ed oloro les plantes arom\u00e0tiques i observo els arbres. Descobreixo els cargols i altres animals.<\/sup><\/p>\n<p>Observar i manipular per experimentar i descobrir<\/p>\n<p><a href=\"https:\/\/agora.xtec.cat\/escolaroncana\/wp-content\/uploads\/usu1437\/2020\/05\/Diapositiva3.jpg\"><img loading=\"lazy\" decoding=\"async\" class=\"alignnone wp-image-3609\" src=\"https:\/\/agora.xtec.cat\/escolaroncana\/wp-content\/uploads\/usu1437\/2020\/05\/Diapositiva3.jpg\" alt=\"\" width=\"700\" height=\"525\" srcset=\"https:\/\/agora.xtec.cat\/escolaroncana\/wp-content\/uploads\/usu1437\/2020\/05\/Diapositiva3.jpg 960w, https:\/\/agora.xtec.cat\/escolaroncana\/wp-content\/uploads\/usu1437\/2020\/05\/Diapositiva3-300x225.jpg 300w, https:\/\/agora.xtec.cat\/escolaroncana\/wp-content\/uploads\/usu1437\/2020\/05\/Diapositiva3-768x576.jpg 768w, https:\/\/agora.xtec.cat\/escolaroncana\/wp-content\/uploads\/usu1437\/2020\/05\/Diapositiva3-200x150.jpg 200w\" sizes=\"auto, (max-width: 700px) 100vw, 700px\" \/><\/a><\/p>\n<p>Espai D\u2019<strong>EXPRESSI\u00d3 CORPORAL.<\/strong><\/p>\n<p><sup>La m\u00fasica, el moviment, les expressions&#8230; \u201cPuc ser un gos, un gat, un drac o un cavall, un cavaller, una princesa o tots dos alhora&#8230;\u201d<\/sup><\/p>\n<p>A un alumne si li parlem oblida, si li ensenyem recordar\u00e0 i si l\u2019involucrem aprendr\u00e0.<\/p>\n<p><a href=\"https:\/\/agora.xtec.cat\/escolaroncana\/wp-content\/uploads\/usu1437\/2020\/05\/Diapositiva1.jpg\"><img loading=\"lazy\" decoding=\"async\" class=\"alignnone wp-image-3607\" src=\"https:\/\/agora.xtec.cat\/escolaroncana\/wp-content\/uploads\/usu1437\/2020\/05\/Diapositiva1.jpg\" alt=\"\" width=\"700\" height=\"525\" srcset=\"https:\/\/agora.xtec.cat\/escolaroncana\/wp-content\/uploads\/usu1437\/2020\/05\/Diapositiva1.jpg 960w, https:\/\/agora.xtec.cat\/escolaroncana\/wp-content\/uploads\/usu1437\/2020\/05\/Diapositiva1-300x225.jpg 300w, https:\/\/agora.xtec.cat\/escolaroncana\/wp-content\/uploads\/usu1437\/2020\/05\/Diapositiva1-768x576.jpg 768w, https:\/\/agora.xtec.cat\/escolaroncana\/wp-content\/uploads\/usu1437\/2020\/05\/Diapositiva1-200x150.jpg 200w\" sizes=\"auto, (max-width: 700px) 100vw, 700px\" \/><\/a><\/p>\n<p>Espai de <strong>CREACI\u00d3<\/strong><\/p>\n<p><sup>\u201cToca, toca&#8230; \u00c9s fang! \u00c9s fred? Calent? Tou? Dur? I si faig aix\u00ed ser\u00e0 suau? Rug\u00f3s?&#8230;\u201d\u00a0<\/sup><sup>L\u2019aula est\u00e0 plena de material divers per a crear i experimentar.<\/sup><\/p>\n<p>L&#8217;art permet desenvolupar la creativitat i potenciar el desenvolupament f\u00edsic i mental.<\/p>\n<p><a href=\"https:\/\/agora.xtec.cat\/escolaroncana\/wp-content\/uploads\/usu1437\/2020\/05\/Diapositiva2.jpg\"><img loading=\"lazy\" decoding=\"async\" class=\"alignnone wp-image-3608\" src=\"https:\/\/agora.xtec.cat\/escolaroncana\/wp-content\/uploads\/usu1437\/2020\/05\/Diapositiva2.jpg\" alt=\"\" width=\"703\" height=\"527\" srcset=\"https:\/\/agora.xtec.cat\/escolaroncana\/wp-content\/uploads\/usu1437\/2020\/05\/Diapositiva2.jpg 960w, https:\/\/agora.xtec.cat\/escolaroncana\/wp-content\/uploads\/usu1437\/2020\/05\/Diapositiva2-300x225.jpg 300w, https:\/\/agora.xtec.cat\/escolaroncana\/wp-content\/uploads\/usu1437\/2020\/05\/Diapositiva2-768x576.jpg 768w, https:\/\/agora.xtec.cat\/escolaroncana\/wp-content\/uploads\/usu1437\/2020\/05\/Diapositiva2-200x150.jpg 200w\" sizes=\"auto, (max-width: 703px) 100vw, 703px\" \/><\/a><\/p>\n<p>Espai de <strong>LLUM I OMBRES<\/strong>.<\/p>\n<p><sup>Fosc, \u00e9s fosc, molt fosc. Per\u00f2 s\u00f3c valenta. D\u00f3na&#8217;m la m\u00e0&#8230; S\u00ed, el llum tamb\u00e9 el vull&#8230; Qu\u00e8 passar\u00e0 si poso el llum aqu\u00ed? I si faig aix\u00f2? Mira!<\/sup><\/p>\n<p>Segons Loris Malaguzzi cal ajudar als infants a materialitzar i desmaterialitzar la llum i el color fins a sentir-los dins i fora de si mateixos.<\/p>\n<p>&nbsp;<\/p>\n<p><a href=\"https:\/\/agora.xtec.cat\/escolaroncana\/wp-content\/uploads\/usu1437\/2020\/05\/Diapositiva4.jpg\"><img loading=\"lazy\" decoding=\"async\" class=\"alignnone wp-image-3610\" src=\"https:\/\/agora.xtec.cat\/escolaroncana\/wp-content\/uploads\/usu1437\/2020\/05\/Diapositiva4.jpg\" alt=\"\" width=\"701\" height=\"526\" srcset=\"https:\/\/agora.xtec.cat\/escolaroncana\/wp-content\/uploads\/usu1437\/2020\/05\/Diapositiva4.jpg 960w, https:\/\/agora.xtec.cat\/escolaroncana\/wp-content\/uploads\/usu1437\/2020\/05\/Diapositiva4-300x225.jpg 300w, https:\/\/agora.xtec.cat\/escolaroncana\/wp-content\/uploads\/usu1437\/2020\/05\/Diapositiva4-768x576.jpg 768w, https:\/\/agora.xtec.cat\/escolaroncana\/wp-content\/uploads\/usu1437\/2020\/05\/Diapositiva4-200x150.jpg 200w\" sizes=\"auto, (max-width: 701px) 100vw, 701px\" \/><\/a><\/p>\n","protected":false},"excerpt":{"rendered":"<p>A educaci\u00f3 infantil treballem per espais des del 2011. Fem espais quatre tardes a la setmana. A cada espai som uns 15 nens i nenes de p3, p4 i p5. &nbsp; Per\u00f2 qu\u00e8 s\u00f3n els espais? Els espais d\u2019aprenentatge, creaci\u00f3 i experimentaci\u00f3 s\u00f3n un treball que consisteix en una manera diferent d\u2019organitzar els alumnes, l\u2019espai [&hellip;]<\/p>\n","protected":false},"author":3,"featured_media":0,"parent":64,"menu_order":4,"comment_status":"closed","ping_status":"closed","template":"page-templates\/side-menu.php","meta":{"_bbp_topic_count":0,"_bbp_reply_count":0,"_bbp_total_topic_count":0,"_bbp_total_reply_count":0,"_bbp_voice_count":0,"_bbp_anonymous_reply_count":0,"_bbp_topic_count_hidden":0,"_bbp_reply_count_hidden":0,"_bbp_forum_subforum_count":0,"site-sidebar-layout":"default","site-content-layout":"","ast-site-content-layout":"","site-content-style":"default","site-sidebar-style":"default","ast-global-header-display":"","ast-banner-title-visibility":"","ast-main-header-display":"","ast-hfb-above-header-display":"","ast-hfb-below-header-display":"","ast-hfb-mobile-header-display":"","site-post-title":"","ast-breadcrumbs-content":"","ast-featured-img":"","footer-sml-layout":"","theme-transparent-header-meta":"","adv-header-id-meta":"","stick-header-meta":"","header-above-stick-meta":"","header-main-stick-meta":"","header-below-stick-meta":"","astra-migrate-meta-layouts":"default","ast-page-background-enabled":"default","ast-page-background-meta":{"desktop":{"background-color":"var(--ast-global-color-4)","background-image":"","background-repeat":"repeat","background-position":"center center","background-size":"auto","background-attachment":"scroll","background-type":"","background-media":"","overlay-type":"","overlay-color":"","overlay-opacity":"","overlay-gradient":""},"tablet":{"background-color":"","background-image":"","background-repeat":"repeat","background-position":"center center","background-size":"auto","background-attachment":"scroll","background-type":"","background-media":"","overlay-type":"","overlay-color":"","overlay-opacity":"","overlay-gradient":""},"mobile":{"background-color":"","background-image":"","background-repeat":"repeat","background-position":"center center","background-size":"auto","background-attachment":"scroll","background-type":"","background-media":"","overlay-type":"","overlay-color":"","overlay-opacity":"","overlay-gradient":""}},"ast-content-background-meta":{"desktop":{"background-color":"var(--ast-global-color-5)","background-image":"","background-repeat":"repeat","background-position":"center center","background-size":"auto","background-attachment":"scroll","background-type":"","background-media":"","overlay-type":"","overlay-color":"","overlay-opacity":"","overlay-gradient":""},"tablet":{"background-color":"var(--ast-global-color-5)","background-image":"","background-repeat":"repeat","background-position":"center center","background-size":"auto","background-attachment":"scroll","background-type":"","background-media":"","overlay-type":"","overlay-color":"","overlay-opacity":"","overlay-gradient":""},"mobile":{"background-color":"var(--ast-global-color-5)","background-image":"","background-repeat":"repeat","background-position":"center center","background-size":"auto","background-attachment":"scroll","background-type":"","background-media":"","overlay-type":"","overlay-color":"","overlay-opacity":"","overlay-gradient":""}},"footnotes":""},"class_list":["post-478","page","type-page","status-publish","hentry"],"post_mailing_queue_ids":[],"_links":{"self":[{"href":"https:\/\/agora.xtec.cat\/escolaroncana\/wp-json\/wp\/v2\/pages\/478","targetHints":{"allow":["GET"]}}],"collection":[{"href":"https:\/\/agora.xtec.cat\/escolaroncana\/wp-json\/wp\/v2\/pages"}],"about":[{"href":"https:\/\/agora.xtec.cat\/escolaroncana\/wp-json\/wp\/v2\/types\/page"}],"author":[{"embeddable":true,"href":"https:\/\/agora.xtec.cat\/escolaroncana\/wp-json\/wp\/v2\/users\/3"}],"replies":[{"embeddable":true,"href":"https:\/\/agora.xtec.cat\/escolaroncana\/wp-json\/wp\/v2\/comments?post=478"}],"version-history":[{"count":3,"href":"https:\/\/agora.xtec.cat\/escolaroncana\/wp-json\/wp\/v2\/pages\/478\/revisions"}],"predecessor-version":[{"id":3612,"href":"https:\/\/agora.xtec.cat\/escolaroncana\/wp-json\/wp\/v2\/pages\/478\/revisions\/3612"}],"up":[{"embeddable":true,"href":"https:\/\/agora.xtec.cat\/escolaroncana\/wp-json\/wp\/v2\/pages\/64"}],"wp:attachment":[{"href":"https:\/\/agora.xtec.cat\/escolaroncana\/wp-json\/wp\/v2\/media?parent=478"}],"curies":[{"name":"wp","href":"https:\/\/api.w.org\/{rel}","templated":true}]}}