{"id":13541,"date":"2024-02-02T10:14:29","date_gmt":"2024-02-02T09:14:29","guid":{"rendered":"https:\/\/agora.xtec.cat\/escolariudor\/?page_id=13541"},"modified":"2025-09-22T15:50:23","modified_gmt":"2025-09-22T13:50:23","slug":"altres-documents-i-autoritzacions","status":"publish","type":"page","link":"https:\/\/agora.xtec.cat\/escolariudor\/altres-documents-i-autoritzacions\/","title":{"rendered":"ALTRES DOCUMENTS I AUTORITZACIONS"},"content":{"rendered":"<p><a class=\"button normal\" style=\"padding: 1em; font-weight: 400; margin: 0.1em; color: white !important; background-color: #b03bba;\" href=\"https:\/\/agora.xtec.cat\/escolariudor\/wp-content\/uploads\/usu545\/2024\/05\/carta-de-compromis-2023-27.pdf\"><strong>Carta de comprom\u00eds<\/strong><\/a><\/p>\n<p>AUTORITZACIONS DE L&#8217;ESCOLA<\/p>\n<table style=\"border-collapse: collapse; width: 100%;\">\n<tbody>\n<tr>\n<td style=\"width: 100%;\"><a href=\"https:\/\/agora.xtec.cat\/escolariudor\/wp-content\/uploads\/usu545\/2025\/05\/INSTANCIA_GENERICA.pdf\">Inst\u00e0ncia Gen\u00e8rica<\/a><\/td>\n<\/tr>\n<tr>\n<td style=\"width: 100%;\"><a href=\"https:\/\/drive.google.com\/file\/d\/1JmdyOI9BEuHalz0QxBKZhQhaKZSwGDhi\/view?usp=sharing\">Autoritzaci\u00f3 de recollida d&#8217;alumnes per menors d&#8217;edat<\/a><\/td>\n<\/tr>\n<tr>\n<td style=\"width: 100%;\"><a href=\"https:\/\/drive.google.com\/file\/d\/0B-OLiX77h9wqaDJrNFF2VUNSVDg\/view?usp=sharing&amp;resourcekey=0-SRQeSY414FQYfs-DY38z_A\">Autoritzaci\u00f3 de recollida d&#8217;alumnes<\/a><\/td>\n<\/tr>\n<tr>\n<td style=\"width: 100%;\"><a href=\"https:\/\/agora.xtec.cat\/escolariudor\/wp-content\/uploads\/usu545\/2025\/05\/10.1_solicitud_autoritzacio_medicacio.pdf\">Autoritzaci\u00f3 administraci\u00f3 de medicaments<\/a><\/td>\n<\/tr>\n<tr>\n<td style=\"width: 100%;\"><a href=\"https:\/\/documentcloud.adobe.com\/gsuiteintegration\/index.html?state=%7B%22ids%22%3A%5B%221pdAtHUkLmnLLBxYPuaC0vdyTyImdLlcU%22%5D%2C%22action%22%3A%22open%22%2C%22userId%22%3A%22110302512584535764941%22%2C%22resourceKeys%22%3A%7B%7D%7D\" target=\"_blank\" rel=\"noopener\">Sol\u00b7licitud i autoritzaci\u00f3 1r<\/a><\/td>\n<\/tr>\n<tr>\n<td style=\"width: 100%;\">\u00a0<\/td>\n<\/tr>\n<\/tbody>\n<\/table>\n\n\n<p><\/p>\n","protected":false},"excerpt":{"rendered":"<p>Carta de comprom\u00eds AUTORITZACIONS DE L&#8217;ESCOLA Inst\u00e0ncia Gen\u00e8rica Autoritzaci\u00f3 de recollida d&#8217;alumnes per menors d&#8217;edat Autoritzaci\u00f3 de recollida d&#8217;alumnes Autoritzaci\u00f3 [&hellip;]<\/p>\n","protected":false},"author":1,"featured_media":0,"parent":0,"menu_order":0,"comment_status":"closed","ping_status":"closed","template":"","meta":{"_bbp_topic_count":0,"_bbp_reply_count":0,"_bbp_total_topic_count":0,"_bbp_total_reply_count":0,"_bbp_voice_count":0,"_bbp_anonymous_reply_count":0,"_bbp_topic_count_hidden":0,"_bbp_reply_count_hidden":0,"_bbp_forum_subforum_count":0,"site-sidebar-layout":"default","site-content-layout":"","ast-site-content-layout":"default","site-content-style":"default","site-sidebar-style":"default","ast-global-header-display":"","ast-banner-title-visibility":"","ast-main-header-display":"","ast-hfb-above-header-display":"","ast-hfb-below-header-display":"","ast-hfb-mobile-header-display":"","site-post-title":"","ast-breadcrumbs-content":"","ast-featured-img":"","footer-sml-layout":"","theme-transparent-header-meta":"","adv-header-id-meta":"","stick-header-meta":"","header-above-stick-meta":"","header-main-stick-meta":"","header-below-stick-meta":"","astra-migrate-meta-layouts":"set","ast-page-background-enabled":"default","ast-page-background-meta":{"desktop":{"background-color":"var(--ast-global-color-4)","background-image":"","background-repeat":"repeat","background-position":"center center","background-size":"auto","background-attachment":"scroll","background-type":"","background-media":"","overlay-type":"","overlay-color":"","overlay-opacity":"","overlay-gradient":""},"tablet":{"background-color":"","background-image":"","background-repeat":"repeat","background-position":"center center","background-size":"auto","background-attachment":"scroll","background-type":"","background-media":"","overlay-type":"","overlay-color":"","overlay-opacity":"","overlay-gradient":""},"mobile":{"background-color":"","background-image":"","background-repeat":"repeat","background-position":"center center","background-size":"auto","background-attachment":"scroll","background-type":"","background-media":"","overlay-type":"","overlay-color":"","overlay-opacity":"","overlay-gradient":""}},"ast-content-background-meta":{"desktop":{"background-color":"var(--ast-global-color-5)","background-image":"","background-repeat":"repeat","background-position":"center center","background-size":"auto","background-attachment":"scroll","background-type":"","background-media":"","overlay-type":"","overlay-color":"","overlay-opacity":"","overlay-gradient":""},"tablet":{"background-color":"var(--ast-global-color-5)","background-image":"","background-repeat":"repeat","background-position":"center center","background-size":"auto","background-attachment":"scroll","background-type":"","background-media":"","overlay-type":"","overlay-color":"","overlay-opacity":"","overlay-gradient":""},"mobile":{"background-color":"var(--ast-global-color-5)","background-image":"","background-repeat":"repeat","background-position":"center center","background-size":"auto","background-attachment":"scroll","background-type":"","background-media":"","overlay-type":"","overlay-color":"","overlay-opacity":"","overlay-gradient":""}},"footnotes":""},"class_list":["post-13541","page","type-page","status-publish","hentry"],"post_mailing_queue_ids":[],"_links":{"self":[{"href":"https:\/\/agora.xtec.cat\/escolariudor\/wp-json\/wp\/v2\/pages\/13541","targetHints":{"allow":["GET"]}}],"collection":[{"href":"https:\/\/agora.xtec.cat\/escolariudor\/wp-json\/wp\/v2\/pages"}],"about":[{"href":"https:\/\/agora.xtec.cat\/escolariudor\/wp-json\/wp\/v2\/types\/page"}],"author":[{"embeddable":true,"href":"https:\/\/agora.xtec.cat\/escolariudor\/wp-json\/wp\/v2\/users\/1"}],"replies":[{"embeddable":true,"href":"https:\/\/agora.xtec.cat\/escolariudor\/wp-json\/wp\/v2\/comments?post=13541"}],"version-history":[{"count":6,"href":"https:\/\/agora.xtec.cat\/escolariudor\/wp-json\/wp\/v2\/pages\/13541\/revisions"}],"predecessor-version":[{"id":15978,"href":"https:\/\/agora.xtec.cat\/escolariudor\/wp-json\/wp\/v2\/pages\/13541\/revisions\/15978"}],"wp:attachment":[{"href":"https:\/\/agora.xtec.cat\/escolariudor\/wp-json\/wp\/v2\/media?parent=13541"}],"curies":[{"name":"wp","href":"https:\/\/api.w.org\/{rel}","templated":true}]}}