{"id":11244,"date":"2022-01-19T07:40:54","date_gmt":"2022-01-19T06:40:54","guid":{"rendered":"https:\/\/agora.xtec.cat\/escolariudor\/?page_id=11244"},"modified":"2025-10-20T10:58:29","modified_gmt":"2025-10-20T08:58:29","slug":"documents","status":"publish","type":"page","link":"https:\/\/agora.xtec.cat\/escolariudor\/documents\/","title":{"rendered":"DOCUMENTS"},"content":{"rendered":"\n<p class=\"has-ast-global-color-1-background-color has-background\"><a class=\"button normal\" style=\"padding: 1em; font-weight: 400; margin: 0.1em; color: white !important; background-color: #b03bba;\" href=\"https:\/\/agora.xtec.cat\/escolariudor\/wp-content\/uploads\/usu545\/2024\/06\/PEC-2024-ESCOLA-RIU-DOR.pdf\"><strong>PEC (Projecte Educatiu de centre)<\/strong><\/a><\/p>\n\n\n\n<p class=\"has-ast-global-color-1-background-color has-background\"><a class=\"button normal\" style=\"padding: 1em; font-weight: 400; margin: 0.1em; color: white !important; background-color: #b03bba;\" href=\"https:\/\/agora.xtec.cat\/escolariudor\/wp-content\/uploads\/usu545\/2025\/05\/PROJECTE-DE-DIRECCIO-Somriu-Som-Riu-Som-Riu-dOr.pdf\"><strong>Nou Projecte de<\/strong><strong> Direcci\u00f3 (Resum)<\/strong><\/a><\/p>\n\n\n\n<p class=\"has-text-align-left has-ast-global-color-1-background-color has-background\"><a class=\"button normal\" style=\"padding: 1em; font-weight: 400; margin: 0.1em; color: white !important; background-color: #b03bba;\" href=\"https:\/\/drive.google.com\/file\/d\/13YHSqSXaWpiGhGMFeGxbIHdnW2xmdmag\/view?usp=sharing\"><strong>PLC (Projecte Ling\u00fc\u00edstic de centre)<\/strong><\/a><\/p>\n\n\n\n<p class=\"has-ast-global-color-1-background-color has-background\"><a class=\"button normal\" style=\"padding: 1em; font-weight: 400; margin: 0.1em; color: white !important; background-color: #b03bba;\" href=\"https:\/\/agora.xtec.cat\/escolariudor\/nof\/\"><strong>NOFC (Normes d&#8217;organitzaci\u00f3 i funcionament de centre)<\/strong><\/a><\/p>\n\n\n\n<p class=\"has-ast-global-color-1-background-color has-background\"><a class=\"button normal\" style=\"padding: 1em; font-weight: 400; margin: 0.1em; color: white !important; background-color: #b03bba;\" href=\"https:\/\/agora.xtec.cat\/escolariudor\/estrategia-digital\/\"><strong>Estrat\u00e8gia Digital de centre<\/strong><\/a><\/p>\n\n\n\n<p class=\"has-text-align-left has-white-color has-ast-global-color-1-background-color has-text-color has-background has-link-color wp-elements-c8c77e51fc5d9e7fd963d2d9cb575c32\">        <strong>  <a href=\"https:\/\/docs.google.com\/document\/d\/1oF1_v5Yh22DsneZqmve_v0geQmkptrNWrBYHM2bIiGU\/edit?usp=sharing\">Projecte Esportiu<\/a><\/strong><\/p>\n\n\n\n<p class=\"has-ast-global-color-1-background-color has-background\"><a class=\"button normal\" style=\"padding: 1em; font-weight: 400; margin: 0.1em; color: white !important; background-color: #b03bba;\" href=\"https:\/\/agora.xtec.cat\/escolariudor\/altres-documents-i-autoritzacions\/\"><strong>Altres documents i autoritzacions<\/strong><\/a><\/p>\n\n\n\n<p class=\"has-ast-global-color-1-background-color has-background\"><a class=\"button normal\" style=\"padding: 1em; font-weight: 400; margin: 0.1em; color: white !important; background-color: #b03bba;\" href=\"https:\/\/agora.xtec.cat\/escolariudor\/protocols\/\"><strong>Protocols<\/strong><\/a><\/p>\n\n\n\n<p class=\"has-ast-global-color-1-background-color has-background\"><a class=\"button normal\" style=\"padding: 1em; font-weight: 400; margin: 0.1em; color: white !important; background-color: #b03bba;\" href=\"https:\/\/agora.xtec.cat\/escolariudor\/?page_id=13601&amp;preview=true\"><strong>Acords Consell Escolar<\/strong><\/a><\/p>\n","protected":false},"excerpt":{"rendered":"<p>PEC (Projecte Educatiu de centre) Nou Projecte de Direcci\u00f3 (Resum) PLC (Projecte Ling\u00fc\u00edstic de centre) NOFC (Normes d&#8217;organitzaci\u00f3 i funcionament [&hellip;]<\/p>\n","protected":false},"author":71,"featured_media":0,"parent":0,"menu_order":0,"comment_status":"closed","ping_status":"closed","template":"","meta":{"_bbp_topic_count":0,"_bbp_reply_count":0,"_bbp_total_topic_count":0,"_bbp_total_reply_count":0,"_bbp_voice_count":0,"_bbp_anonymous_reply_count":0,"_bbp_topic_count_hidden":0,"_bbp_reply_count_hidden":0,"_bbp_forum_subforum_count":0,"site-sidebar-layout":"no-sidebar","site-content-layout":"","ast-site-content-layout":"default","site-content-style":"default","site-sidebar-style":"default","ast-global-header-display":"","ast-banner-title-visibility":"","ast-main-header-display":"","ast-hfb-above-header-display":"","ast-hfb-below-header-display":"","ast-hfb-mobile-header-display":"","site-post-title":"","ast-breadcrumbs-content":"","ast-featured-img":"","footer-sml-layout":"","theme-transparent-header-meta":"","adv-header-id-meta":"","stick-header-meta":"","header-above-stick-meta":"","header-main-stick-meta":"","header-below-stick-meta":"","astra-migrate-meta-layouts":"set","ast-page-background-enabled":"default","ast-page-background-meta":{"desktop":{"background-color":"var(--ast-global-color-4)","background-image":"","background-repeat":"repeat","background-position":"center center","background-size":"auto","background-attachment":"scroll","background-type":"","background-media":"","overlay-type":"","overlay-color":"","overlay-opacity":"","overlay-gradient":""},"tablet":{"background-color":"","background-image":"","background-repeat":"repeat","background-position":"center center","background-size":"auto","background-attachment":"scroll","background-type":"","background-media":"","overlay-type":"","overlay-color":"","overlay-opacity":"","overlay-gradient":""},"mobile":{"background-color":"","background-image":"","background-repeat":"repeat","background-position":"center center","background-size":"auto","background-attachment":"scroll","background-type":"","background-media":"","overlay-type":"","overlay-color":"","overlay-opacity":"","overlay-gradient":""}},"ast-content-background-meta":{"desktop":{"background-color":"var(--ast-global-color-5)","background-image":"","background-repeat":"repeat","background-position":"center center","background-size":"auto","background-attachment":"scroll","background-type":"","background-media":"","overlay-type":"","overlay-color":"","overlay-opacity":"","overlay-gradient":""},"tablet":{"background-color":"var(--ast-global-color-5)","background-image":"","background-repeat":"repeat","background-position":"center center","background-size":"auto","background-attachment":"scroll","background-type":"","background-media":"","overlay-type":"","overlay-color":"","overlay-opacity":"","overlay-gradient":""},"mobile":{"background-color":"var(--ast-global-color-5)","background-image":"","background-repeat":"repeat","background-position":"center center","background-size":"auto","background-attachment":"scroll","background-type":"","background-media":"","overlay-type":"","overlay-color":"","overlay-opacity":"","overlay-gradient":""}},"footnotes":""},"class_list":["post-11244","page","type-page","status-publish","hentry"],"post_mailing_queue_ids":[],"_links":{"self":[{"href":"https:\/\/agora.xtec.cat\/escolariudor\/wp-json\/wp\/v2\/pages\/11244","targetHints":{"allow":["GET"]}}],"collection":[{"href":"https:\/\/agora.xtec.cat\/escolariudor\/wp-json\/wp\/v2\/pages"}],"about":[{"href":"https:\/\/agora.xtec.cat\/escolariudor\/wp-json\/wp\/v2\/types\/page"}],"author":[{"embeddable":true,"href":"https:\/\/agora.xtec.cat\/escolariudor\/wp-json\/wp\/v2\/users\/71"}],"replies":[{"embeddable":true,"href":"https:\/\/agora.xtec.cat\/escolariudor\/wp-json\/wp\/v2\/comments?post=11244"}],"version-history":[{"count":6,"href":"https:\/\/agora.xtec.cat\/escolariudor\/wp-json\/wp\/v2\/pages\/11244\/revisions"}],"predecessor-version":[{"id":15820,"href":"https:\/\/agora.xtec.cat\/escolariudor\/wp-json\/wp\/v2\/pages\/11244\/revisions\/15820"}],"wp:attachment":[{"href":"https:\/\/agora.xtec.cat\/escolariudor\/wp-json\/wp\/v2\/media?parent=11244"}],"curies":[{"name":"wp","href":"https:\/\/api.w.org\/{rel}","templated":true}]}}