{"id":726,"date":"2024-10-09T13:56:14","date_gmt":"2024-10-09T11:56:14","guid":{"rendered":"https:\/\/agora.xtec.cat\/escolariudellots\/?page_id=726"},"modified":"2025-10-01T15:49:15","modified_gmt":"2025-10-01T13:49:15","slug":"reunions-inici-de-curs","status":"publish","type":"page","link":"https:\/\/agora.xtec.cat\/escolariudellots\/serveis\/reunions-inici-de-curs\/","title":{"rendered":"Reunions fam\u00edlies inici de curs 25-26"},"content":{"rendered":"\n<ul class=\"wp-block-list\">\n<li>REUNI\u00d3 EDUCACI\u00d3 INFANTIL (I3, I4 i I5): dijous 4 de setembre a les 17:30h<\/li>\n\n\n\n<li>REUNI\u00d3 CICLE INICIAL (1r, 2n): dimarts 9 de setembre a les 16:45h<\/li>\n\n\n\n<li>REUNI\u00d3 CICLE MITJ\u00c0 (3r, 4t): dijous 18 de setembre a les 16:45h<\/li>\n\n\n\n<li>REUNI\u00d3 CICLE SUPERIOR (5\u00e8, 6\u00e8): dimecres 17 de setembre a les 16:45h<\/li>\n<\/ul>\n\n\n\n<div data-wp-interactive=\"core\/file\" class=\"wp-block-file\"><object data-wp-bind--hidden=\"!state.hasPdfPreview\" hidden class=\"wp-block-file__embed\" data=\"https:\/\/agora.xtec.cat\/escolariudellots\/wp-content\/uploads\/usu3050\/2025\/09\/EDUCACIO-INFANTIL_compressed.pdf\" type=\"application\/pdf\" style=\"width:100%;height:540px\" aria-label=\"Incrustaci\u00f3 del fitxer EDUCACI\u00d3 INFANTIL_compressed.\"><\/object><a id=\"wp-block-file--media-0f6efc3f-600e-414d-afce-0d14d1cf073b\" href=\"https:\/\/agora.xtec.cat\/escolariudellots\/wp-content\/uploads\/usu3050\/2025\/09\/EDUCACIO-INFANTIL_compressed.pdf\">EDUCACI\u00d3 INFANTIL_compressed<\/a><a href=\"https:\/\/agora.xtec.cat\/escolariudellots\/wp-content\/uploads\/usu3050\/2025\/09\/EDUCACIO-INFANTIL_compressed.pdf\" class=\"wp-block-file__button wp-element-button\" download aria-describedby=\"wp-block-file--media-0f6efc3f-600e-414d-afce-0d14d1cf073b\">Baixa<\/a><\/div>\n\n\n\n<div data-wp-interactive=\"core\/file\" class=\"wp-block-file\"><object data-wp-bind--hidden=\"!state.hasPdfPreview\" hidden class=\"wp-block-file__embed\" data=\"https:\/\/agora.xtec.cat\/escolariudellots\/wp-content\/uploads\/usu3050\/2025\/09\/CICLE-INICIAL_compressed.pdf\" type=\"application\/pdf\" style=\"width:100%;height:500px\" aria-label=\"Incrustaci\u00f3 del fitxer CICLE INICIAL_compressed.\"><\/object><a id=\"wp-block-file--media-f6456fed-4f23-4b5c-827c-e44187ecb85c\" href=\"https:\/\/agora.xtec.cat\/escolariudellots\/wp-content\/uploads\/usu3050\/2025\/09\/CICLE-INICIAL_compressed.pdf\">CICLE INICIAL_compressed<\/a><a href=\"https:\/\/agora.xtec.cat\/escolariudellots\/wp-content\/uploads\/usu3050\/2025\/09\/CICLE-INICIAL_compressed.pdf\" class=\"wp-block-file__button wp-element-button\" download aria-describedby=\"wp-block-file--media-f6456fed-4f23-4b5c-827c-e44187ecb85c\">Baixa<\/a><\/div>\n\n\n\n<div data-wp-interactive=\"core\/file\" class=\"wp-block-file\"><object data-wp-bind--hidden=\"!state.hasPdfPreview\" hidden class=\"wp-block-file__embed\" data=\"https:\/\/agora.xtec.cat\/escolariudellots\/wp-content\/uploads\/usu3050\/2025\/09\/REUNIO-DE-FAMILIES-25-26-CM_compressed.pdf\" type=\"application\/pdf\" style=\"width:100%;height:510px\" aria-label=\"Incrustaci\u00f3 del fitxer REUNI\u00d3 DE FAM\u00cdLIES 25-26 CM_compressed.\"><\/object><a id=\"wp-block-file--media-6b41f732-1ea8-4a55-9e85-0cadfaabbef7\" href=\"https:\/\/agora.xtec.cat\/escolariudellots\/wp-content\/uploads\/usu3050\/2025\/09\/REUNIO-DE-FAMILIES-25-26-CM_compressed.pdf\">REUNI\u00d3 DE FAM\u00cdLIES 25-26 CM_compressed<\/a><a href=\"https:\/\/agora.xtec.cat\/escolariudellots\/wp-content\/uploads\/usu3050\/2025\/09\/REUNIO-DE-FAMILIES-25-26-CM_compressed.pdf\" class=\"wp-block-file__button wp-element-button\" download aria-describedby=\"wp-block-file--media-6b41f732-1ea8-4a55-9e85-0cadfaabbef7\">Baixa<\/a><\/div>\n\n\n\n<div data-wp-interactive=\"core\/file\" class=\"wp-block-file\"><object data-wp-bind--hidden=\"!state.hasPdfPreview\" hidden class=\"wp-block-file__embed\" data=\"https:\/\/agora.xtec.cat\/escolariudellots\/wp-content\/uploads\/usu3050\/2025\/09\/Presentacio-families-CS-2526_compressed.pdf\" type=\"application\/pdf\" style=\"width:100%;height:520px\" aria-label=\"Incrustaci\u00f3 del fitxer Presentaci\u00f3 fam\u00edlies CS 2526_compressed.\"><\/object><a id=\"wp-block-file--media-de354d2d-cfbb-493d-91c4-4ea7e9181905\" href=\"https:\/\/agora.xtec.cat\/escolariudellots\/wp-content\/uploads\/usu3050\/2025\/09\/Presentacio-families-CS-2526_compressed.pdf\">Presentaci\u00f3 fam\u00edlies CS 2526_compressed<\/a><a href=\"https:\/\/agora.xtec.cat\/escolariudellots\/wp-content\/uploads\/usu3050\/2025\/09\/Presentacio-families-CS-2526_compressed.pdf\" class=\"wp-block-file__button wp-element-button\" download aria-describedby=\"wp-block-file--media-de354d2d-cfbb-493d-91c4-4ea7e9181905\">Baixa<\/a><\/div>\n","protected":false},"excerpt":{"rendered":"<ul class=\"wp-block-list\">\n<li>REUNI\u00d3 EDUCACI\u00d3 INFANTIL (I3, I4 i I5): dijous 4 de setembre a les 17:30h<\/li>\n<li>REUNI\u00d3 CICLE INICIAL (1r, 2n): dimarts 9 de setembre a les 16:45h<\/li>\n<li>REUNI\u00d3 CICLE MITJ\u00c0 (3r, 4t): dijous 18 de setembre a les 16:45h<\/li>\n<li>REUNI\u00d3 CICLE SUPERIOR (5\u00e8, 6\u00e8): dimecres 17 de setembre&hellip;  <a href=\"https:\/\/agora.xtec.cat\/escolariudellots\/serveis\/reunions-inici-de-curs\/\" title=\"Read Reunions fam\u00edlies inici de curs 25-26\">Llegeix m\u00e9s\u00bb<\/a><br \/>\n","protected":false},"author":1,"featured_media":0,"parent":66,"menu_order":0,"comment_status":"closed","ping_status":"close","template":"","meta":{"footnotes":""},"class_list":["post-726","page","type-page","status-publish","hentry"],"post_mailing_queue_ids":[],"_links":{"self":[{"href":"https:\/\/agora.xtec.cat\/escolariudellots\/wp-json\/wp\/v2\/pages\/726","targetHints":{"allow":["GET"]}}],"collection":[{"href":"https:\/\/agora.xtec.cat\/escolariudellots\/wp-json\/wp\/v2\/pages"}],"about":[{"href":"https:\/\/agora.xtec.cat\/escolariudellots\/wp-json\/wp\/v2\/types\/page"}],"author":[{"embeddable":true,"href":"https:\/\/agora.xtec.cat\/escolariudellots\/wp-json\/wp\/v2\/users\/1"}],"replies":[{"embeddable":true,"href":"https:\/\/agora.xtec.cat\/escolariudellots\/wp-json\/wp\/v2\/comments?post=726"}],"version-history":[{"count":6,"href":"https:\/\/agora.xtec.cat\/escolariudellots\/wp-json\/wp\/v2\/pages\/726\/revisions"}],"predecessor-version":[{"id":1528,"href":"https:\/\/agora.xtec.cat\/escolariudellots\/wp-json\/wp\/v2\/pages\/726\/revisions\/1528"}],"up":[{"embeddable":true,"href":"https:\/\/agora.xtec.cat\/escolariudellots\/wp-json\/wp\/v2\/pages\/66"}],"wp:attachment":[{"href":"https:\/\/agora.xtec.cat\/escolariudellots\/wp-json\/wp\/v2\/media?parent=726"}],"curies":[{"name":"wp","href":"https:\/\/api.w.org\/{rel}","templated":true}]}}

Reunions famílies inici de curs 25-26

<ul class="wp-block-list">
<li>REUNIÓ EDUCACIÓ INFANTIL (I3, I4 i I5): dijous 4 de setembre a les 17:30h</li>



<li>REUNIÓ CICLE INICIAL (1r, 2n): dimarts 9 de setembre a les 16:45h</li>



<li>REUNIÓ CICLE MITJÀ (3r, 4t): dijous 18 de setembre a les 16:45h</li>



<li>REUNIÓ CICLE SUPERIOR (5è, 6è): dimecres 17 de setembre a les 16:45h</li>
</ul>



<div data-wp-interactive="core/file" class="wp-block-file"><object data-wp-bind--hidden="!state.hasPdfPreview" hidden class="wp-block-file__embed" data="https://agora.xtec.cat/escolariudellots/wp-content/uploads/usu3050/2025/09/EDUCACIO-INFANTIL_compressed.pdf" type="application/pdf" style="width:100%;height:540px" aria-label="Incrustació del fitxer EDUCACIÓ INFANTIL_compressed."></object><a id="wp-block-file--media-0f6efc3f-600e-414d-afce-0d14d1cf073b" href="https://agora.xtec.cat/escolariudellots/wp-content/uploads/usu3050/2025/09/EDUCACIO-INFANTIL_compressed.pdf">EDUCACIÓ INFANTIL_compressed</a><a href="https://agora.xtec.cat/escolariudellots/wp-content/uploads/usu3050/2025/09/EDUCACIO-INFANTIL_compressed.pdf" class="wp-block-file__button wp-element-button" download aria-describedby="wp-block-file--media-0f6efc3f-600e-414d-afce-0d14d1cf073b">Baixa</a></div>



<div data-wp-interactive="core/file" class="wp-block-file"><object data-wp-bind--hidden="!state.hasPdfPreview" hidden class="wp-block-file__embed" data="https://agora.xtec.cat/escolariudellots/wp-content/uploads/usu3050/2025/09/CICLE-INICIAL_compressed.pdf" type="application/pdf" style="width:100%;height:500px" aria-label="Incrustació del fitxer CICLE INICIAL_compressed."></object><a id="wp-block-file--media-f6456fed-4f23-4b5c-827c-e44187ecb85c" href="https://agora.xtec.cat/escolariudellots/wp-content/uploads/usu3050/2025/09/CICLE-INICIAL_compressed.pdf">CICLE INICIAL_compressed</a><a href="https://agora.xtec.cat/escolariudellots/wp-content/uploads/usu3050/2025/09/CICLE-INICIAL_compressed.pdf" class="wp-block-file__button wp-element-button" download aria-describedby="wp-block-file--media-f6456fed-4f23-4b5c-827c-e44187ecb85c">Baixa</a></div>



<div data-wp-interactive="core/file" class="wp-block-file"><object data-wp-bind--hidden="!state.hasPdfPreview" hidden class="wp-block-file__embed" data="https://agora.xtec.cat/escolariudellots/wp-content/uploads/usu3050/2025/09/REUNIO-DE-FAMILIES-25-26-CM_compressed.pdf" type="application/pdf" style="width:100%;height:510px" aria-label="Incrustació del fitxer REUNIÓ DE FAMÍLIES 25-26 CM_compressed."></object><a id="wp-block-file--media-6b41f732-1ea8-4a55-9e85-0cadfaabbef7" href="https://agora.xtec.cat/escolariudellots/wp-content/uploads/usu3050/2025/09/REUNIO-DE-FAMILIES-25-26-CM_compressed.pdf">REUNIÓ DE FAMÍLIES 25-26 CM_compressed</a><a href="https://agora.xtec.cat/escolariudellots/wp-content/uploads/usu3050/2025/09/REUNIO-DE-FAMILIES-25-26-CM_compressed.pdf" class="wp-block-file__button wp-element-button" download aria-describedby="wp-block-file--media-6b41f732-1ea8-4a55-9e85-0cadfaabbef7">Baixa</a></div>



<div data-wp-interactive="core/file" class="wp-block-file"><object data-wp-bind--hidden="!state.hasPdfPreview" hidden class="wp-block-file__embed" data="https://agora.xtec.cat/escolariudellots/wp-content/uploads/usu3050/2025/09/Presentacio-families-CS-2526_compressed.pdf" type="application/pdf" style="width:100%;height:520px" aria-label="Incrustació del fitxer Presentació famílies CS 2526_compressed."></object><a id="wp-block-file--media-de354d2d-cfbb-493d-91c4-4ea7e9181905" href="https://agora.xtec.cat/escolariudellots/wp-content/uploads/usu3050/2025/09/Presentacio-families-CS-2526_compressed.pdf">Presentació famílies CS 2526_compressed</a><a href="https://agora.xtec.cat/escolariudellots/wp-content/uploads/usu3050/2025/09/Presentacio-families-CS-2526_compressed.pdf" class="wp-block-file__button wp-element-button" download aria-describedby="wp-block-file--media-de354d2d-cfbb-493d-91c4-4ea7e9181905">Baixa</a></div>

<ul class="wp-block-list">
<li>REUNIÓ EDUCACIÓ INFANTIL (I3, I4 i I5): dijous 4 de setembre a les 17:30h</li>
<li>REUNIÓ CICLE INICIAL (1r, 2n): dimarts 9 de setembre a les 16:45h</li>
<li>REUNIÓ CICLE MITJÀ (3r, 4t): dijous 18 de setembre a les 16:45h</li>
<li>REUNIÓ CICLE SUPERIOR (5è, 6è): dimecres 17 de setembre&hellip;  <a href="https://agora.xtec.cat/escolariudellots/serveis/reunions-inici-de-curs/" title="Read Reunions famílies inici de curs 25-26">Llegeix més»</a><br />
