{"id":661,"date":"2017-07-27T08:59:19","date_gmt":"2017-07-27T06:59:19","guid":{"rendered":"http:\/\/agora.xtec.cat\/escolaridolaina\/?page_id=661"},"modified":"2017-07-27T08:59:19","modified_gmt":"2017-07-27T06:59:19","slug":"objectius","status":"publish","type":"page","link":"https:\/\/agora.xtec.cat\/escolaridolaina\/el-projecte\/projecte-de-direccio-2017-2021\/objectius\/","title":{"rendered":"Objectius"},"content":{"rendered":"<h5><a name=\"_Toc346552182\"><\/a><a name=\"_Toc316552795\"><\/a><a name=\"_Toc314862582\"><\/a><a name=\"_Toc314862459\"><\/a>Crear un entorn d\u2019ensenyament-aprenentatge respectu\u00f3s i <em>ressonant<\/em><a href=\"#_ftn1\" name=\"_ftnref1\">[1]<\/a> per a tots els membres de la comunitat educativa.<\/h5>\n<p>&nbsp;<\/p>\n<h5><a name=\"_Toc346552183\"><\/a><a name=\"_Toc316552796\"><\/a><a name=\"_Toc314862583\"><\/a><a name=\"_Toc314862460\"><\/a>Crear espais de relaci\u00f3, formaci\u00f3 i comunicaci\u00f3 entre tots els membres de la comunitat educativa des d\u2019una perspectiva amorosa i sist\u00e8mica.<\/h5>\n<p>&nbsp;<\/p>\n<h5><a name=\"_Toc346552184\"><\/a><a name=\"_Toc316552797\"><\/a><a name=\"_Toc314862584\"><\/a><a name=\"_Toc314862461\"><\/a>Vetllar perqu\u00e8 el treball a l\u2019escola sempre es basi i respecti els principis fonamentals de l\u2019escola anteriorment esmentats.<\/h5>\n<p>&nbsp;<\/p>\n<h5><a name=\"_Toc346552185\"><\/a><a name=\"_Toc316552798\"><\/a><a name=\"_Toc314862585\"><\/a><a name=\"_Toc314862462\"><\/a>Vetllar perqu\u00e8 l\u2019avaluaci\u00f3 sigui formativa i esdevingui un proc\u00e9s continu d\u2019autorevisi\u00f3 i millora per a tota la comunitat educativa.<\/h5>\n<p>&nbsp;<\/p>\n<h5><a name=\"_Toc346552186\"><\/a><a name=\"_Toc316552800\"><\/a><a name=\"_Toc314862587\"><\/a><a name=\"_Toc314862464\"><\/a>Treballar dins dels marc de Comunitat d\u2019Aprenentatge i formalitzar el reconeixement de l\u2019administraci\u00f3 d\u2019aquest funcionament<\/h5>\n<p>&nbsp;<\/p>\n<p><a href=\"#_ftnref1\" name=\"_ftn1\">[1]<\/a> <strong>\u201cEntorn ressonant\u201d<\/strong> \u00e9s un terme acunyat per Daniel Goleman referint-se a un entorn \u00f2ptim per l\u2019aprenentatge. Aix\u00f2 vol dir que respecti les tres capacitats de tot \u00e9sser hum\u00e0 definides per Martin Selligman, pare de la psicologia positiva: connectar-se, relacionar-se i desenvolupar-se.<\/p>\n","protected":false},"excerpt":{"rendered":"<p>Crear un entorn d\u2019ensenyament-aprenentatge respectu\u00f3s i ressonant[1] per a tots els membres de la comunitat educativa. &nbsp; Crear espais de relaci\u00f3, formaci\u00f3 i comunicaci\u00f3 entre tots els membres de la comunitat educativa des d\u2019una perspectiva amorosa i sist\u00e8mica. &nbsp; Vetllar perqu\u00e8 el treball a l\u2019escola sempre es basi i respecti els principis fonamentals de l\u2019escola [&hellip;]<\/p>\n","protected":false},"author":1,"featured_media":0,"parent":608,"menu_order":0,"comment_status":"closed","ping_status":"closed","template":"","meta":{"_bbp_topic_count":0,"_bbp_reply_count":0,"_bbp_total_topic_count":0,"_bbp_total_reply_count":0,"_bbp_voice_count":0,"_bbp_anonymous_reply_count":0,"_bbp_topic_count_hidden":0,"_bbp_reply_count_hidden":0,"_bbp_forum_subforum_count":0,"site-sidebar-layout":"default","site-content-layout":"","ast-site-content-layout":"","site-content-style":"default","site-sidebar-style":"default","ast-global-header-display":"","ast-banner-title-visibility":"","ast-main-header-display":"","ast-hfb-above-header-display":"","ast-hfb-below-header-display":"","ast-hfb-mobile-header-display":"","site-post-title":"","ast-breadcrumbs-content":"","ast-featured-img":"","footer-sml-layout":"","theme-transparent-header-meta":"","adv-header-id-meta":"","stick-header-meta":"","header-above-stick-meta":"","header-main-stick-meta":"","header-below-stick-meta":"","astra-migrate-meta-layouts":"default","ast-page-background-enabled":"default","ast-page-background-meta":{"desktop":{"background-color":"var(--ast-global-color-4)","background-image":"","background-repeat":"repeat","background-position":"center center","background-size":"auto","background-attachment":"scroll","background-type":"","background-media":"","overlay-type":"","overlay-color":"","overlay-opacity":"","overlay-gradient":""},"tablet":{"background-color":"","background-image":"","background-repeat":"repeat","background-position":"center center","background-size":"auto","background-attachment":"scroll","background-type":"","background-media":"","overlay-type":"","overlay-color":"","overlay-opacity":"","overlay-gradient":""},"mobile":{"background-color":"","background-image":"","background-repeat":"repeat","background-position":"center center","background-size":"auto","background-attachment":"scroll","background-type":"","background-media":"","overlay-type":"","overlay-color":"","overlay-opacity":"","overlay-gradient":""}},"ast-content-background-meta":{"desktop":{"background-color":"var(--ast-global-color-5)","background-image":"","background-repeat":"repeat","background-position":"center center","background-size":"auto","background-attachment":"scroll","background-type":"","background-media":"","overlay-type":"","overlay-color":"","overlay-opacity":"","overlay-gradient":""},"tablet":{"background-color":"var(--ast-global-color-5)","background-image":"","background-repeat":"repeat","background-position":"center center","background-size":"auto","background-attachment":"scroll","background-type":"","background-media":"","overlay-type":"","overlay-color":"","overlay-opacity":"","overlay-gradient":""},"mobile":{"background-color":"var(--ast-global-color-5)","background-image":"","background-repeat":"repeat","background-position":"center center","background-size":"auto","background-attachment":"scroll","background-type":"","background-media":"","overlay-type":"","overlay-color":"","overlay-opacity":"","overlay-gradient":""}},"footnotes":""},"class_list":["post-661","page","type-page","status-publish","hentry"],"post_mailing_queue_ids":[],"_links":{"self":[{"href":"https:\/\/agora.xtec.cat\/escolaridolaina\/wp-json\/wp\/v2\/pages\/661","targetHints":{"allow":["GET"]}}],"collection":[{"href":"https:\/\/agora.xtec.cat\/escolaridolaina\/wp-json\/wp\/v2\/pages"}],"about":[{"href":"https:\/\/agora.xtec.cat\/escolaridolaina\/wp-json\/wp\/v2\/types\/page"}],"author":[{"embeddable":true,"href":"https:\/\/agora.xtec.cat\/escolaridolaina\/wp-json\/wp\/v2\/users\/1"}],"replies":[{"embeddable":true,"href":"https:\/\/agora.xtec.cat\/escolaridolaina\/wp-json\/wp\/v2\/comments?post=661"}],"version-history":[{"count":1,"href":"https:\/\/agora.xtec.cat\/escolaridolaina\/wp-json\/wp\/v2\/pages\/661\/revisions"}],"predecessor-version":[{"id":662,"href":"https:\/\/agora.xtec.cat\/escolaridolaina\/wp-json\/wp\/v2\/pages\/661\/revisions\/662"}],"up":[{"embeddable":true,"href":"https:\/\/agora.xtec.cat\/escolaridolaina\/wp-json\/wp\/v2\/pages\/608"}],"wp:attachment":[{"href":"https:\/\/agora.xtec.cat\/escolaridolaina\/wp-json\/wp\/v2\/media?parent=661"}],"curies":[{"name":"wp","href":"https:\/\/api.w.org\/{rel}","templated":true}]}}