{"id":608,"date":"2017-07-21T11:17:04","date_gmt":"2017-07-21T09:17:04","guid":{"rendered":"http:\/\/agora.xtec.cat\/escolaridolaina\/?page_id=608"},"modified":"2026-03-24T14:26:06","modified_gmt":"2026-03-24T13:26:06","slug":"projecte-de-direccio-2017-2021","status":"publish","type":"page","link":"https:\/\/agora.xtec.cat\/escolaridolaina\/el-projecte\/projecte-de-direccio-2017-2021\/","title":{"rendered":"Projecte de Direcci\u00f3 2025-2031"},"content":{"rendered":"<p>&nbsp;<\/p>\n<p>Aquest projecte de direcci\u00f3 neix de la voluntat de fomentar i ajudar a cr\u00e9ixer una aposta educativa basades en la Pedagogia Viva, Activa i Intel\u00b7ligent, recolzada pels principis de la Neuroci\u00e8ncia i la Neuroeducaci\u00f3.<\/p>\n<p>Pret\u00e9n continuar i refermar un projecte educatiu amor\u00f3s i respectu\u00f3s amb els infants i donar resposta a les seves necessitats afectives, educatives i de socialitzaci\u00f3.<\/p>\n<p>Afegim l\u2019enfoc basat en les intel\u00b7lig\u00e8ncies m\u00faltiples de H.Gardner que doni resposta i respecti els diferents estils educatius descrits per la neuroeducaci\u00f3 i la neuroci\u00e8ncia. Cal tenir en compte els processos que es donen dins del cervell durant els processos d\u2019aprenentatge per poder millorar la pr\u00e0ctica educativa.<\/p>\n<p>El nostre projecte\u00a0es basa en <strong>tres pilars:<\/strong><\/p>\n<ul>\n<li><strong>La teoria:<\/strong> s\u00f3n tots els referents i marc te\u00f2ric on es sustenta el projecte.<\/li>\n<li><strong>La metodologia:<\/strong> com aquesta teoria es tradueix a la pr\u00e0ctica, a una manera concreta de fer.<\/li>\n<li><strong>El sistema d\u2019actituds:<\/strong> com els mestres i tots els professionals de l\u2019escola estan i acompanyen els infants. Aix\u00f2 no passa per com ho veu cada persona individualment sin\u00f3 que hi ha una cultura emocional institucional que cal seguir.<\/li>\n<\/ul>\n<p><strong>Pedagogia Viva i Activa. Referents.<\/strong><\/p>\n<p>El concepte de Pedagogia Viva i Activa no \u00e9s nou, trobem referents en pedagogs de la talla de Maria Montessori, l\u2019Escola Reggio Emilia d\u2019Italia o les comunitats Pestalozzi a Quito. Aquesta \u00e9s una opci\u00f3 pedag\u00f2gica ben establerta al sistema p\u00fablic de molts pa\u00efsos europeus. Sense anar tan lluny, en els \u00faltims deu anys, trobem ja escoles conegudes a Catalunya que segueixen el repte pedag\u00f2gic de respectar els processos de vida dels infants com ara l\u2019Escola Congr\u00e9s Indians o els Encants de Barcelona, l\u2019escola del Martinet i els Pinetons a Ripollet, l\u2019escola Itaca a Manresa o l\u2019escola El Roure Gros a Santa Maria de Riubreg\u00f3s.<\/p>\n<p><strong>Per qu\u00e8 Educaci\u00f3 Viva?<\/strong><\/p>\n<p>\u201cPerqu\u00e8 el fonament \u00faltim de com ha de ser l\u2019educaci\u00f3 radica en all\u00f2 que en ess\u00e8ncia som, \u00e9ssers <em>vius<\/em>.<\/p>\n<p>Tot organisme viu t\u00e9 una estructura interna creada a partir d\u2019uns patrons gen\u00e8tics. I \u00e9s aquesta estructura interna la que ha de guiar les interaccions amb l\u2019entorn, sobretot en els anys del creixement, per tal que l&#8217;organisme es desenvolupi adequadament.<\/p>\n<p>Tot organisme viu no tan sols t\u00e9 l\u2019objectiu d\u2019esdevenir all\u00f2 que en pot\u00e8ncia ja \u00e9s, sin\u00f3 que tamb\u00e9 t\u00e9 una tend\u00e8ncia a existir dins d\u2019uns par\u00e0metres de benestar i equilibri.\u201d CRAEV (Centre de Recerca i Assessorament en Educaci\u00f3 Viva)<\/p>\n<p><strong><em>Per qu\u00e8 neuropl\u00e0stic?<\/em><\/strong><\/p>\n<p>La neuroci\u00e8ncia ens diu que el cervell \u00e9s <em>neuropl\u00e0stic<\/em>, \u00e9s a dir que \u00e9s capa\u00e7 de cr\u00e9ixer, modificar-se mitjan\u00e7ant l\u2019aprenentatge per facilitar la millor adaptaci\u00f3 de l\u2019individu al seu entorn. Aix\u00ed mateix, el projecte que presentem, l\u2019escola que volem, \u00e9s tamb\u00e9 neuropl\u00e0stic\/a, \u00e9s a dir, intel\u00b7ligent. Vol dir que es modificar\u00e0 i adaptar\u00e0 en la mesura que creixi. Cal que tot projecte es mantingui obert als canvis ja que la ci\u00e8ncia \u00e9s tamb\u00e9 canviant.<\/p>\n<p>&nbsp;<\/p>\n","protected":false},"excerpt":{"rendered":"<p>&nbsp; Aquest projecte de direcci\u00f3 neix de la voluntat de fomentar i ajudar a cr\u00e9ixer una aposta educativa basades en la Pedagogia Viva, Activa i Intel\u00b7ligent, recolzada pels principis de la Neuroci\u00e8ncia i la Neuroeducaci\u00f3. Pret\u00e9n continuar i refermar un projecte educatiu amor\u00f3s i respectu\u00f3s amb els infants i donar resposta a les seves necessitats [&hellip;]<\/p>\n","protected":false},"author":1,"featured_media":0,"parent":484,"menu_order":0,"comment_status":"closed","ping_status":"closed","template":"","meta":{"_bbp_topic_count":0,"_bbp_reply_count":0,"_bbp_total_topic_count":0,"_bbp_total_reply_count":0,"_bbp_voice_count":0,"_bbp_anonymous_reply_count":0,"_bbp_topic_count_hidden":0,"_bbp_reply_count_hidden":0,"_bbp_forum_subforum_count":0,"site-sidebar-layout":"default","site-content-layout":"","ast-site-content-layout":"default","site-content-style":"default","site-sidebar-style":"default","ast-global-header-display":"","ast-banner-title-visibility":"","ast-main-header-display":"","ast-hfb-above-header-display":"","ast-hfb-below-header-display":"","ast-hfb-mobile-header-display":"","site-post-title":"","ast-breadcrumbs-content":"","ast-featured-img":"","footer-sml-layout":"","theme-transparent-header-meta":"default","adv-header-id-meta":"","stick-header-meta":"","header-above-stick-meta":"","header-main-stick-meta":"","header-below-stick-meta":"","astra-migrate-meta-layouts":"set","ast-page-background-enabled":"default","ast-page-background-meta":{"desktop":{"background-color":"var(--ast-global-color-4)","background-image":"","background-repeat":"repeat","background-position":"center center","background-size":"auto","background-attachment":"scroll","background-type":"","background-media":"","overlay-type":"","overlay-color":"","overlay-opacity":"","overlay-gradient":""},"tablet":{"background-color":"","background-image":"","background-repeat":"repeat","background-position":"center center","background-size":"auto","background-attachment":"scroll","background-type":"","background-media":"","overlay-type":"","overlay-color":"","overlay-opacity":"","overlay-gradient":""},"mobile":{"background-color":"","background-image":"","background-repeat":"repeat","background-position":"center center","background-size":"auto","background-attachment":"scroll","background-type":"","background-media":"","overlay-type":"","overlay-color":"","overlay-opacity":"","overlay-gradient":""}},"ast-content-background-meta":{"desktop":{"background-color":"var(--ast-global-color-5)","background-image":"","background-repeat":"repeat","background-position":"center center","background-size":"auto","background-attachment":"scroll","background-type":"","background-media":"","overlay-type":"","overlay-color":"","overlay-opacity":"","overlay-gradient":""},"tablet":{"background-color":"var(--ast-global-color-5)","background-image":"","background-repeat":"repeat","background-position":"center center","background-size":"auto","background-attachment":"scroll","background-type":"","background-media":"","overlay-type":"","overlay-color":"","overlay-opacity":"","overlay-gradient":""},"mobile":{"background-color":"var(--ast-global-color-5)","background-image":"","background-repeat":"repeat","background-position":"center center","background-size":"auto","background-attachment":"scroll","background-type":"","background-media":"","overlay-type":"","overlay-color":"","overlay-opacity":"","overlay-gradient":""}},"footnotes":""},"class_list":["post-608","page","type-page","status-publish","hentry"],"post_mailing_queue_ids":[],"_links":{"self":[{"href":"https:\/\/agora.xtec.cat\/escolaridolaina\/wp-json\/wp\/v2\/pages\/608","targetHints":{"allow":["GET"]}}],"collection":[{"href":"https:\/\/agora.xtec.cat\/escolaridolaina\/wp-json\/wp\/v2\/pages"}],"about":[{"href":"https:\/\/agora.xtec.cat\/escolaridolaina\/wp-json\/wp\/v2\/types\/page"}],"author":[{"embeddable":true,"href":"https:\/\/agora.xtec.cat\/escolaridolaina\/wp-json\/wp\/v2\/users\/1"}],"replies":[{"embeddable":true,"href":"https:\/\/agora.xtec.cat\/escolaridolaina\/wp-json\/wp\/v2\/comments?post=608"}],"version-history":[{"count":5,"href":"https:\/\/agora.xtec.cat\/escolaridolaina\/wp-json\/wp\/v2\/pages\/608\/revisions"}],"predecessor-version":[{"id":2003,"href":"https:\/\/agora.xtec.cat\/escolaridolaina\/wp-json\/wp\/v2\/pages\/608\/revisions\/2003"}],"up":[{"embeddable":true,"href":"https:\/\/agora.xtec.cat\/escolaridolaina\/wp-json\/wp\/v2\/pages\/484"}],"wp:attachment":[{"href":"https:\/\/agora.xtec.cat\/escolaridolaina\/wp-json\/wp\/v2\/media?parent=608"}],"curies":[{"name":"wp","href":"https:\/\/api.w.org\/{rel}","templated":true}]}}