{"id":569,"date":"2017-03-21T16:26:13","date_gmt":"2017-03-21T15:26:13","guid":{"rendered":"http:\/\/agora.xtec.cat\/escolaridolaina\/?page_id=569"},"modified":"2026-04-15T10:37:26","modified_gmt":"2026-04-15T08:37:26","slug":"langtang-nepal","status":"publish","type":"page","link":"https:\/\/agora.xtec.cat\/escolaridolaina\/altres-projectes\/langtang-nepal\/","title":{"rendered":"Langtang, Nepal"},"content":{"rendered":"<h3><span style=\"font-weight: 400;\"> \u00a0TERRATR\u00c8MOL AL NEPAL<\/span><\/h3>\n<p><span style=\"font-weight: 400;\">Nosaltres som el projecte del<\/span><span style=\"font-weight: 400;\"> terratr\u00e8mol en el Nepal.<\/span><\/p>\n<p><span style=\"font-weight: 400;\">La N\u00faria va estar en el Nepal i ens va explicar que hi havia hagut un terratr\u00e8mol, que havia deixat sense casa a moltes fam\u00edlies.<a href=\"http:\/\/agora.xtec.cat\/escolaridolaina\/wp-content\/uploads\/usu1606\/2017\/03\/FB_IMG_1470479164550.jpg\"><img loading=\"lazy\" decoding=\"async\" class=\"size-full wp-image-571 alignleft\" src=\"http:\/\/agora.xtec.cat\/escolaridolaina\/wp-content\/uploads\/usu1606\/2017\/03\/FB_IMG_1470479164550.jpg\" alt=\"fb_img_1470479164550\" width=\"336\" height=\"336\" srcset=\"https:\/\/agora.xtec.cat\/escolaridolaina\/wp-content\/uploads\/usu1606\/2017\/03\/FB_IMG_1470479164550.jpg 336w, https:\/\/agora.xtec.cat\/escolaridolaina\/wp-content\/uploads\/usu1606\/2017\/03\/FB_IMG_1470479164550-150x150.jpg 150w, https:\/\/agora.xtec.cat\/escolaridolaina\/wp-content\/uploads\/usu1606\/2017\/03\/FB_IMG_1470479164550-300x300.jpg 300w\" sizes=\"auto, (max-width: 336px) 100vw, 336px\" \/><\/a><\/span><\/p>\n<p><a href=\"http:\/\/agora.xtec.cat\/escolaridolaina\/wp-content\/uploads\/usu1606\/2017\/03\/20160803_173836.jpg\"><img loading=\"lazy\" decoding=\"async\" class=\"size-full wp-image-574\" src=\"http:\/\/agora.xtec.cat\/escolaridolaina\/wp-content\/uploads\/usu1606\/2017\/03\/20160803_173836.jpg\" alt=\"?\" width=\"448\" height=\"336\" srcset=\"https:\/\/agora.xtec.cat\/escolaridolaina\/wp-content\/uploads\/usu1606\/2017\/03\/20160803_173836.jpg 448w, https:\/\/agora.xtec.cat\/escolaridolaina\/wp-content\/uploads\/usu1606\/2017\/03\/20160803_173836-300x225.jpg 300w, https:\/\/agora.xtec.cat\/escolaridolaina\/wp-content\/uploads\/usu1606\/2017\/03\/20160803_173836-200x150.jpg 200w\" sizes=\"auto, (max-width: 448px) 100vw, 448px\" \/><\/a><\/p>\n<p><span style=\"font-weight: 400;\"><a href=\"http:\/\/agora.xtec.cat\/escolaridolaina\/wp-content\/uploads\/usu1606\/2017\/03\/IMG_4161.jpg\"><img loading=\"lazy\" decoding=\"async\" class=\"alignnone size-full wp-image-573\" src=\"http:\/\/agora.xtec.cat\/escolaridolaina\/wp-content\/uploads\/usu1606\/2017\/03\/IMG_4161.jpg\" alt=\"img_4161\" width=\"448\" height=\"119\" srcset=\"https:\/\/agora.xtec.cat\/escolaridolaina\/wp-content\/uploads\/usu1606\/2017\/03\/IMG_4161.jpg 448w, https:\/\/agora.xtec.cat\/escolaridolaina\/wp-content\/uploads\/usu1606\/2017\/03\/IMG_4161-300x80.jpg 300w\" sizes=\"auto, (max-width: 448px) 100vw, 448px\" \/><\/a><br \/>\n<\/span><\/p>\n<p><span style=\"font-weight: 400;\">Per ajudar-los els hi enviem diners a trav\u00e9s d\u2019una O.N.G que es diu SOS Himalaya. Aquesta O.N.G s\u2019encarrega de que totes les cases de all\u00e0, tinguin aigua, lavabos, cuina\u2026<\/span><\/p>\n<p><span style=\"font-weight: 400;\">Aquesta O.N.G est\u00e1 situada en el Nepal,a \u00a0l\u2019Himalaya, concretament a la vall Langtang. Podeu trobar m\u00e9s informaci\u00f3 a <\/span><span style=\"font-weight: 400;\">www.soshimalaya.org.<\/span><\/p>\n<p>Estem en contacte amb una escola d\u2019all\u00e0, els enviarem una historia d\u2019aqu\u00ed i ells ens enviaran una historia seva del Nepal.<br \/>\n<span style=\"font-weight: 400;\">Som: l\u2019Aran, l\u2019Ares, l\u2019Ona, la Duna, l\u2019Aram i l\u2019Alina.<\/span><\/p>\n","protected":false},"excerpt":{"rendered":"<p>\u00a0TERRATR\u00c8MOL AL NEPAL Nosaltres som el projecte del terratr\u00e8mol en el Nepal. La N\u00faria va estar en el Nepal i ens va explicar que hi havia hagut un terratr\u00e8mol, que havia deixat sense casa a moltes fam\u00edlies. Per ajudar-los els hi enviem diners a trav\u00e9s d\u2019una O.N.G que es diu SOS Himalaya. Aquesta O.N.G s\u2019encarrega [&hellip;]<\/p>\n","protected":false},"author":1,"featured_media":0,"parent":2012,"menu_order":0,"comment_status":"closed","ping_status":"closed","template":"","meta":{"_bbp_topic_count":0,"_bbp_reply_count":0,"_bbp_total_topic_count":0,"_bbp_total_reply_count":0,"_bbp_voice_count":0,"_bbp_anonymous_reply_count":0,"_bbp_topic_count_hidden":0,"_bbp_reply_count_hidden":0,"_bbp_forum_subforum_count":0,"site-sidebar-layout":"default","site-content-layout":"","ast-site-content-layout":"","site-content-style":"default","site-sidebar-style":"default","ast-global-header-display":"","ast-banner-title-visibility":"","ast-main-header-display":"","ast-hfb-above-header-display":"","ast-hfb-below-header-display":"","ast-hfb-mobile-header-display":"","site-post-title":"","ast-breadcrumbs-content":"","ast-featured-img":"","footer-sml-layout":"","theme-transparent-header-meta":"","adv-header-id-meta":"","stick-header-meta":"","header-above-stick-meta":"","header-main-stick-meta":"","header-below-stick-meta":"","astra-migrate-meta-layouts":"default","ast-page-background-enabled":"default","ast-page-background-meta":{"desktop":{"background-color":"var(--ast-global-color-4)","background-image":"","background-repeat":"repeat","background-position":"center center","background-size":"auto","background-attachment":"scroll","background-type":"","background-media":"","overlay-type":"","overlay-color":"","overlay-opacity":"","overlay-gradient":""},"tablet":{"background-color":"","background-image":"","background-repeat":"repeat","background-position":"center center","background-size":"auto","background-attachment":"scroll","background-type":"","background-media":"","overlay-type":"","overlay-color":"","overlay-opacity":"","overlay-gradient":""},"mobile":{"background-color":"","background-image":"","background-repeat":"repeat","background-position":"center center","background-size":"auto","background-attachment":"scroll","background-type":"","background-media":"","overlay-type":"","overlay-color":"","overlay-opacity":"","overlay-gradient":""}},"ast-content-background-meta":{"desktop":{"background-color":"var(--ast-global-color-5)","background-image":"","background-repeat":"repeat","background-position":"center center","background-size":"auto","background-attachment":"scroll","background-type":"","background-media":"","overlay-type":"","overlay-color":"","overlay-opacity":"","overlay-gradient":""},"tablet":{"background-color":"var(--ast-global-color-5)","background-image":"","background-repeat":"repeat","background-position":"center center","background-size":"auto","background-attachment":"scroll","background-type":"","background-media":"","overlay-type":"","overlay-color":"","overlay-opacity":"","overlay-gradient":""},"mobile":{"background-color":"var(--ast-global-color-5)","background-image":"","background-repeat":"repeat","background-position":"center center","background-size":"auto","background-attachment":"scroll","background-type":"","background-media":"","overlay-type":"","overlay-color":"","overlay-opacity":"","overlay-gradient":""}},"footnotes":""},"class_list":["post-569","page","type-page","status-publish","hentry"],"post_mailing_queue_ids":[],"_links":{"self":[{"href":"https:\/\/agora.xtec.cat\/escolaridolaina\/wp-json\/wp\/v2\/pages\/569","targetHints":{"allow":["GET"]}}],"collection":[{"href":"https:\/\/agora.xtec.cat\/escolaridolaina\/wp-json\/wp\/v2\/pages"}],"about":[{"href":"https:\/\/agora.xtec.cat\/escolaridolaina\/wp-json\/wp\/v2\/types\/page"}],"author":[{"embeddable":true,"href":"https:\/\/agora.xtec.cat\/escolaridolaina\/wp-json\/wp\/v2\/users\/1"}],"replies":[{"embeddable":true,"href":"https:\/\/agora.xtec.cat\/escolaridolaina\/wp-json\/wp\/v2\/comments?post=569"}],"version-history":[{"count":3,"href":"https:\/\/agora.xtec.cat\/escolaridolaina\/wp-json\/wp\/v2\/pages\/569\/revisions"}],"predecessor-version":[{"id":589,"href":"https:\/\/agora.xtec.cat\/escolaridolaina\/wp-json\/wp\/v2\/pages\/569\/revisions\/589"}],"up":[{"embeddable":true,"href":"https:\/\/agora.xtec.cat\/escolaridolaina\/wp-json\/wp\/v2\/pages\/2012"}],"wp:attachment":[{"href":"https:\/\/agora.xtec.cat\/escolaridolaina\/wp-json\/wp\/v2\/media?parent=569"}],"curies":[{"name":"wp","href":"https:\/\/api.w.org\/{rel}","templated":true}]}}