{"id":874,"date":"2018-02-19T16:08:02","date_gmt":"2018-02-19T15:08:02","guid":{"rendered":"http:\/\/agora.xtec.cat\/escolaribatallada\/?page_id=874"},"modified":"2025-07-15T21:43:13","modified_gmt":"2025-07-15T19:43:13","slug":"les-festes","status":"publish","type":"page","link":"https:\/\/agora.xtec.cat\/escolaribatallada\/projecte-educatiu\/les-festes\/","title":{"rendered":"Cultura popular"},"content":{"rendered":"<p style=\"text-align: justify;\">Les festes i tradicions aporten als nens i nenes una motivaci\u00f3 clau per incentivar el treball i con\u00e8ixer de manera vivencial la nostra cultura popular.<\/p>\n<p style=\"text-align: justify;\">Les festes es van celebrant al llarg del curs escolar, comencem la primera setmana de curs celebrant la festa de Benvinguda on tots els infants i mestres ens retrobem. Acollim als nens i nenes de 3 anys i als companys i companyes que han arribat nous a l&#8217;escola, ja siguin infants o mestres.<\/p>\n<p style=\"text-align: justify;\">Celebrem tamb\u00e9 la castanyada, l&#8217;hivern i la diada de Sant Jordi. A m\u00e9s a m\u00e9s, dins del projecte\u00a0<a href=\"https:\/\/sites.google.com\/view\/flabiolalescola\/inici\" target=\"_blank\" rel=\"noopener\"><em>El Flabiol a l&#8217;escola i la Cultura popular<\/em><\/a>\u00a0participem a la <a href=\"http:\/\/www.petitsabadell.cat\/elnano\/escola-ribatallada-capgrossos-festa-major-creu-alta\/\" target=\"_blank\" rel=\"noopener\">festa major<\/a> de la Creu Alta fent ballar el Drac Centpeus, els cap gros<span style=\"font-family: inherit; font-size: 1em; text-align: justify;\">sos i picant ben fort amb els bastons. Els m\u00e9s grans de l&#8217;escola ens acompanyen fent sonar els flabiols i els tamborins que han constru\u00eft ells mateixos.<\/span><\/p>\n<p style=\"text-align: justify;\">Complementem les festes commemorant el Dia Escolar de la No-viol\u00e8ncia i la Pau, <span style=\"font-family: inherit; font-size: 1em;\">celebrant una Mostra de Danses i compartint la cloenda del projecte de treball d&#8217;Escola amb totes les fam\u00edlies. Realitzem tamb\u00e9 la sortida de primavera l&#8217;\u00faltim dia del segon trimestre, on caminem i juguem tots junts enmig de la natura. Tanquem el curs amb el comiat als companys i companyes de 6\u00e8.<\/span><\/p>\n<p><img loading=\"lazy\" decoding=\"async\" class=\"alignnone wp-image-1383\" src=\"https:\/\/agora.xtec.cat\/escolaribatallada\/wp-content\/uploads\/usu233\/2020\/02\/20200130_161831.jpg\" alt=\"\" width=\"265\" height=\"198\" srcset=\"https:\/\/agora.xtec.cat\/escolaribatallada\/wp-content\/uploads\/usu233\/2020\/02\/20200130_161831.jpg 448w, https:\/\/agora.xtec.cat\/escolaribatallada\/wp-content\/uploads\/usu233\/2020\/02\/20200130_161831-300x225.jpg 300w, https:\/\/agora.xtec.cat\/escolaribatallada\/wp-content\/uploads\/usu233\/2020\/02\/20200130_161831-200x150.jpg 200w\" sizes=\"auto, (max-width: 265px) 100vw, 265px\" \/> <img loading=\"lazy\" decoding=\"async\" class=\"alignnone wp-image-1381\" src=\"https:\/\/agora.xtec.cat\/escolaribatallada\/wp-content\/uploads\/usu233\/2020\/02\/bastoners-1024x768.jpg\" alt=\"\" width=\"264\" height=\"198\" srcset=\"https:\/\/agora.xtec.cat\/escolaribatallada\/wp-content\/uploads\/usu233\/2020\/02\/bastoners-1024x768.jpg 1024w, https:\/\/agora.xtec.cat\/escolaribatallada\/wp-content\/uploads\/usu233\/2020\/02\/bastoners-300x225.jpg 300w, https:\/\/agora.xtec.cat\/escolaribatallada\/wp-content\/uploads\/usu233\/2020\/02\/bastoners-768x576.jpg 768w, https:\/\/agora.xtec.cat\/escolaribatallada\/wp-content\/uploads\/usu233\/2020\/02\/bastoners-200x150.jpg 200w, https:\/\/agora.xtec.cat\/escolaribatallada\/wp-content\/uploads\/usu233\/2020\/02\/bastoners.jpg 1184w\" sizes=\"auto, (max-width: 264px) 100vw, 264px\" \/> <img loading=\"lazy\" decoding=\"async\" class=\"alignnone wp-image-1380\" src=\"https:\/\/agora.xtec.cat\/escolaribatallada\/wp-content\/uploads\/usu233\/2020\/02\/20180323_111238.jpg\" alt=\"\" width=\"264\" height=\"198\" srcset=\"https:\/\/agora.xtec.cat\/escolaribatallada\/wp-content\/uploads\/usu233\/2020\/02\/20180323_111238.jpg 448w, https:\/\/agora.xtec.cat\/escolaribatallada\/wp-content\/uploads\/usu233\/2020\/02\/20180323_111238-300x225.jpg 300w, https:\/\/agora.xtec.cat\/escolaribatallada\/wp-content\/uploads\/usu233\/2020\/02\/20180323_111238-200x150.jpg 200w\" sizes=\"auto, (max-width: 264px) 100vw, 264px\" \/><\/p>\n","protected":false},"excerpt":{"rendered":"<p>Les festes i tradicions aporten als nens i nenes una motivaci\u00f3 clau per incentivar el treball i con\u00e8ixer de manera vivencial la nostra cultura popular. Les festes es van celebrant al llarg del curs escolar, comencem la primera setmana de curs celebrant la festa de Benvinguda on tots els infants i mestres ens retrobem. Acollim [&hellip;]<\/p>\n","protected":false},"author":1,"featured_media":0,"parent":64,"menu_order":6,"comment_status":"closed","ping_status":"closed","template":"page-templates\/side-menu.php","meta":{"_bbp_topic_count":0,"_bbp_reply_count":0,"_bbp_total_topic_count":0,"_bbp_total_reply_count":0,"_bbp_voice_count":0,"_bbp_anonymous_reply_count":0,"_bbp_topic_count_hidden":0,"_bbp_reply_count_hidden":0,"_bbp_forum_subforum_count":0,"site-sidebar-layout":"default","site-content-layout":"","ast-site-content-layout":"","site-content-style":"default","site-sidebar-style":"default","ast-global-header-display":"","ast-banner-title-visibility":"","ast-main-header-display":"","ast-hfb-above-header-display":"","ast-hfb-below-header-display":"","ast-hfb-mobile-header-display":"","site-post-title":"","ast-breadcrumbs-content":"","ast-featured-img":"","footer-sml-layout":"","theme-transparent-header-meta":"","adv-header-id-meta":"","stick-header-meta":"","header-above-stick-meta":"","header-main-stick-meta":"","header-below-stick-meta":"","astra-migrate-meta-layouts":"default","ast-page-background-enabled":"default","ast-page-background-meta":{"desktop":{"background-color":"var(--ast-global-color-4)","background-image":"","background-repeat":"repeat","background-position":"center center","background-size":"auto","background-attachment":"scroll","background-type":"","background-media":"","overlay-type":"","overlay-color":"","overlay-opacity":"","overlay-gradient":""},"tablet":{"background-color":"","background-image":"","background-repeat":"repeat","background-position":"center center","background-size":"auto","background-attachment":"scroll","background-type":"","background-media":"","overlay-type":"","overlay-color":"","overlay-opacity":"","overlay-gradient":""},"mobile":{"background-color":"","background-image":"","background-repeat":"repeat","background-position":"center center","background-size":"auto","background-attachment":"scroll","background-type":"","background-media":"","overlay-type":"","overlay-color":"","overlay-opacity":"","overlay-gradient":""}},"ast-content-background-meta":{"desktop":{"background-color":"var(--ast-global-color-5)","background-image":"","background-repeat":"repeat","background-position":"center center","background-size":"auto","background-attachment":"scroll","background-type":"","background-media":"","overlay-type":"","overlay-color":"","overlay-opacity":"","overlay-gradient":""},"tablet":{"background-color":"var(--ast-global-color-5)","background-image":"","background-repeat":"repeat","background-position":"center center","background-size":"auto","background-attachment":"scroll","background-type":"","background-media":"","overlay-type":"","overlay-color":"","overlay-opacity":"","overlay-gradient":""},"mobile":{"background-color":"var(--ast-global-color-5)","background-image":"","background-repeat":"repeat","background-position":"center center","background-size":"auto","background-attachment":"scroll","background-type":"","background-media":"","overlay-type":"","overlay-color":"","overlay-opacity":"","overlay-gradient":""}},"footnotes":""},"class_list":["post-874","page","type-page","status-publish","hentry"],"post_mailing_queue_ids":[],"_links":{"self":[{"href":"https:\/\/agora.xtec.cat\/escolaribatallada\/wp-json\/wp\/v2\/pages\/874","targetHints":{"allow":["GET"]}}],"collection":[{"href":"https:\/\/agora.xtec.cat\/escolaribatallada\/wp-json\/wp\/v2\/pages"}],"about":[{"href":"https:\/\/agora.xtec.cat\/escolaribatallada\/wp-json\/wp\/v2\/types\/page"}],"author":[{"embeddable":true,"href":"https:\/\/agora.xtec.cat\/escolaribatallada\/wp-json\/wp\/v2\/users\/1"}],"replies":[{"embeddable":true,"href":"https:\/\/agora.xtec.cat\/escolaribatallada\/wp-json\/wp\/v2\/comments?post=874"}],"version-history":[{"count":4,"href":"https:\/\/agora.xtec.cat\/escolaribatallada\/wp-json\/wp\/v2\/pages\/874\/revisions"}],"predecessor-version":[{"id":2659,"href":"https:\/\/agora.xtec.cat\/escolaribatallada\/wp-json\/wp\/v2\/pages\/874\/revisions\/2659"}],"up":[{"embeddable":true,"href":"https:\/\/agora.xtec.cat\/escolaribatallada\/wp-json\/wp\/v2\/pages\/64"}],"wp:attachment":[{"href":"https:\/\/agora.xtec.cat\/escolaribatallada\/wp-json\/wp\/v2\/media?parent=874"}],"curies":[{"name":"wp","href":"https:\/\/api.w.org\/{rel}","templated":true}]}}