{"id":84,"date":"2014-09-18T14:11:31","date_gmt":"2014-09-18T12:11:31","guid":{"rendered":"http:\/\/agora.xtec.cat\/escolaribatallada\/?page_id=84"},"modified":"2025-07-15T21:58:04","modified_gmt":"2025-07-15T19:58:04","slug":"activitats-extraescolars","status":"publish","type":"page","link":"https:\/\/agora.xtec.cat\/escolaribatallada\/organitzacio-i-funcionament\/activitats-extraescolars\/","title":{"rendered":"Equipament"},"content":{"rendered":"<h4>Bossa i jaquetes<\/h4>\n<p>Cal que el material dels alumnes d&#8217;Infantil i Prim\u00e0ria (bata, jaqueta, bosses, equip d&#8217;educaci\u00f3 f\u00edsica, carmanyola&#8230;) estigui degudament marcat amb el nom. La bata, jaqueta o abric han de portar una beta de 15 cm. per poder-los penjar correctament. \u00c9s tamb\u00e9 per aquest motiu, que els alumnes d&#8217;Infantil i Cicle inicial han de portar una bossa de roba per l\u2019esmorzar.<\/p>\n<h4>Bata<\/h4>\n<p>Totes els alumnes de l&#8217;escola han de portar una bata per posar-se-la en aquelles activitats que es prevegi la manipulaci\u00f3 de material que embruta. S&#8217;enduran la bata per rentar quan sigui necessari.<\/p>\n<p>Per tal de facilitar l\u2019autonomia dels alumnes d&#8217;Infantil i del Cicle inicial cal que portin roba c\u00f2moda i f\u00e0cil de posar i treure: xandalls, pantalons amb goma&#8230; s&#8217;han d&#8217;evitar els pantalons amb tirants i els cinturons.<\/p>\n<h4>Aigua<\/h4>\n<p>Tots els alumnes han de portar una cantimplora d&#8217;aigua amb el nom marcat. Aquesta cantimplora anir\u00e0 i tornar\u00e0 cada dia per tal de rentar-la amb aigua i sab\u00f3 a casa.<\/p>\n<h4>Educaci\u00f3 F\u00edsica<\/h4>\n<p>Per a les sessions d\u2019Educaci\u00f3 F\u00edsica i Psicomotricitat cal portar roba i cal\u00e7at esportiu i c\u00f2mode: samarreta, xandall, mitjons i cal\u00e7at esportiu. No es poden portar collarets, penjolls, bra\u00e7alets perqu\u00e8 s\u00f3n perillosos.<br \/>\nSi per alguna ra\u00f3 algun nen\/a no pot fer Educaci\u00f3 F\u00edsica cal que porti el justificant m\u00e8dic i\/o nota firmada del pare \/ mare \/ tutor\/a.<\/p>\n<p>Els nens i nenes de 3r, 4t, 5\u00e8 i 6\u00e8 cal que portin una bossa petita amb la cantimplora, una tovalloleta i una samarreta de recanvi.<\/p>\n<h4>Menjador<\/h4>\n<p>Tota la informaci\u00f3 del menjador la podeu trobar a la web de l&#8217;AFA; des de la<a href=\"http:\/\/www.ribatallada.org\/index.php\/informacio-del-menjador\" target=\"_blank\" rel=\"noopener\"> informaci\u00f3 general,<\/a> al <a href=\"https:\/\/ribatallada.org\/2022\/03\/02\/menu\/?\" target=\"_blank\" rel=\"noopener\">men\u00fa<\/a>, i tot <a href=\"http:\/\/www.ribatallada.org\/index.php\/portar\" target=\"_blank\" rel=\"noopener\">all\u00f2 que cal dur<\/a>.<\/p>\n<p><em>Recordatori: Quan un alumne usuari habitual del menjador no es queda a dinar excepcionalment, a m\u00e9s a m\u00e9s d&#8217;avisar al tutor, cal comunicar-ho al menjador trucant per tel\u00e8fon a l&#8217;escola o deixant una nota a la b\u00fastia del menjador. Aix\u00ed mateix, tamb\u00e9 caldr\u00e0 avisar al mestre i al menjador quan un alumne habitual es reincorpori despr\u00e9s d&#8217;una abs\u00e8ncia de dies, b\u00e9 per malaltia, b\u00e9 per altres causes.<\/em><\/p>\n<h4>L&#8217;esmorzar<\/h4>\n<p>Recomanem que els nens i nenes vinguin esmorzats de casa i que a l\u2019escola portin un petit esmorzar (entrep\u00e0 petit o pe\u00e7a de fruita) que portaran en una carmanyola o embolcall reutilitzable per tal d\u2019evitar el consum del paper d\u2019alumini. No es poden portar begudes: iogurts l\u00edquids, batuts, sucs&#8230; i tamb\u00e9 es recomana no portar brioxeria industrial.<\/p>\n","protected":false},"excerpt":{"rendered":"<p>Bossa i jaquetes Cal que el material dels alumnes d&#8217;Infantil i Prim\u00e0ria (bata, jaqueta, bosses, equip d&#8217;educaci\u00f3 f\u00edsica, carmanyola&#8230;) estigui degudament marcat amb el nom. La bata, jaqueta o abric han de portar una beta de 15 cm. per poder-los penjar correctament. \u00c9s tamb\u00e9 per aquest motiu, que els alumnes d&#8217;Infantil i Cicle inicial han [&hellip;]<\/p>\n","protected":false},"author":1,"featured_media":0,"parent":1133,"menu_order":60,"comment_status":"closed","ping_status":"closed","template":"page-templates\/side-menu.php","meta":{"_bbp_topic_count":0,"_bbp_reply_count":0,"_bbp_total_topic_count":0,"_bbp_total_reply_count":0,"_bbp_voice_count":0,"_bbp_anonymous_reply_count":0,"_bbp_topic_count_hidden":0,"_bbp_reply_count_hidden":0,"_bbp_forum_subforum_count":0,"site-sidebar-layout":"default","site-content-layout":"","ast-site-content-layout":"","site-content-style":"default","site-sidebar-style":"default","ast-global-header-display":"","ast-banner-title-visibility":"","ast-main-header-display":"","ast-hfb-above-header-display":"","ast-hfb-below-header-display":"","ast-hfb-mobile-header-display":"","site-post-title":"","ast-breadcrumbs-content":"","ast-featured-img":"","footer-sml-layout":"","theme-transparent-header-meta":"","adv-header-id-meta":"","stick-header-meta":"","header-above-stick-meta":"","header-main-stick-meta":"","header-below-stick-meta":"","astra-migrate-meta-layouts":"default","ast-page-background-enabled":"default","ast-page-background-meta":{"desktop":{"background-color":"var(--ast-global-color-4)","background-image":"","background-repeat":"repeat","background-position":"center center","background-size":"auto","background-attachment":"scroll","background-type":"","background-media":"","overlay-type":"","overlay-color":"","overlay-opacity":"","overlay-gradient":""},"tablet":{"background-color":"","background-image":"","background-repeat":"repeat","background-position":"center center","background-size":"auto","background-attachment":"scroll","background-type":"","background-media":"","overlay-type":"","overlay-color":"","overlay-opacity":"","overlay-gradient":""},"mobile":{"background-color":"","background-image":"","background-repeat":"repeat","background-position":"center center","background-size":"auto","background-attachment":"scroll","background-type":"","background-media":"","overlay-type":"","overlay-color":"","overlay-opacity":"","overlay-gradient":""}},"ast-content-background-meta":{"desktop":{"background-color":"var(--ast-global-color-5)","background-image":"","background-repeat":"repeat","background-position":"center center","background-size":"auto","background-attachment":"scroll","background-type":"","background-media":"","overlay-type":"","overlay-color":"","overlay-opacity":"","overlay-gradient":""},"tablet":{"background-color":"var(--ast-global-color-5)","background-image":"","background-repeat":"repeat","background-position":"center center","background-size":"auto","background-attachment":"scroll","background-type":"","background-media":"","overlay-type":"","overlay-color":"","overlay-opacity":"","overlay-gradient":""},"mobile":{"background-color":"var(--ast-global-color-5)","background-image":"","background-repeat":"repeat","background-position":"center center","background-size":"auto","background-attachment":"scroll","background-type":"","background-media":"","overlay-type":"","overlay-color":"","overlay-opacity":"","overlay-gradient":""}},"footnotes":""},"class_list":["post-84","page","type-page","status-publish","hentry"],"post_mailing_queue_ids":[],"_links":{"self":[{"href":"https:\/\/agora.xtec.cat\/escolaribatallada\/wp-json\/wp\/v2\/pages\/84","targetHints":{"allow":["GET"]}}],"collection":[{"href":"https:\/\/agora.xtec.cat\/escolaribatallada\/wp-json\/wp\/v2\/pages"}],"about":[{"href":"https:\/\/agora.xtec.cat\/escolaribatallada\/wp-json\/wp\/v2\/types\/page"}],"author":[{"embeddable":true,"href":"https:\/\/agora.xtec.cat\/escolaribatallada\/wp-json\/wp\/v2\/users\/1"}],"replies":[{"embeddable":true,"href":"https:\/\/agora.xtec.cat\/escolaribatallada\/wp-json\/wp\/v2\/comments?post=84"}],"version-history":[{"count":5,"href":"https:\/\/agora.xtec.cat\/escolaribatallada\/wp-json\/wp\/v2\/pages\/84\/revisions"}],"predecessor-version":[{"id":2663,"href":"https:\/\/agora.xtec.cat\/escolaribatallada\/wp-json\/wp\/v2\/pages\/84\/revisions\/2663"}],"up":[{"embeddable":true,"href":"https:\/\/agora.xtec.cat\/escolaribatallada\/wp-json\/wp\/v2\/pages\/1133"}],"wp:attachment":[{"href":"https:\/\/agora.xtec.cat\/escolaribatallada\/wp-json\/wp\/v2\/media?parent=84"}],"curies":[{"name":"wp","href":"https:\/\/api.w.org\/{rel}","templated":true}]}}