{"id":80,"date":"2014-09-18T14:09:48","date_gmt":"2014-09-18T12:09:48","guid":{"rendered":"http:\/\/agora.xtec.cat\/escolaribatallada\/?page_id=80"},"modified":"2026-04-10T09:41:54","modified_gmt":"2026-04-10T07:41:54","slug":"transport-escolar","status":"publish","type":"page","link":"https:\/\/agora.xtec.cat\/escolaribatallada\/organitzacio-i-funcionament\/transport-escolar\/","title":{"rendered":"Relaci\u00f3 fam\u00edlia i escola"},"content":{"rendered":"<h4>Comunicats adre\u00e7ats a les fam\u00edlies<\/h4>\n<p>La majoria d&#8217;informacions que fem arribar a les fam\u00edlies les realitzem per mitj\u00e0 de correu electr\u00f2nic, generalment els divendres.<\/p>\n<p>Per algunes informacions puntuals tamb\u00e9 utilitzarem l&#8217;agenda individual de l&#8217;alumne, a cicle mitj\u00e0 i superior.<\/p>\n<h4>Notes adre\u00e7ades als mestres<\/h4>\n<p>Quan una fam\u00edlia hagi de notificar alguna informaci\u00f3 a la tutora ho pot fer mitjan\u00e7ant una nota de paper o a trav\u00e9s de l&#8217;agenda de l&#8217;alumne a partir del cicle mitj\u00e0.<\/p>\n<h4>Abs\u00e8ncies i retards<\/h4>\n<p>Si algun nen\/a ha de faltar ocasionalment a l\u2019escola, o en cas de malaltia, cal que la fam\u00edlia ho comuniqui al tutor\/a, portant una nota, avisant per tel\u00e8fon a la secretaria de l&#8217;escola o b\u00e9 enviant un correu a escolaribatallada<span class=\"\">@xtec.cat<\/span><\/p>\n<h4>Informes<\/h4>\n<p>A educaci\u00f3 Infantil es realitzen dos informes: un a finals de desembre i un altre a final de curs.<br \/>\nA educaci\u00f3 Prim\u00e0ria se&#8217;n realitzen tres, un\u00a0a final de cada trimestre.<\/p>\n<p>Per comentar l&#8217;informe de l&#8217;\u00faltim trimestre es far\u00e0 una entrevista personal o telem\u00e0tica amb cada fam\u00edlia.<br \/>\nTots els informes s&#8217;enviaran per correu electr\u00f2nic a les fam\u00edlies.<\/p>\n<h4>Reunions i entrevistes<\/h4>\n<p>Les reunions de grup-classe per explicar els objectius i funcionament del curs es fan a l\u2019octubre a les sis de la tarda, presencialment a l&#8217;escola.<br \/>\nAl llarg del curs cada tutor realitza, com a m\u00ednim, una entrevista individual amb cada fam\u00edlia. Aquestes es realitzen els dimarts en la franja hor\u00e0ria de 12:30h a 13:30h.<br \/>\nA I3, a comen\u00e7ament de curs i mentre dura el per\u00edode d&#8217;acollida, durant els migdies i tardes, la tutora realitzar\u00e0 les primeres entrevistes amb les fam\u00edlies.<\/p>\n<h4>Comunicacions<\/h4>\n<p>Per parlar de q\u00fcestions generals del centre, la direcci\u00f3 est\u00e0 a la\u00a0vostra disposici\u00f3 i us atendr\u00e0 sempre que ho creieu necessari en\u00a0les hores fixades per a tal motiu.<\/p>\n<p style=\"padding-left: 40px;\"><strong>Secretaria &#8211;<\/strong> Dimecres de 9h a 10:30h<\/p>\n<p style=\"padding-left: 40px;\"><strong>Cap d&#8217;estudis &#8211;<\/strong> Dijous de 9h a 10:30h<\/p>\n<p style=\"padding-left: 40px;\"><strong>Direcci\u00f3 &#8211;<\/strong> Dilluns de 9h a 10h i divendres de 15:30h a 16:30h<\/p>\n","protected":false},"excerpt":{"rendered":"<p>Comunicats adre\u00e7ats a les fam\u00edlies La majoria d&#8217;informacions que fem arribar a les fam\u00edlies les realitzem per mitj\u00e0 de correu electr\u00f2nic, generalment els divendres. Per algunes informacions puntuals tamb\u00e9 utilitzarem l&#8217;agenda individual de l&#8217;alumne, a cicle mitj\u00e0 i superior. Notes adre\u00e7ades als mestres Quan una fam\u00edlia hagi de notificar alguna informaci\u00f3 a la tutora ho [&hellip;]<\/p>\n","protected":false},"author":1,"featured_media":0,"parent":1133,"menu_order":40,"comment_status":"closed","ping_status":"closed","template":"","meta":{"_bbp_topic_count":0,"_bbp_reply_count":0,"_bbp_total_topic_count":0,"_bbp_total_reply_count":0,"_bbp_voice_count":0,"_bbp_anonymous_reply_count":0,"_bbp_topic_count_hidden":0,"_bbp_reply_count_hidden":0,"_bbp_forum_subforum_count":0,"site-sidebar-layout":"default","site-content-layout":"","ast-site-content-layout":"default","site-content-style":"default","site-sidebar-style":"default","ast-global-header-display":"","ast-banner-title-visibility":"","ast-main-header-display":"","ast-hfb-above-header-display":"","ast-hfb-below-header-display":"","ast-hfb-mobile-header-display":"","site-post-title":"","ast-breadcrumbs-content":"","ast-featured-img":"","footer-sml-layout":"","theme-transparent-header-meta":"","adv-header-id-meta":"","stick-header-meta":"","header-above-stick-meta":"","header-main-stick-meta":"","header-below-stick-meta":"","astra-migrate-meta-layouts":"set","ast-page-background-enabled":"default","ast-page-background-meta":{"desktop":{"background-color":"var(--ast-global-color-4)","background-image":"","background-repeat":"repeat","background-position":"center center","background-size":"auto","background-attachment":"scroll","background-type":"","background-media":"","overlay-type":"","overlay-color":"","overlay-opacity":"","overlay-gradient":""},"tablet":{"background-color":"","background-image":"","background-repeat":"repeat","background-position":"center center","background-size":"auto","background-attachment":"scroll","background-type":"","background-media":"","overlay-type":"","overlay-color":"","overlay-opacity":"","overlay-gradient":""},"mobile":{"background-color":"","background-image":"","background-repeat":"repeat","background-position":"center center","background-size":"auto","background-attachment":"scroll","background-type":"","background-media":"","overlay-type":"","overlay-color":"","overlay-opacity":"","overlay-gradient":""}},"ast-content-background-meta":{"desktop":{"background-color":"var(--ast-global-color-5)","background-image":"","background-repeat":"repeat","background-position":"center center","background-size":"auto","background-attachment":"scroll","background-type":"","background-media":"","overlay-type":"","overlay-color":"","overlay-opacity":"","overlay-gradient":""},"tablet":{"background-color":"var(--ast-global-color-5)","background-image":"","background-repeat":"repeat","background-position":"center center","background-size":"auto","background-attachment":"scroll","background-type":"","background-media":"","overlay-type":"","overlay-color":"","overlay-opacity":"","overlay-gradient":""},"mobile":{"background-color":"var(--ast-global-color-5)","background-image":"","background-repeat":"repeat","background-position":"center center","background-size":"auto","background-attachment":"scroll","background-type":"","background-media":"","overlay-type":"","overlay-color":"","overlay-opacity":"","overlay-gradient":""}},"footnotes":""},"class_list":["post-80","page","type-page","status-publish","hentry"],"post_mailing_queue_ids":[],"_links":{"self":[{"href":"https:\/\/agora.xtec.cat\/escolaribatallada\/wp-json\/wp\/v2\/pages\/80","targetHints":{"allow":["GET"]}}],"collection":[{"href":"https:\/\/agora.xtec.cat\/escolaribatallada\/wp-json\/wp\/v2\/pages"}],"about":[{"href":"https:\/\/agora.xtec.cat\/escolaribatallada\/wp-json\/wp\/v2\/types\/page"}],"author":[{"embeddable":true,"href":"https:\/\/agora.xtec.cat\/escolaribatallada\/wp-json\/wp\/v2\/users\/1"}],"replies":[{"embeddable":true,"href":"https:\/\/agora.xtec.cat\/escolaribatallada\/wp-json\/wp\/v2\/comments?post=80"}],"version-history":[{"count":6,"href":"https:\/\/agora.xtec.cat\/escolaribatallada\/wp-json\/wp\/v2\/pages\/80\/revisions"}],"predecessor-version":[{"id":3548,"href":"https:\/\/agora.xtec.cat\/escolaribatallada\/wp-json\/wp\/v2\/pages\/80\/revisions\/3548"}],"up":[{"embeddable":true,"href":"https:\/\/agora.xtec.cat\/escolaribatallada\/wp-json\/wp\/v2\/pages\/1133"}],"wp:attachment":[{"href":"https:\/\/agora.xtec.cat\/escolaribatallada\/wp-json\/wp\/v2\/media?parent=80"}],"curies":[{"name":"wp","href":"https:\/\/api.w.org\/{rel}","templated":true}]}}