{"id":38,"date":"2014-09-18T12:34:08","date_gmt":"2014-09-18T10:34:08","guid":{"rendered":"http:\/\/agora.xtec.cat\/escolaribatallada\/?page_id=38"},"modified":"2022-09-14T14:45:05","modified_gmt":"2022-09-14T12:45:05","slug":"salut","status":"publish","type":"page","link":"https:\/\/agora.xtec.cat\/escolaribatallada\/organitzacio-i-funcionament\/salut\/","title":{"rendered":"Salut"},"content":{"rendered":"<h4 style=\"text-align: justify;\"><strong>Administraci\u00f3 de medicaments<\/strong><\/h4>\n<p style=\"text-align: justify;\">Cal que el pare, mare o tutor legal aporti una recepta o informe del metge o metgessa on consti el nom de l\u2019alumne\/a, la pauta i el nom del medicament que ha de prendre, aix\u00ed com l\u2019autoritzaci\u00f3 escrita per tal que el personal del centre pugui administrar la medicaci\u00f3 prescrita, sempre que sigui imprescindible la seva administraci\u00f3 en horari lectiu. Creiem molt important l\u2019assist\u00e8ncia continuada a classe, per\u00f2, quan un nen\/a est\u00e0 malalt ha de descansar a casa fins que estigui recuperat per evitar el possible contagi. Si un nen\/a presenta s\u00edmptomes de malaltia durant la seva estada a l\u2019escola avisarem a la fam\u00edlia. Cal comunicar als mestres tutors qualsevol tipus d\u2019al\u00b7l\u00e8rgia que tingui el vostre fill\/a.<\/p>\n<p style=\"text-align: justify;\">Finalment us recordem que les fam\u00edlies amb infants afectats de pediculosi (polls) cal que ho comuniquin el m\u00e9s aviat possible a l\u2019escola i realitzin el tractament indicat fins eliminar els par\u00e0sits. <b>Us recordem que no\u00a0<\/b><b>pot assistir a l\u2019escola per evitar el contagi.<\/b><\/p>\n<h4><\/h4>\n<h4 style=\"text-align: justify;\"><strong>Accidents dels alumnes\u00a0<\/strong><\/h4>\n<p style=\"text-align: justify;\">L\u2019escola t\u00e9 un protocol d\u2019actuaci\u00f3 davant d\u2019un accident escolar. Quan sigui evident que l\u2019accident \u00e9s lleu, se li faran les primeres cures i l\u2019infant esperar\u00e0 a les hores de sortida per tal que les persones que el recullin siguin les que l\u2019acompanyin al CAP en el cas que s\u2019estimi convenient. En els casos que es consideri necessari, es demanaran els serveis d\u2019ambul\u00e0ncia i una persona responsable, preferentment el tutor o la tutora de l\u2019infant, l\u2019acompanyar\u00e0 al centre sanitari, alhora que s\u2019informar\u00e0 a la fam\u00edlia.<\/p>\n<p>&nbsp;<\/p>\n","protected":false},"excerpt":{"rendered":"<p>Administraci\u00f3 de medicaments Cal que el pare, mare o tutor legal aporti una recepta o informe del metge o metgessa on consti el nom de l\u2019alumne\/a, la pauta i el nom del medicament que ha de prendre, aix\u00ed com l\u2019autoritzaci\u00f3 escrita per tal que el personal del centre pugui administrar la medicaci\u00f3 prescrita, sempre que [&hellip;]<\/p>\n","protected":false},"author":1,"featured_media":0,"parent":1133,"menu_order":80,"comment_status":"closed","ping_status":"closed","template":"page-templates\/side-menu.php","meta":{"_bbp_topic_count":0,"_bbp_reply_count":0,"_bbp_total_topic_count":0,"_bbp_total_reply_count":0,"_bbp_voice_count":0,"_bbp_anonymous_reply_count":0,"_bbp_topic_count_hidden":0,"_bbp_reply_count_hidden":0,"_bbp_forum_subforum_count":0,"site-sidebar-layout":"default","site-content-layout":"","ast-site-content-layout":"","site-content-style":"default","site-sidebar-style":"default","ast-global-header-display":"","ast-banner-title-visibility":"","ast-main-header-display":"","ast-hfb-above-header-display":"","ast-hfb-below-header-display":"","ast-hfb-mobile-header-display":"","site-post-title":"","ast-breadcrumbs-content":"","ast-featured-img":"","footer-sml-layout":"","theme-transparent-header-meta":"","adv-header-id-meta":"","stick-header-meta":"","header-above-stick-meta":"","header-main-stick-meta":"","header-below-stick-meta":"","astra-migrate-meta-layouts":"default","ast-page-background-enabled":"default","ast-page-background-meta":{"desktop":{"background-color":"var(--ast-global-color-4)","background-image":"","background-repeat":"repeat","background-position":"center center","background-size":"auto","background-attachment":"scroll","background-type":"","background-media":"","overlay-type":"","overlay-color":"","overlay-opacity":"","overlay-gradient":""},"tablet":{"background-color":"","background-image":"","background-repeat":"repeat","background-position":"center center","background-size":"auto","background-attachment":"scroll","background-type":"","background-media":"","overlay-type":"","overlay-color":"","overlay-opacity":"","overlay-gradient":""},"mobile":{"background-color":"","background-image":"","background-repeat":"repeat","background-position":"center center","background-size":"auto","background-attachment":"scroll","background-type":"","background-media":"","overlay-type":"","overlay-color":"","overlay-opacity":"","overlay-gradient":""}},"ast-content-background-meta":{"desktop":{"background-color":"var(--ast-global-color-5)","background-image":"","background-repeat":"repeat","background-position":"center center","background-size":"auto","background-attachment":"scroll","background-type":"","background-media":"","overlay-type":"","overlay-color":"","overlay-opacity":"","overlay-gradient":""},"tablet":{"background-color":"var(--ast-global-color-5)","background-image":"","background-repeat":"repeat","background-position":"center center","background-size":"auto","background-attachment":"scroll","background-type":"","background-media":"","overlay-type":"","overlay-color":"","overlay-opacity":"","overlay-gradient":""},"mobile":{"background-color":"var(--ast-global-color-5)","background-image":"","background-repeat":"repeat","background-position":"center center","background-size":"auto","background-attachment":"scroll","background-type":"","background-media":"","overlay-type":"","overlay-color":"","overlay-opacity":"","overlay-gradient":""}},"footnotes":""},"class_list":["post-38","page","type-page","status-publish","hentry"],"post_mailing_queue_ids":[],"_links":{"self":[{"href":"https:\/\/agora.xtec.cat\/escolaribatallada\/wp-json\/wp\/v2\/pages\/38","targetHints":{"allow":["GET"]}}],"collection":[{"href":"https:\/\/agora.xtec.cat\/escolaribatallada\/wp-json\/wp\/v2\/pages"}],"about":[{"href":"https:\/\/agora.xtec.cat\/escolaribatallada\/wp-json\/wp\/v2\/types\/page"}],"author":[{"embeddable":true,"href":"https:\/\/agora.xtec.cat\/escolaribatallada\/wp-json\/wp\/v2\/users\/1"}],"replies":[{"embeddable":true,"href":"https:\/\/agora.xtec.cat\/escolaribatallada\/wp-json\/wp\/v2\/comments?post=38"}],"version-history":[{"count":3,"href":"https:\/\/agora.xtec.cat\/escolaribatallada\/wp-json\/wp\/v2\/pages\/38\/revisions"}],"predecessor-version":[{"id":2009,"href":"https:\/\/agora.xtec.cat\/escolaribatallada\/wp-json\/wp\/v2\/pages\/38\/revisions\/2009"}],"up":[{"embeddable":true,"href":"https:\/\/agora.xtec.cat\/escolaribatallada\/wp-json\/wp\/v2\/pages\/1133"}],"wp:attachment":[{"href":"https:\/\/agora.xtec.cat\/escolaribatallada\/wp-json\/wp\/v2\/media?parent=38"}],"curies":[{"name":"wp","href":"https:\/\/api.w.org\/{rel}","templated":true}]}}