{"id":877,"date":"2021-01-09T20:35:38","date_gmt":"2021-01-09T19:35:38","guid":{"rendered":"https:\/\/agora.xtec.cat\/escolaramonllullbcn\/?page_id=877"},"modified":"2025-09-14T12:24:16","modified_gmt":"2025-09-14T10:24:16","slug":"afa","status":"publish","type":"page","link":"https:\/\/agora.xtec.cat\/escolaramonllullbcn\/afa\/","title":{"rendered":"AFA"},"content":{"rendered":"<p style=\"text-align: justify;\"><strong>L\u2019Associaci\u00f3 de Fam\u00edlies d\u2019Alumnes (AFA)<\/strong> \u00e9s una entitat sense \u00e0nim de lucre formada per fam\u00edlies d\u2019alumnes de l\u2019Escola Ramon Llull. Per formar part cal fer-se soci\/s\u00f2cia, us adjuntem el document d\u2019inscripci\u00f3 i les dades de contacte amb nosaltres:<\/p>\n<p style=\"text-align: center;\"><a href=\"https:\/\/agora.xtec.cat\/escolaramonllullbcn\/wp-content\/uploads\/usu2237\/2021\/01\/Inscripcio-AFA-2020-21.pdf\">\ud83d\udcc4 <\/a><a href=\"https:\/\/agora.xtec.cat\/escolaramonllullbcn\/wp-content\/uploads\/usu2237\/2021\/06\/INSCRIPCIO-FAMILIES-AFA.docx\">INSCRIPCIO FAMILIES AFA<\/a><\/p>\n<p><strong>Administrativa<\/strong>: \u00c0ngela Taul\u00e9<a href=\"https:\/\/agora.xtec.cat\/escolaramonllullbcn\/wp-content\/uploads\/usu2237\/2021\/01\/Escola-Logos-04.png\"><img loading=\"lazy\" decoding=\"async\" class=\"wp-image-1010 alignright\" src=\"https:\/\/agora.xtec.cat\/escolaramonllullbcn\/wp-content\/uploads\/usu2237\/2021\/01\/Escola-Logos-04-e1610578022594-300x262.png\" alt=\"\" width=\"166\" height=\"145\" \/><\/a><\/p>\n<p>Dilluns a dijous : 16:15h &#8211; 18:45h<\/p>\n<p>\u260e\u00a0 <strong>667.46.35.08<\/strong><\/p>\n<p><strong> \u2709 <a class=\"rABsFf RffVmb AL18ce\" href=\"mailto:secrerllull@gmail.com\" target=\"_blank\" rel=\"noopener noreferrer\" data-tooltip=\"Del perfil de Google de l'usuari\" data-tooltip-position=\"top\">afaescolaramonllullbcn@gmail.com<\/a><\/strong><\/p>\n<p style=\"text-align: justify;\"><strong>L\u2019objectiu<\/strong><\/p>\n<p style=\"text-align: justify;\">Contribu\u00efr al bon funcionament de l\u2019escola\u00a0i millorar les condicions d\u2019escolaritzaci\u00f3 dels nostres fills i filles.<\/p>\n<p style=\"text-align: justify;\"><strong>Com ho fem?<\/strong><\/p>\n<p style=\"text-align: justify;\">Juntament amb l\u2019escola i sobretot amb la\u00a0participaci\u00f3 de les fam\u00edlies\u00a0vetllem per\u00a0la qualitat de l\u2019educaci\u00f3 p\u00fablica.<\/p>\n<p style=\"text-align: justify;\"><strong>Qu\u00e8 fem?<\/strong><\/p>\n<p style=\"text-align: justify;\">Participaci\u00f3 en el Consell Escolar<\/p>\n<p style=\"text-align: justify;\">Organitzaci\u00f3 de les Assemblees de fam\u00edlies de forma peri\u00f2dica.<\/p>\n<p style=\"text-align: justify;\">Desenvolupament de l\u2019oferta d\u2019activitats extraescolars, casal d\u2019estiu i acollides.<\/p>\n<p style=\"text-align: justify;\">Promoci\u00f3 d\u2019activitats l\u00fadiques com celebraci\u00f3 de festes, sortides, campanyes, etc.<\/p>\n<p style=\"text-align: justify;\">Participaci\u00f3 activa en accions i reivindicacions per millorar les condicions de tota la Comunitat Educativa.<\/p>\n<p style=\"text-align: justify;\">Desenvolupament del Projecte de reutilitzaci\u00f3 de llibres.<\/p>\n<p style=\"text-align: justify;\">Coordinaci\u00f3 amb altres AFA i entitats de l\u2019entorn.<\/p>\n<p style=\"text-align: justify;\">Seguiment de la vida escolar a trav\u00e9s d\u2019una estreta connexi\u00f3 amb l\u2019equip directiu.<\/p>\n<p style=\"text-align: justify;\">Aquestes s\u00f3n, entre d\u2019altres, algunes de les tasques que es desenvolupen, i per aix\u00f2 \u00e9s<strong> imprescindible l\u2019ajut de totes les fam\u00edlies de l\u2019escola. <\/strong>Des de l\u2019aportaci\u00f3 d\u2019una simple idea fins a la participaci\u00f3 activa en la junta de l\u2019AFA.<\/p>\n<p>Us animem a participar !<\/p>\n","protected":false},"excerpt":{"rendered":"<p>L\u2019Associaci\u00f3 de Fam\u00edlies d\u2019Alumnes (AFA) \u00e9s una entitat sense \u00e0nim de lucre formada per fam\u00edlies d\u2019alumnes de l\u2019Escola Ramon Llull. Per formar part cal fer-se soci\/s\u00f2cia, us adjuntem el document d\u2019inscripci\u00f3 i les dades de contacte amb nosaltres:<br \/>\n<a href=\"https:\/\/agora.xtec.cat\/escolaramonllullbcn\/wp-content\/uploads\/usu2237\/2021\/01\/Inscripcio-AFA-2020-21.pdf\">\ud83d\udcc4 <\/a><a href=\"https:\/\/agora.xtec.cat\/escolaramonllullbcn\/wp-content\/uploads\/usu2237\/2021\/06\/INSCRIPCIO-FAMILIES-AFA.docx\">INSCRIPCIO FAMILIES AFA<\/a><br \/>\nAdministrativa: \u00c0ngela Taul\u00e9<a&hellip;  <a href=\"https:\/\/agora.xtec.cat\/escolaramonllullbcn\/afa\/\" title=\"Read AFA\">Llegeix m\u00e9s\u00bb<\/a><\/p>\n","protected":false},"author":1,"featured_media":0,"parent":0,"menu_order":0,"comment_status":"closed","ping_status":"closed","template":"page-templates\/side-menu.php","meta":{"_bbp_topic_count":0,"_bbp_reply_count":0,"_bbp_total_topic_count":0,"_bbp_total_reply_count":0,"_bbp_voice_count":0,"_bbp_anonymous_reply_count":0,"_bbp_topic_count_hidden":0,"_bbp_reply_count_hidden":0,"_bbp_forum_subforum_count":0,"footnotes":""},"class_list":["post-877","page","type-page","status-publish","hentry"],"post_mailing_queue_ids":[],"_links":{"self":[{"href":"https:\/\/agora.xtec.cat\/escolaramonllullbcn\/wp-json\/wp\/v2\/pages\/877","targetHints":{"allow":["GET"]}}],"collection":[{"href":"https:\/\/agora.xtec.cat\/escolaramonllullbcn\/wp-json\/wp\/v2\/pages"}],"about":[{"href":"https:\/\/agora.xtec.cat\/escolaramonllullbcn\/wp-json\/wp\/v2\/types\/page"}],"author":[{"embeddable":true,"href":"https:\/\/agora.xtec.cat\/escolaramonllullbcn\/wp-json\/wp\/v2\/users\/1"}],"replies":[{"embeddable":true,"href":"https:\/\/agora.xtec.cat\/escolaramonllullbcn\/wp-json\/wp\/v2\/comments?post=877"}],"version-history":[{"count":5,"href":"https:\/\/agora.xtec.cat\/escolaramonllullbcn\/wp-json\/wp\/v2\/pages\/877\/revisions"}],"predecessor-version":[{"id":4167,"href":"https:\/\/agora.xtec.cat\/escolaramonllullbcn\/wp-json\/wp\/v2\/pages\/877\/revisions\/4167"}],"wp:attachment":[{"href":"https:\/\/agora.xtec.cat\/escolaramonllullbcn\/wp-json\/wp\/v2\/media?parent=877"}],"curies":[{"name":"wp","href":"https:\/\/api.w.org\/{rel}","templated":true}]}}