{"id":599,"date":"2021-01-05T16:13:55","date_gmt":"2021-01-05T15:13:55","guid":{"rendered":"https:\/\/agora.xtec.cat\/ceip-ramonllull-bcn\/?page_id=599"},"modified":"2025-02-05T15:36:14","modified_gmt":"2025-02-05T14:36:14","slug":"menjador","status":"publish","type":"page","link":"https:\/\/agora.xtec.cat\/escolaramonllullbcn\/comunicacio\/menjador\/","title":{"rendered":"Menjador"},"content":{"rendered":"<p style=\"text-align: justify;\">El servei de <strong>cuina<\/strong> i <strong>monitoratge de migdia<\/strong> est\u00e0 a c\u00e0rrec de l&#8217;empresa COBISA. L&#8217;escola compta amb cuina pr\u00f2pia i espai ampli de menjador on se serveix di\u00e0riament l&#8217;\u00e0pat a bona part de l&#8217;alumnat d<span style=\"font-family: inherit; font-size: 1em;\">el cent<\/span>re.<\/p>\n<p style=\"text-align: justify;\">\ud83d\udcc4 <a href=\"https:\/\/agora.xtec.cat\/escolaramonllullbcn\/wp-content\/uploads\/usu2237\/2024\/03\/presentacio-espai-de-menjador_compressed.pdf\">PRESENTACI\u00d3 ESPAI DE MENJADOR<\/a><\/p>\n<p style=\"text-align: justify;\">Amb ells podeu contactar directament per resoldre qualsevol tipus de dubte sobre el funcionament del servei.<\/p>\n<p style=\"text-align: center;\"><strong>\ud83d\udce2\u00a0 A sota trobareu un exemple de men\u00fa per a un mes sencer !<\/strong><\/p>\n<p><img loading=\"lazy\" decoding=\"async\" class=\"size-full wp-image-919 alignright\" src=\"https:\/\/agora.xtec.cat\/escolaramonllullbcn\/wp-content\/uploads\/usu2237\/2021\/01\/cobisa.png\" alt=\"\" width=\"292\" height=\"173\" \/><\/p>\n<p>&nbsp;<\/p>\n<p><strong>Administrativa i c<\/strong><strong>oordinadora monitores<\/strong><span style=\"font-family: inherit; font-size: 1em;\">: Cintia Masoller<\/span><\/p>\n<p>&nbsp;<\/p>\n<p>Matins: 08:30h &#8211; 12:30h<\/p>\n<p>Podeu contactar amb ella:<\/p>\n<p>\u260e <strong>667.46.23.46<\/strong><\/p>\n<p><strong> \u2709 <a class=\"rABsFf RffVmb AL18ce\" href=\"mailto:menjadorramonllull2020@gmail.com\" target=\"_blank\" rel=\"noopener noreferrer\" data-tooltip=\"Del perfil de Google de l'usuari\" data-tooltip-position=\"top\">menjadorescolaramonllull@gmail.com<\/a><\/strong><\/p>\n<p><strong>MEN\u00daS EXEMPLE. Bon profit !!\ud83d\ude0b<\/strong><\/p>\n<table>\n<tbody>\n<tr>\n<td style=\"text-align: center;\"><strong>BASAL<\/strong><\/td>\n<td style=\"text-align: center;\"><strong>SEMI VEGETARI\u00c0<\/strong><\/td>\n<td style=\"text-align: center;\"><strong>SENSE LACTOSA<\/strong><\/td>\n<td style=\"text-align: center;\"><strong>SENSE PORC<\/strong><\/td>\n<td style=\"text-align: center;\"><strong>PROPOSTA SOPARS<\/strong><\/td>\n<\/tr>\n<tr>\n<td><a href=\"https:\/\/agora.xtec.cat\/escolaramonllullbcn\/wp-content\/uploads\/usu2237\/2022\/10\/BASAL.jpg\"><img loading=\"lazy\" decoding=\"async\" class=\"aligncenter size-medium wp-image-2734\" src=\"https:\/\/agora.xtec.cat\/escolaramonllullbcn\/wp-content\/uploads\/usu2237\/2022\/10\/BASAL-300x213.jpg\" alt=\"\" width=\"300\" height=\"213\" srcset=\"https:\/\/agora.xtec.cat\/escolaramonllullbcn\/wp-content\/uploads\/usu2237\/2022\/10\/BASAL-300x213.jpg 300w, https:\/\/agora.xtec.cat\/escolaramonllullbcn\/wp-content\/uploads\/usu2237\/2022\/10\/BASAL-768x544.jpg 768w, https:\/\/agora.xtec.cat\/escolaramonllullbcn\/wp-content\/uploads\/usu2237\/2022\/10\/BASAL.jpg 789w\" sizes=\"auto, (max-width: 300px) 100vw, 300px\" \/><\/a><\/td>\n<td><a href=\"https:\/\/agora.xtec.cat\/escolaramonllullbcn\/wp-content\/uploads\/usu2237\/2022\/10\/SEMIVEGA.jpg\"><img loading=\"lazy\" decoding=\"async\" class=\"aligncenter size-medium wp-image-2735\" src=\"https:\/\/agora.xtec.cat\/escolaramonllullbcn\/wp-content\/uploads\/usu2237\/2022\/10\/SEMIVEGA-300x212.jpg\" alt=\"\" width=\"300\" height=\"212\" srcset=\"https:\/\/agora.xtec.cat\/escolaramonllullbcn\/wp-content\/uploads\/usu2237\/2022\/10\/SEMIVEGA-300x212.jpg 300w, https:\/\/agora.xtec.cat\/escolaramonllullbcn\/wp-content\/uploads\/usu2237\/2022\/10\/SEMIVEGA-768x543.jpg 768w, https:\/\/agora.xtec.cat\/escolaramonllullbcn\/wp-content\/uploads\/usu2237\/2022\/10\/SEMIVEGA.jpg 793w\" sizes=\"auto, (max-width: 300px) 100vw, 300px\" \/><\/a><\/td>\n<td><a href=\"https:\/\/agora.xtec.cat\/escolaramonllullbcn\/wp-content\/uploads\/usu2237\/2022\/10\/SENSE-LACTOSA.jpg\"><img loading=\"lazy\" decoding=\"async\" class=\"aligncenter size-medium wp-image-2736\" src=\"https:\/\/agora.xtec.cat\/escolaramonllullbcn\/wp-content\/uploads\/usu2237\/2022\/10\/SENSE-LACTOSA-300x210.jpg\" alt=\"\" width=\"300\" height=\"210\" srcset=\"https:\/\/agora.xtec.cat\/escolaramonllullbcn\/wp-content\/uploads\/usu2237\/2022\/10\/SENSE-LACTOSA-300x210.jpg 300w, https:\/\/agora.xtec.cat\/escolaramonllullbcn\/wp-content\/uploads\/usu2237\/2022\/10\/SENSE-LACTOSA-768x539.jpg 768w, https:\/\/agora.xtec.cat\/escolaramonllullbcn\/wp-content\/uploads\/usu2237\/2022\/10\/SENSE-LACTOSA.jpg 791w\" sizes=\"auto, (max-width: 300px) 100vw, 300px\" \/><\/a><\/td>\n<td><a href=\"https:\/\/agora.xtec.cat\/escolaramonllullbcn\/wp-content\/uploads\/usu2237\/2022\/10\/SENSE-PORC.jpg\"><img loading=\"lazy\" decoding=\"async\" class=\"aligncenter size-medium wp-image-2737\" src=\"https:\/\/agora.xtec.cat\/escolaramonllullbcn\/wp-content\/uploads\/usu2237\/2022\/10\/SENSE-PORC-300x212.jpg\" alt=\"\" width=\"300\" height=\"212\" srcset=\"https:\/\/agora.xtec.cat\/escolaramonllullbcn\/wp-content\/uploads\/usu2237\/2022\/10\/SENSE-PORC-300x212.jpg 300w, https:\/\/agora.xtec.cat\/escolaramonllullbcn\/wp-content\/uploads\/usu2237\/2022\/10\/SENSE-PORC-768x543.jpg 768w, https:\/\/agora.xtec.cat\/escolaramonllullbcn\/wp-content\/uploads\/usu2237\/2022\/10\/SENSE-PORC.jpg 791w\" sizes=\"auto, (max-width: 300px) 100vw, 300px\" \/><\/a><\/td>\n<td><a href=\"https:\/\/agora.xtec.cat\/escolaramonllullbcn\/wp-content\/uploads\/usu2237\/2022\/10\/SOPARS.jpg\"><img loading=\"lazy\" decoding=\"async\" class=\"aligncenter size-medium wp-image-2738\" src=\"https:\/\/agora.xtec.cat\/escolaramonllullbcn\/wp-content\/uploads\/usu2237\/2022\/10\/SOPARS-300x211.jpg\" alt=\"\" width=\"300\" height=\"211\" srcset=\"https:\/\/agora.xtec.cat\/escolaramonllullbcn\/wp-content\/uploads\/usu2237\/2022\/10\/SOPARS-300x211.jpg 300w, https:\/\/agora.xtec.cat\/escolaramonllullbcn\/wp-content\/uploads\/usu2237\/2022\/10\/SOPARS-768x541.jpg 768w, https:\/\/agora.xtec.cat\/escolaramonllullbcn\/wp-content\/uploads\/usu2237\/2022\/10\/SOPARS.jpg 793w\" sizes=\"auto, (max-width: 300px) 100vw, 300px\" \/><\/a><\/td>\n<\/tr>\n<\/tbody>\n<\/table>\n<p><a href=\"https:\/\/agora.xtec.cat\/escolaramonllullbcn\/wp-content\/uploads\/usu2237\/2022\/10\/PASTANAGA.jpg\"><img loading=\"lazy\" decoding=\"async\" class=\"aligncenter size-medium wp-image-2739\" src=\"https:\/\/agora.xtec.cat\/escolaramonllullbcn\/wp-content\/uploads\/usu2237\/2022\/10\/PASTANAGA-300x211.jpg\" alt=\"\" width=\"300\" height=\"211\" srcset=\"https:\/\/agora.xtec.cat\/escolaramonllullbcn\/wp-content\/uploads\/usu2237\/2022\/10\/PASTANAGA-300x211.jpg 300w, https:\/\/agora.xtec.cat\/escolaramonllullbcn\/wp-content\/uploads\/usu2237\/2022\/10\/PASTANAGA-768x539.jpg 768w, https:\/\/agora.xtec.cat\/escolaramonllullbcn\/wp-content\/uploads\/usu2237\/2022\/10\/PASTANAGA.jpg 785w\" sizes=\"auto, (max-width: 300px) 100vw, 300px\" \/><\/a><\/p>\n","protected":false},"excerpt":{"rendered":"<p>El servei de cuina i monitoratge de migdia est\u00e0 a c\u00e0rrec de l&#8217;empresa COBISA. L&#8217;escola compta amb cuina pr\u00f2pia i espai ampli de menjador on se serveix di\u00e0riament l&#8217;\u00e0pat a bona part de l&#8217;alumnat del centre.<br \/>\n\ud83d\udcc4 <a href=\"https:\/\/agora.xtec.cat\/escolaramonllullbcn\/wp-content\/uploads\/usu2237\/2024\/03\/presentacio-espai-de-menjador_compressed.pdf\">PRESENTACI\u00d3 ESPAI DE MENJADOR<\/a><br \/>\nAmb ells podeu contactar directament&hellip;  <a href=\"https:\/\/agora.xtec.cat\/escolaramonllullbcn\/comunicacio\/menjador\/\" title=\"Read Menjador\">Llegeix m\u00e9s\u00bb<\/a><\/p>\n","protected":false},"author":1,"featured_media":0,"parent":521,"menu_order":30,"comment_status":"closed","ping_status":"closed","template":"page-templates\/side-menu.php","meta":{"_bbp_topic_count":0,"_bbp_reply_count":0,"_bbp_total_topic_count":0,"_bbp_total_reply_count":0,"_bbp_voice_count":0,"_bbp_anonymous_reply_count":0,"_bbp_topic_count_hidden":0,"_bbp_reply_count_hidden":0,"_bbp_forum_subforum_count":0,"footnotes":""},"class_list":["post-599","page","type-page","status-publish","hentry"],"post_mailing_queue_ids":[],"_links":{"self":[{"href":"https:\/\/agora.xtec.cat\/escolaramonllullbcn\/wp-json\/wp\/v2\/pages\/599","targetHints":{"allow":["GET"]}}],"collection":[{"href":"https:\/\/agora.xtec.cat\/escolaramonllullbcn\/wp-json\/wp\/v2\/pages"}],"about":[{"href":"https:\/\/agora.xtec.cat\/escolaramonllullbcn\/wp-json\/wp\/v2\/types\/page"}],"author":[{"embeddable":true,"href":"https:\/\/agora.xtec.cat\/escolaramonllullbcn\/wp-json\/wp\/v2\/users\/1"}],"replies":[{"embeddable":true,"href":"https:\/\/agora.xtec.cat\/escolaramonllullbcn\/wp-json\/wp\/v2\/comments?post=599"}],"version-history":[{"count":6,"href":"https:\/\/agora.xtec.cat\/escolaramonllullbcn\/wp-json\/wp\/v2\/pages\/599\/revisions"}],"predecessor-version":[{"id":3921,"href":"https:\/\/agora.xtec.cat\/escolaramonllullbcn\/wp-json\/wp\/v2\/pages\/599\/revisions\/3921"}],"up":[{"embeddable":true,"href":"https:\/\/agora.xtec.cat\/escolaramonllullbcn\/wp-json\/wp\/v2\/pages\/521"}],"wp:attachment":[{"href":"https:\/\/agora.xtec.cat\/escolaramonllullbcn\/wp-json\/wp\/v2\/media?parent=599"}],"curies":[{"name":"wp","href":"https:\/\/api.w.org\/{rel}","templated":true}]}}