{"id":598,"date":"2021-01-05T16:13:55","date_gmt":"2021-01-05T15:13:55","guid":{"rendered":"https:\/\/agora.xtec.cat\/ceip-ramonllull-bcn\/?page_id=598"},"modified":"2026-03-05T10:54:21","modified_gmt":"2026-03-05T09:54:21","slug":"extraescolars","status":"publish","type":"page","link":"https:\/\/agora.xtec.cat\/escolaramonllullbcn\/afa\/extraescolars\/","title":{"rendered":"Extraescolars"},"content":{"rendered":"<p style=\"text-align: justify;\">Compartim en aquest espai l&#8217;oferta d&#8217;activitats extraescolars que es realitzen fora de l&#8217;horari lectiu dels infants i que estan <strong>organitzades i gestionades per l&#8217;AFA<\/strong> del centre. Vetllem perqu\u00e8 sigui una proposta variada i equilibrada: activitats esportives, idiomes, musicals, art\u00edstiques, d&#8217;enginy i rob\u00f2tica, entre d&#8217;altres. D&#8217;aquesta manera s&#8217;intenta cercar que pugui respondre a les necessitats, gustos i interessos dels nens i nenes.<\/p>\n<p>Adjuntem els documents informatius de les diferents empreses que participen. Tamb\u00e9 podeu contactar directament amb la secretaria de l&#8217;AFA per trobar m\u00e9s informaci\u00f3 sobre aquest servei.<\/p>\n<p>\ud83d\udcc4 <a href=\"https:\/\/agora.xtec.cat\/escolaramonllullbcn\/wp-content\/uploads\/usu2237\/2025\/09\/ACTIVITATS-EXTRAESCOLS.pdf\">DOSSIER ACTIVITATS EXTRAESCOLARS 2025-2026<\/a><\/p>\n<p>\ud83d\udcc4 <a href=\"https:\/\/agora.xtec.cat\/escolaramonllullbcn\/wp-content\/uploads\/usu2237\/2026\/03\/INFORMACIO-EXTRAESCOLARS-PREUS-2025-26.pdf\">INFORMACI\u00d3 EXTRAESCOLARS + PREUS 2025-26<\/a><\/p>\n<p>&nbsp;<\/p>\n","protected":false},"excerpt":{"rendered":"<p>Compartim en aquest espai l&#8217;oferta d&#8217;activitats extraescolars que es realitzen fora de l&#8217;horari lectiu dels infants i que estan organitzades i gestionades per l&#8217;AFA del centre. Vetllem perqu\u00e8 sigui una proposta variada i equilibrada: activitats esportives, idiomes, musicals, art\u00edstiques, d&#8217;enginy i rob\u00f2tica, entre d&#8217;altres. D&#8217;aquesta&hellip;  <a href=\"https:\/\/agora.xtec.cat\/escolaramonllullbcn\/afa\/extraescolars\/\" title=\"Read Extraescolars\">Llegeix m\u00e9s\u00bb<\/a><\/p>\n","protected":false},"author":1,"featured_media":0,"parent":877,"menu_order":20,"comment_status":"closed","ping_status":"closed","template":"page-templates\/side-menu.php","meta":{"_bbp_topic_count":0,"_bbp_reply_count":0,"_bbp_total_topic_count":0,"_bbp_total_reply_count":0,"_bbp_voice_count":0,"_bbp_anonymous_reply_count":0,"_bbp_topic_count_hidden":0,"_bbp_reply_count_hidden":0,"_bbp_forum_subforum_count":0,"footnotes":""},"class_list":["post-598","page","type-page","status-publish","hentry"],"post_mailing_queue_ids":[],"_links":{"self":[{"href":"https:\/\/agora.xtec.cat\/escolaramonllullbcn\/wp-json\/wp\/v2\/pages\/598","targetHints":{"allow":["GET"]}}],"collection":[{"href":"https:\/\/agora.xtec.cat\/escolaramonllullbcn\/wp-json\/wp\/v2\/pages"}],"about":[{"href":"https:\/\/agora.xtec.cat\/escolaramonllullbcn\/wp-json\/wp\/v2\/types\/page"}],"author":[{"embeddable":true,"href":"https:\/\/agora.xtec.cat\/escolaramonllullbcn\/wp-json\/wp\/v2\/users\/1"}],"replies":[{"embeddable":true,"href":"https:\/\/agora.xtec.cat\/escolaramonllullbcn\/wp-json\/wp\/v2\/comments?post=598"}],"version-history":[{"count":6,"href":"https:\/\/agora.xtec.cat\/escolaramonllullbcn\/wp-json\/wp\/v2\/pages\/598\/revisions"}],"predecessor-version":[{"id":4461,"href":"https:\/\/agora.xtec.cat\/escolaramonllullbcn\/wp-json\/wp\/v2\/pages\/598\/revisions\/4461"}],"up":[{"embeddable":true,"href":"https:\/\/agora.xtec.cat\/escolaramonllullbcn\/wp-json\/wp\/v2\/pages\/877"}],"wp:attachment":[{"href":"https:\/\/agora.xtec.cat\/escolaramonllullbcn\/wp-json\/wp\/v2\/media?parent=598"}],"curies":[{"name":"wp","href":"https:\/\/api.w.org\/{rel}","templated":true}]}}