{"id":594,"date":"2021-01-05T16:13:55","date_gmt":"2021-01-05T15:13:55","guid":{"rendered":"https:\/\/agora.xtec.cat\/ceip-ramonllull-bcn\/?page_id=594"},"modified":"2021-01-08T16:34:17","modified_gmt":"2021-01-08T15:34:17","slug":"espais-daprenentatge","status":"publish","type":"page","link":"https:\/\/agora.xtec.cat\/escolaramonllullbcn\/projecte-educatiu\/projecte-tandem\/espais-daprenentatge\/","title":{"rendered":"Espais d&#8217;aprenentatge"},"content":{"rendered":"<p style=\"text-align: justify;\">La concepci\u00f3 metodol\u00f2gica del centre ens porta a la creaci\u00f3 de nous entorns d\u2019aprenentatge. Considerem necessari la transformaci\u00f3 i l\u2019<strong>\u00fas flexible d\u2019espais<\/strong> amb el prop\u00f2sit de facilitar la interacci\u00f3 per construir coneixement i viure experi\u00e8ncies d\u2019aprenentatge.<img loading=\"lazy\" decoding=\"async\" class=\"alignright wp-image-724\" src=\"https:\/\/agora.xtec.cat\/escolaramonllullbcn\/wp-content\/uploads\/usu2237\/2021\/01\/Espais-2-280x300.jpeg\" alt=\"\" width=\"237\" height=\"254\" srcset=\"https:\/\/agora.xtec.cat\/escolaramonllullbcn\/wp-content\/uploads\/usu2237\/2021\/01\/Espais-2-280x300.jpeg 280w, https:\/\/agora.xtec.cat\/escolaramonllullbcn\/wp-content\/uploads\/usu2237\/2021\/01\/Espais-2.jpeg 682w\" sizes=\"auto, (max-width: 237px) 100vw, 237px\" \/><\/p>\n<p style=\"text-align: justify;\">A poc a poc l\u2019acci\u00f3 es va desenvolupant a nous espais d\u2019aprenentatge i comunicaci\u00f3 perqu\u00e8 els mateixos escenaris ens condueixen al pati, teatre, laboratori, taller de cer\u00e0mica, hort, passad\u00eds, \u00a0biblioteca, Expollull, etc. Tamb\u00e9 es comencen a reestructurar les aules i es creen nous ambients a infantil.<\/p>\n<p style=\"text-align: justify;\">Els projectes que es desenvolupen als nostres Escenaris d\u2019Aprenentatge tamb\u00e9 es traslladen a l\u2019exterior per buscar resposta. Es vinculen les <strong>sortides pedag\u00f2giques<\/strong> al contingut que es treballa a classe i tamb\u00e9 es realitzen altres amb finalitats m\u00e9s l\u00fadiques.<\/p>\n<p style=\"text-align: justify;\">El nou projecte de Direcci\u00f3 contempla la col\u00b7laboraci\u00f3 amb les fam\u00edlies per donar suport a la <strong>creaci\u00f3 de nous espais<\/strong> que fomentin la interacci\u00f3 de nenes i nens de diferents edats . La situaci\u00f3 actual ens ha obligat a ocupar tots els espais amb grups-classe, esperem que ben aviat es pugui reprendre aquest objectiu.<\/p>\n","protected":false},"excerpt":{"rendered":"<p>La concepci\u00f3 metodol\u00f2gica del centre ens porta a la creaci\u00f3 de nous entorns d\u2019aprenentatge. Considerem necessari la transformaci\u00f3 i l\u2019\u00fas flexible d\u2019espais amb el prop\u00f2sit de facilitar la interacci\u00f3 per construir coneixement i viure experi\u00e8ncies d\u2019aprenentatge.<br \/>\nA poc a poc l\u2019acci\u00f3 es va desenvolupant a nous&hellip;  <a href=\"https:\/\/agora.xtec.cat\/escolaramonllullbcn\/projecte-educatiu\/projecte-tandem\/espais-daprenentatge\/\" title=\"Read Espais d&#8217;aprenentatge\">Llegeix m\u00e9s\u00bb<\/a><\/p>\n","protected":false},"author":1,"featured_media":0,"parent":632,"menu_order":30,"comment_status":"closed","ping_status":"closed","template":"page-templates\/side-menu.php","meta":{"_bbp_topic_count":0,"_bbp_reply_count":0,"_bbp_total_topic_count":0,"_bbp_total_reply_count":0,"_bbp_voice_count":0,"_bbp_anonymous_reply_count":0,"_bbp_topic_count_hidden":0,"_bbp_reply_count_hidden":0,"_bbp_forum_subforum_count":0,"footnotes":""},"class_list":["post-594","page","type-page","status-publish","hentry"],"post_mailing_queue_ids":[],"_links":{"self":[{"href":"https:\/\/agora.xtec.cat\/escolaramonllullbcn\/wp-json\/wp\/v2\/pages\/594","targetHints":{"allow":["GET"]}}],"collection":[{"href":"https:\/\/agora.xtec.cat\/escolaramonllullbcn\/wp-json\/wp\/v2\/pages"}],"about":[{"href":"https:\/\/agora.xtec.cat\/escolaramonllullbcn\/wp-json\/wp\/v2\/types\/page"}],"author":[{"embeddable":true,"href":"https:\/\/agora.xtec.cat\/escolaramonllullbcn\/wp-json\/wp\/v2\/users\/1"}],"replies":[{"embeddable":true,"href":"https:\/\/agora.xtec.cat\/escolaramonllullbcn\/wp-json\/wp\/v2\/comments?post=594"}],"version-history":[{"count":3,"href":"https:\/\/agora.xtec.cat\/escolaramonllullbcn\/wp-json\/wp\/v2\/pages\/594\/revisions"}],"predecessor-version":[{"id":730,"href":"https:\/\/agora.xtec.cat\/escolaramonllullbcn\/wp-json\/wp\/v2\/pages\/594\/revisions\/730"}],"up":[{"embeddable":true,"href":"https:\/\/agora.xtec.cat\/escolaramonllullbcn\/wp-json\/wp\/v2\/pages\/632"}],"wp:attachment":[{"href":"https:\/\/agora.xtec.cat\/escolaramonllullbcn\/wp-json\/wp\/v2\/media?parent=594"}],"curies":[{"name":"wp","href":"https:\/\/api.w.org\/{rel}","templated":true}]}}