{"id":22,"date":"2014-09-18T12:19:57","date_gmt":"2014-09-18T11:19:57","guid":{"rendered":"http:\/\/agora.xtec.cat\/ceip-ramonllull-bcn\/?page_id=22"},"modified":"2021-01-07T12:17:04","modified_gmt":"2021-01-07T11:17:04","slug":"lescola","status":"publish","type":"page","link":"https:\/\/agora.xtec.cat\/escolaramonllullbcn\/lescola\/","title":{"rendered":"L&#8217;escola"},"content":{"rendered":"<p style=\"text-align: justify;\">Com a tret fonamental de la nostra singularitat, es troba la creen\u00e7a compartida de considerar les arts esc\u00e8niques com unes eines per potenciar el desenvolupament de la persona d\u2019una manera integral. El cos, la ment i l\u2019\u00e0nima es posen en acci\u00f3 per viure experi\u00e8ncies que els aportaran coneixement . Experimentar i con\u00e8ixer tots els llenguatges del cos ens permetr\u00e0 obrir-nos a la comunicaci\u00f3, a ser receptius i emissors de coneixement. No parlem de teatre com a producte sin\u00f3 com a mitj\u00e0 per construir els aprenentatges.<\/p>\n<p>Ens voleu con\u00e8ixer ? Doncs alcem el tel\u00f3 !<\/p>\n","protected":false},"excerpt":{"rendered":"<p>Com a tret fonamental de la nostra singularitat, es troba la creen\u00e7a compartida de considerar les arts esc\u00e8niques com unes eines per potenciar el desenvolupament de la persona d\u2019una manera integral. El cos, la ment i l\u2019\u00e0nima es posen en acci\u00f3 per viure experi\u00e8ncies que&hellip;  <a href=\"https:\/\/agora.xtec.cat\/escolaramonllullbcn\/lescola\/\" title=\"Read L&#8217;escola\">Llegeix m\u00e9s\u00bb<\/a><\/p>\n","protected":false},"author":1,"featured_media":0,"parent":0,"menu_order":0,"comment_status":"closed","ping_status":"closed","template":"page-templates\/side-menu.php","meta":{"_bbp_topic_count":0,"_bbp_reply_count":0,"_bbp_total_topic_count":0,"_bbp_total_reply_count":0,"_bbp_voice_count":0,"_bbp_anonymous_reply_count":0,"_bbp_topic_count_hidden":0,"_bbp_reply_count_hidden":0,"_bbp_forum_subforum_count":0,"footnotes":""},"class_list":["post-22","page","type-page","status-publish","hentry"],"post_mailing_queue_ids":[],"_links":{"self":[{"href":"https:\/\/agora.xtec.cat\/escolaramonllullbcn\/wp-json\/wp\/v2\/pages\/22","targetHints":{"allow":["GET"]}}],"collection":[{"href":"https:\/\/agora.xtec.cat\/escolaramonllullbcn\/wp-json\/wp\/v2\/pages"}],"about":[{"href":"https:\/\/agora.xtec.cat\/escolaramonllullbcn\/wp-json\/wp\/v2\/types\/page"}],"author":[{"embeddable":true,"href":"https:\/\/agora.xtec.cat\/escolaramonllullbcn\/wp-json\/wp\/v2\/users\/1"}],"replies":[{"embeddable":true,"href":"https:\/\/agora.xtec.cat\/escolaramonllullbcn\/wp-json\/wp\/v2\/comments?post=22"}],"version-history":[{"count":2,"href":"https:\/\/agora.xtec.cat\/escolaramonllullbcn\/wp-json\/wp\/v2\/pages\/22\/revisions"}],"predecessor-version":[{"id":669,"href":"https:\/\/agora.xtec.cat\/escolaramonllullbcn\/wp-json\/wp\/v2\/pages\/22\/revisions\/669"}],"wp:attachment":[{"href":"https:\/\/agora.xtec.cat\/escolaramonllullbcn\/wp-json\/wp\/v2\/media?parent=22"}],"curies":[{"name":"wp","href":"https:\/\/api.w.org\/{rel}","templated":true}]}}