{"id":824,"date":"2015-01-27T18:07:50","date_gmt":"2015-01-27T17:07:50","guid":{"rendered":"http:\/\/agora.xtec.cat\/escolarambletadelclot\/?page_id=824"},"modified":"2015-01-28T11:01:13","modified_gmt":"2015-01-28T10:01:13","slug":"25e-aniversari","status":"publish","type":"page","link":"https:\/\/agora.xtec.cat\/escolarambletadelclot\/lescola\/historia\/25e-aniversari\/","title":{"rendered":"25\u00e8 aniversari (11-11-2011)"},"content":{"rendered":"<p><a href=\"http:\/\/agora.xtec.cat\/escolarambletadelclot\/wp-content\/uploads\/usu436\/2015\/01\/Programa-festa.jpg\"><img loading=\"lazy\" decoding=\"async\" class=\"alignnone wp-image-834 size-full\" src=\"http:\/\/agora.xtec.cat\/escolarambletadelclot\/wp-content\/uploads\/usu436\/2015\/01\/Programa-festa.jpg\" alt=\"Programa festa\" width=\"215\" height=\"320\" srcset=\"https:\/\/agora.xtec.cat\/escolarambletadelclot\/wp-content\/uploads\/usu436\/2015\/01\/Programa-festa.jpg 215w, https:\/\/agora.xtec.cat\/escolarambletadelclot\/wp-content\/uploads\/usu436\/2015\/01\/Programa-festa-201x300.jpg 201w\" sizes=\"auto, (max-width: 215px) 100vw, 215px\" \/><\/a> <a href=\"http:\/\/agora.xtec.cat\/escolarambletadelclot\/wp-content\/uploads\/usu436\/2015\/01\/Programa-festa1.jpg\"><img loading=\"lazy\" decoding=\"async\" class=\"alignnone size-full wp-image-835\" src=\"http:\/\/agora.xtec.cat\/escolarambletadelclot\/wp-content\/uploads\/usu436\/2015\/01\/Programa-festa1.jpg\" alt=\"Programa festa1\" width=\"320\" height=\"238\" srcset=\"https:\/\/agora.xtec.cat\/escolarambletadelclot\/wp-content\/uploads\/usu436\/2015\/01\/Programa-festa1.jpg 320w, https:\/\/agora.xtec.cat\/escolarambletadelclot\/wp-content\/uploads\/usu436\/2015\/01\/Programa-festa1-300x223.jpg 300w, https:\/\/agora.xtec.cat\/escolarambletadelclot\/wp-content\/uploads\/usu436\/2015\/01\/Programa-festa1-200x150.jpg 200w\" sizes=\"auto, (max-width: 320px) 100vw, 320px\" \/><\/a><\/p>\n<p><strong>Per molts anys, escola!!!<\/strong><br \/>\nAquest va ser el t\u00edtol, de la nostra festa de final de curs. Com ja sabeu, aquest curs 2011-2012 hem celebrat que l\u2019escola nova ha fet 25 anys. Tots els nens, nenes, mestres i educadors de l\u2019escola hem volgut fer una festa grossa. Una festa plena de regals, d\u2019aquesta manera agra\u00efm a l\u2019escola tot all\u00f2 que ens d\u00f3na i ensenya.<br \/>\nA l\u2019escola aprenem bones maneres el bon dia que els nens i nenes de 1r ens van donar nom\u00e9s arribar. Aprenem, tamb\u00e9, valors com el de l\u2019amistat i companyerisme. Els nens i nenes de P5 ens van fer riure amb un divertit ball ple de petons, abra\u00e7ades i cops de cul. El grup de nens i nenes de 2n, van deixar pal\u00e8s que hem de tenir cura dels nostres rius, que volen l\u2019aigua neta i transparent perqu\u00e8 les carpes i altres peixos puguin viure en aquest h\u00e0bitat. L\u2019escola ens d\u00f3na coneixements i els petits de P3 ens vam demostrar que coneixien molt b\u00e9 els colors i els nois i noies de 4t que sabien recitar poesia en les tres lleng\u00fces que estudiem. Havien preparat una original presentaci\u00f3 de poesia visual i van recitar tres poesies: Primavera, A mi me gusta el verano i Colours.<br \/>\nA l\u2019escola estudiem i celebrem festes i tradicions. Els nens i nenes de P4 van girar i ballar al voltant dels capgrossos i els de 3r van ballar el tradicional ball de bastons. Per cert, molt ben sincronitzats !!!<br \/>\nEls nois i noies de cicle superior, van aportar alguna que d\u2019altra curiositat. Els de cinqu\u00e8, un regal que venia de molt lluny, un ball country que van ballar fenomenal i els de 6\u00e8 ens van fer gratar el cap amb tots els dits de la ma. Ens van portar un bon grapat de polls!<br \/>\nEra l\u2019hora dels comiats i als grans que ens deixaven i a les mestres que es jubilaven. Tots van marxar amb un record de l\u2019escola.<br \/>\nPer\u00f2&#8230;., una festa d\u2019aniversari, no \u00e9s festa si no hi ha past\u00eds. Aquest va ser el regal sorpresa que els nostres monitors ens van fer a tots plegats. Un espectacular past\u00eds de 25 aniversari. Entre tots vam bufar les espelmes.<br \/>\nJa nom\u00e9s quedava un gran regal col\u00b7lectiu i que a tots ens feia molta il\u00b7lusi\u00f3 regalar a l\u2019escola: el flash move. Guiats pels nois de 6\u00e8 tots vam fer una gran ballada a ritme del Llen\u00e7a\u2019t de lax\u2019 n\u2019busto. Feu una ullada al video!!<\/p>\n","protected":false},"excerpt":{"rendered":"<p>Per molts anys, escola!!! Aquest va ser el t\u00edtol, de la nostra festa de final de curs. Com ja sabeu, aquest curs 2011-2012 hem celebrat que l\u2019escola nova ha fet 25 anys. Tots els nens, nenes, mestres i educadors de l\u2019escola hem volgut fer una festa grossa. Una festa plena de regals, d\u2019aquesta manera agra\u00efm [&hellip;]<\/p>\n","protected":false},"author":1,"featured_media":0,"parent":26,"menu_order":0,"comment_status":"closed","ping_status":"closed","template":"page-templates\/side-menu.php","meta":{"_bbp_topic_count":0,"_bbp_reply_count":0,"_bbp_total_topic_count":0,"_bbp_total_reply_count":0,"_bbp_voice_count":0,"_bbp_anonymous_reply_count":0,"_bbp_topic_count_hidden":0,"_bbp_reply_count_hidden":0,"_bbp_forum_subforum_count":0,"site-sidebar-layout":"default","site-content-layout":"","ast-site-content-layout":"","site-content-style":"default","site-sidebar-style":"default","ast-global-header-display":"","ast-banner-title-visibility":"","ast-main-header-display":"","ast-hfb-above-header-display":"","ast-hfb-below-header-display":"","ast-hfb-mobile-header-display":"","site-post-title":"","ast-breadcrumbs-content":"","ast-featured-img":"","footer-sml-layout":"","theme-transparent-header-meta":"","adv-header-id-meta":"","stick-header-meta":"","header-above-stick-meta":"","header-main-stick-meta":"","header-below-stick-meta":"","astra-migrate-meta-layouts":"default","ast-page-background-enabled":"default","ast-page-background-meta":{"desktop":{"background-color":"var(--ast-global-color-4)","background-image":"","background-repeat":"repeat","background-position":"center center","background-size":"auto","background-attachment":"scroll","background-type":"","background-media":"","overlay-type":"","overlay-color":"","overlay-opacity":"","overlay-gradient":""},"tablet":{"background-color":"","background-image":"","background-repeat":"repeat","background-position":"center center","background-size":"auto","background-attachment":"scroll","background-type":"","background-media":"","overlay-type":"","overlay-color":"","overlay-opacity":"","overlay-gradient":""},"mobile":{"background-color":"","background-image":"","background-repeat":"repeat","background-position":"center center","background-size":"auto","background-attachment":"scroll","background-type":"","background-media":"","overlay-type":"","overlay-color":"","overlay-opacity":"","overlay-gradient":""}},"ast-content-background-meta":{"desktop":{"background-color":"var(--ast-global-color-5)","background-image":"","background-repeat":"repeat","background-position":"center center","background-size":"auto","background-attachment":"scroll","background-type":"","background-media":"","overlay-type":"","overlay-color":"","overlay-opacity":"","overlay-gradient":""},"tablet":{"background-color":"var(--ast-global-color-5)","background-image":"","background-repeat":"repeat","background-position":"center center","background-size":"auto","background-attachment":"scroll","background-type":"","background-media":"","overlay-type":"","overlay-color":"","overlay-opacity":"","overlay-gradient":""},"mobile":{"background-color":"var(--ast-global-color-5)","background-image":"","background-repeat":"repeat","background-position":"center center","background-size":"auto","background-attachment":"scroll","background-type":"","background-media":"","overlay-type":"","overlay-color":"","overlay-opacity":"","overlay-gradient":""}},"footnotes":""},"class_list":["post-824","page","type-page","status-publish","hentry"],"post_mailing_queue_ids":[],"_links":{"self":[{"href":"https:\/\/agora.xtec.cat\/escolarambletadelclot\/wp-json\/wp\/v2\/pages\/824","targetHints":{"allow":["GET"]}}],"collection":[{"href":"https:\/\/agora.xtec.cat\/escolarambletadelclot\/wp-json\/wp\/v2\/pages"}],"about":[{"href":"https:\/\/agora.xtec.cat\/escolarambletadelclot\/wp-json\/wp\/v2\/types\/page"}],"author":[{"embeddable":true,"href":"https:\/\/agora.xtec.cat\/escolarambletadelclot\/wp-json\/wp\/v2\/users\/1"}],"replies":[{"embeddable":true,"href":"https:\/\/agora.xtec.cat\/escolarambletadelclot\/wp-json\/wp\/v2\/comments?post=824"}],"version-history":[{"count":3,"href":"https:\/\/agora.xtec.cat\/escolarambletadelclot\/wp-json\/wp\/v2\/pages\/824\/revisions"}],"predecessor-version":[{"id":844,"href":"https:\/\/agora.xtec.cat\/escolarambletadelclot\/wp-json\/wp\/v2\/pages\/824\/revisions\/844"}],"up":[{"embeddable":true,"href":"https:\/\/agora.xtec.cat\/escolarambletadelclot\/wp-json\/wp\/v2\/pages\/26"}],"wp:attachment":[{"href":"https:\/\/agora.xtec.cat\/escolarambletadelclot\/wp-json\/wp\/v2\/media?parent=824"}],"curies":[{"name":"wp","href":"https:\/\/api.w.org\/{rel}","templated":true}]}}

25è aniversari (11-11-2011)

<p><a href="http://agora.xtec.cat/escolarambletadelclot/wp-content/uploads/usu436/2015/01/Programa-festa.jpg"><img loading="lazy" decoding="async" class="alignnone wp-image-834 size-full" src="http://agora.xtec.cat/escolarambletadelclot/wp-content/uploads/usu436/2015/01/Programa-festa.jpg" alt="Programa festa" width="215" height="320" srcset="https://agora.xtec.cat/escolarambletadelclot/wp-content/uploads/usu436/2015/01/Programa-festa.jpg 215w, https://agora.xtec.cat/escolarambletadelclot/wp-content/uploads/usu436/2015/01/Programa-festa-201x300.jpg 201w" sizes="auto, (max-width: 215px) 100vw, 215px" /></a> <a href="http://agora.xtec.cat/escolarambletadelclot/wp-content/uploads/usu436/2015/01/Programa-festa1.jpg"><img loading="lazy" decoding="async" class="alignnone size-full wp-image-835" src="http://agora.xtec.cat/escolarambletadelclot/wp-content/uploads/usu436/2015/01/Programa-festa1.jpg" alt="Programa festa1" width="320" height="238" srcset="https://agora.xtec.cat/escolarambletadelclot/wp-content/uploads/usu436/2015/01/Programa-festa1.jpg 320w, https://agora.xtec.cat/escolarambletadelclot/wp-content/uploads/usu436/2015/01/Programa-festa1-300x223.jpg 300w, https://agora.xtec.cat/escolarambletadelclot/wp-content/uploads/usu436/2015/01/Programa-festa1-200x150.jpg 200w" sizes="auto, (max-width: 320px) 100vw, 320px" /></a></p>
<p><strong>Per molts anys, escola!!!</strong><br />
Aquest va ser el títol, de la nostra festa de final de curs. Com ja sabeu, aquest curs 2011-2012 hem celebrat que l’escola nova ha fet 25 anys. Tots els nens, nenes, mestres i educadors de l’escola hem volgut fer una festa grossa. Una festa plena de regals, d’aquesta manera agraïm a l’escola tot allò que ens dóna i ensenya.<br />
A l’escola aprenem bones maneres el bon dia que els nens i nenes de 1r ens van donar només arribar. Aprenem, també, valors com el de l’amistat i companyerisme. Els nens i nenes de P5 ens van fer riure amb un divertit ball ple de petons, abraçades i cops de cul. El grup de nens i nenes de 2n, van deixar palès que hem de tenir cura dels nostres rius, que volen l’aigua neta i transparent perquè les carpes i altres peixos puguin viure en aquest hàbitat. L’escola ens dóna coneixements i els petits de P3 ens vam demostrar que coneixien molt bé els colors i els nois i noies de 4t que sabien recitar poesia en les tres llengües que estudiem. Havien preparat una original presentació de poesia visual i van recitar tres poesies: Primavera, A mi me gusta el verano i Colours.<br />
A l’escola estudiem i celebrem festes i tradicions. Els nens i nenes de P4 van girar i ballar al voltant dels capgrossos i els de 3r van ballar el tradicional ball de bastons. Per cert, molt ben sincronitzats !!!<br />
Els nois i noies de cicle superior, van aportar alguna que d’altra curiositat. Els de cinquè, un regal que venia de molt lluny, un ball country que van ballar fenomenal i els de 6è ens van fer gratar el cap amb tots els dits de la ma. Ens van portar un bon grapat de polls!<br />
Era l’hora dels comiats i als grans que ens deixaven i a les mestres que es jubilaven. Tots van marxar amb un record de l’escola.<br />
Però&#8230;., una festa d’aniversari, no és festa si no hi ha pastís. Aquest va ser el regal sorpresa que els nostres monitors ens van fer a tots plegats. Un espectacular pastís de 25 aniversari. Entre tots vam bufar les espelmes.<br />
Ja només quedava un gran regal col·lectiu i que a tots ens feia molta il·lusió regalar a l’escola: el flash move. Guiats pels nois de 6è tots vam fer una gran ballada a ritme del Llença’t de lax’ n’busto. Feu una ullada al video!!</p>

<p>Per molts anys, escola!!! Aquest va ser el títol, de la nostra festa de final de curs. Com ja sabeu, aquest curs 2011-2012 hem celebrat que l’escola nova ha fet 25 anys. Tots els nens, nenes, mestres i educadors de l’escola hem volgut fer una festa grossa. Una festa plena de regals, d’aquesta manera agraïm [&hellip;]</p>
