{"id":73,"date":"2014-09-18T14:01:51","date_gmt":"2014-09-18T14:01:51","guid":{"rendered":"http:\/\/agora.xtec.cat\/escolarambletadelclot\/?page_id=73"},"modified":"2026-04-07T08:38:06","modified_gmt":"2026-04-07T06:38:06","slug":"tempsdemigdia","status":"publish","type":"page","link":"https:\/\/agora.xtec.cat\/escolarambletadelclot\/serveis\/tempsdemigdia\/","title":{"rendered":"Temps de migdia"},"content":{"rendered":"<p>&nbsp;<\/p>\n<p style=\"text-align: center;\"><span style=\"color: #993300; font-size: 18pt;\"><strong>COM \u00c9S EL TEMPS DEL MIGDIA?<\/strong><\/span><\/p>\n<p><strong>Feu click a la imatge<\/strong> i trobareu un document explicatiu del funcionament del temps del migdia a l&#8217;escola.<\/p>\n<p><a href=\"https:\/\/agora.xtec.cat\/escolarambletadelclot\/wp-content\/uploads\/usu436\/2024\/09\/24-25-temps-del-migdia.pdf\" target=\"_blank\" rel=\"noopener\"><img loading=\"lazy\" decoding=\"async\" class=\"aligncenter wp-image-5327 size-medium\" src=\"https:\/\/agora.xtec.cat\/escolarambletadelclot\/wp-content\/uploads\/usu436\/2022\/01\/temps-del-migdia-212x300.png\" alt=\"\" width=\"212\" height=\"300\" srcset=\"https:\/\/agora.xtec.cat\/escolarambletadelclot\/wp-content\/uploads\/usu436\/2022\/01\/temps-del-migdia-212x300.png 212w, https:\/\/agora.xtec.cat\/escolarambletadelclot\/wp-content\/uploads\/usu436\/2022\/01\/temps-del-migdia-724x1024.png 724w, https:\/\/agora.xtec.cat\/escolarambletadelclot\/wp-content\/uploads\/usu436\/2022\/01\/temps-del-migdia-768x1086.png 768w, https:\/\/agora.xtec.cat\/escolarambletadelclot\/wp-content\/uploads\/usu436\/2022\/01\/temps-del-migdia-1086x1536.png 1086w, https:\/\/agora.xtec.cat\/escolarambletadelclot\/wp-content\/uploads\/usu436\/2022\/01\/temps-del-migdia.png 1414w\" sizes=\"auto, (max-width: 212px) 100vw, 212px\" \/><\/a><\/p>\n<p>Aqu\u00ed teniu el pla de treball d&#8217;aquest any<\/p>\n<p><a href=\"https:\/\/drive.google.com\/file\/d\/1USekjPJESi1qFgYA6wojBxmcCZqCC7Lr\/view?usp=drive_link\"><img loading=\"lazy\" decoding=\"async\" class=\"wp-image-6231 size-thumbnail alignleft\" src=\"https:\/\/agora.xtec.cat\/escolarambletadelclot\/wp-content\/uploads\/usu436\/2025\/09\/recrea-pla-150x150.jpg\" alt=\"\" width=\"150\" height=\"150\" \/><\/a><a href=\"https:\/\/drive.google.com\/file\/d\/1Qfse0EB3wTePrgqdSC99C5OPd5Mv4hPU\/view?usp=sharing\"><img loading=\"lazy\" decoding=\"async\" class=\"wp-image-6232 size-thumbnail alignleft\" src=\"https:\/\/agora.xtec.cat\/escolarambletadelclot\/wp-content\/uploads\/usu436\/2025\/09\/teatre-150x150.jpg\" alt=\"\" width=\"150\" height=\"150\" \/><\/a><\/p>\n<p>&nbsp;<\/p>\n<p>&nbsp;<\/p>\n<p>&nbsp;<\/p>\n<p>&nbsp;<\/p>\n<ul>\n<li>Comptem amb un menjador amb <strong>cuina pr\u00f2pia i grup de monitors i monitores<\/strong> de l\u2019empresa ReCrea.<\/li>\n<li><strong>Temps educatiu<\/strong>: h\u00e0bits d\u2019higiene i autonomia, tallers, jocs, esbarjo, migdiada per als infants d&#8217;infantil que ho necessiten, biblioteca&#8230;<\/li>\n<li>El <strong>menjar es cuina a l&#8217;escola<\/strong>. Els nens i nenes, mentre dinen, s\u00f3n atesos pels<strong> monitors i monitores especialitzats<\/strong> amb els que tamb\u00e9 fan <strong>activitats<\/strong> programades, tallers, etc. abans i despr\u00e9s de dinar.<\/li>\n<li>Els <strong>men\u00fas<\/strong> i la tota la <strong>informaci\u00f3 rellevant<\/strong> la podeu trobar en aquesta plana web. L&#8217;equip de monitores de Prim\u00e0ria preparen trimestralment un <strong>informe<\/strong> que rebreu via DRIVE. L&#8217;equip de monitores d&#8217;Infantil prepara l&#8217;informe a finals de gener i al mes de juny.<\/li>\n<\/ul>\n<p><span style=\"text-decoration: underline;\"><strong>PREUS DEL TEMPS DEL MIGDIA:<\/strong><\/span><\/p>\n<table style=\"border-collapse: collapse; width: 100%;\">\n<tbody>\n<tr>\n<td style=\"width: 50%;\"><a href=\"https:\/\/agora.xtec.cat\/escolarambletadelclot\/wp-content\/uploads\/usu436\/2025\/11\/MENJADOR-QUOTES_page-0001.jpg\"><img loading=\"lazy\" decoding=\"async\" class=\"alignnone size-large wp-image-6260\" src=\"https:\/\/agora.xtec.cat\/escolarambletadelclot\/wp-content\/uploads\/usu436\/2025\/11\/MENJADOR-QUOTES_page-0001-724x1024.jpg\" alt=\"\" width=\"724\" height=\"1024\" srcset=\"https:\/\/agora.xtec.cat\/escolarambletadelclot\/wp-content\/uploads\/usu436\/2025\/11\/MENJADOR-QUOTES_page-0001-724x1024.jpg 724w, https:\/\/agora.xtec.cat\/escolarambletadelclot\/wp-content\/uploads\/usu436\/2025\/11\/MENJADOR-QUOTES_page-0001-212x300.jpg 212w, https:\/\/agora.xtec.cat\/escolarambletadelclot\/wp-content\/uploads\/usu436\/2025\/11\/MENJADOR-QUOTES_page-0001-768x1086.jpg 768w, https:\/\/agora.xtec.cat\/escolarambletadelclot\/wp-content\/uploads\/usu436\/2025\/11\/MENJADOR-QUOTES_page-0001-1086x1536.jpg 1086w, https:\/\/agora.xtec.cat\/escolarambletadelclot\/wp-content\/uploads\/usu436\/2025\/11\/MENJADOR-QUOTES_page-0001.jpg 1241w\" sizes=\"auto, (max-width: 724px) 100vw, 724px\" \/><\/a><\/td>\n<td style=\"width: 50%;\"><\/td>\n<\/tr>\n<\/tbody>\n<\/table>\n<p>&nbsp;<\/p>\n<p><strong><u>SISTEMA DE CODIS D&#8217;USUARIS ESPOR\u00c0DICS<\/u><\/strong><\/p>\n<p>Per <strong>comprar codis s\u2019haur\u00e0 de fer el pagament per transfer\u00e8ncia banc\u00e0ria o amb cita pr\u00e8via<\/strong>, per pagar amb targeta.<\/p>\n<p>Es compraran<b> pacs de 5 codis<\/b>, que val 37,5 \u20ac. Quan es rebi el pagament, la coordinadora facilitar\u00e0 un codi que es far\u00e0 servir per utilitzar el tiquet el dia que es desitgi. Aquest <strong>codi ser\u00e0 personal i intransferible<\/strong> i solament es far\u00e0 servir una vegada.<\/p>\n<p>Per comunicar que un nen o nena es queda aquell dia al menjador o per informar de qualsevol tipus d\u2019al\u00b7l\u00e8rgia o intoler\u00e0ncia es comunicar\u00e0 preferentment<strong>\u00a0via WhatsApp al tel\u00e8fon: 695 35 04 18 o a trav\u00e9s del correu tempsdelmigdia<span class=\"\">@rambletadeclot<\/span>.cat<\/strong><\/p>\n<p><strong>MEN\u00da BASAL\u00a0 INFANTIL:<\/strong><\/p>\n<p><a href=\"https:\/\/agora.xtec.cat\/escolarambletadelclot\/wp-content\/uploads\/usu436\/2026\/03\/1_page-0001.jpg\"><img loading=\"lazy\" decoding=\"async\" class=\"alignnone size-large wp-image-6509\" src=\"https:\/\/agora.xtec.cat\/escolarambletadelclot\/wp-content\/uploads\/usu436\/2026\/03\/1_page-0001-1024x724.jpg\" alt=\"\" width=\"1024\" height=\"724\" srcset=\"https:\/\/agora.xtec.cat\/escolarambletadelclot\/wp-content\/uploads\/usu436\/2026\/03\/1_page-0001-1024x724.jpg 1024w, https:\/\/agora.xtec.cat\/escolarambletadelclot\/wp-content\/uploads\/usu436\/2026\/03\/1_page-0001-300x212.jpg 300w, https:\/\/agora.xtec.cat\/escolarambletadelclot\/wp-content\/uploads\/usu436\/2026\/03\/1_page-0001-768x543.jpg 768w, https:\/\/agora.xtec.cat\/escolarambletadelclot\/wp-content\/uploads\/usu436\/2026\/03\/1_page-0001-1536x1086.jpg 1536w, https:\/\/agora.xtec.cat\/escolarambletadelclot\/wp-content\/uploads\/usu436\/2026\/03\/1_page-0001.jpg 1755w\" sizes=\"auto, (max-width: 1024px) 100vw, 1024px\" \/><\/a><\/p>\n<p><strong>MEN\u00da BASAL PRIM\u00c0RIA:<\/strong><\/p>\n<p><a href=\"https:\/\/agora.xtec.cat\/escolarambletadelclot\/wp-content\/uploads\/usu436\/2026\/03\/2_page-0001.jpg\"><img loading=\"lazy\" decoding=\"async\" class=\"alignnone size-large wp-image-6511\" src=\"https:\/\/agora.xtec.cat\/escolarambletadelclot\/wp-content\/uploads\/usu436\/2026\/03\/2_page-0001-1024x724.jpg\" alt=\"\" width=\"1024\" height=\"724\" srcset=\"https:\/\/agora.xtec.cat\/escolarambletadelclot\/wp-content\/uploads\/usu436\/2026\/03\/2_page-0001-1024x724.jpg 1024w, https:\/\/agora.xtec.cat\/escolarambletadelclot\/wp-content\/uploads\/usu436\/2026\/03\/2_page-0001-300x212.jpg 300w, https:\/\/agora.xtec.cat\/escolarambletadelclot\/wp-content\/uploads\/usu436\/2026\/03\/2_page-0001-768x543.jpg 768w, https:\/\/agora.xtec.cat\/escolarambletadelclot\/wp-content\/uploads\/usu436\/2026\/03\/2_page-0001-1536x1086.jpg 1536w, https:\/\/agora.xtec.cat\/escolarambletadelclot\/wp-content\/uploads\/usu436\/2026\/03\/2_page-0001.jpg 1755w\" sizes=\"auto, (max-width: 1024px) 100vw, 1024px\" \/><\/a><\/p>\n<p><strong>MEN\u00da SENSE PORC :<\/strong><\/p>\n<p><a href=\"https:\/\/agora.xtec.cat\/escolarambletadelclot\/wp-content\/uploads\/usu436\/2026\/03\/3_page-0001.jpg\"><img loading=\"lazy\" decoding=\"async\" class=\"alignnone size-large wp-image-6515\" src=\"https:\/\/agora.xtec.cat\/escolarambletadelclot\/wp-content\/uploads\/usu436\/2026\/03\/3_page-0001-1024x724.jpg\" alt=\"\" width=\"1024\" height=\"724\" srcset=\"https:\/\/agora.xtec.cat\/escolarambletadelclot\/wp-content\/uploads\/usu436\/2026\/03\/3_page-0001-1024x724.jpg 1024w, https:\/\/agora.xtec.cat\/escolarambletadelclot\/wp-content\/uploads\/usu436\/2026\/03\/3_page-0001-300x212.jpg 300w, https:\/\/agora.xtec.cat\/escolarambletadelclot\/wp-content\/uploads\/usu436\/2026\/03\/3_page-0001-768x543.jpg 768w, https:\/\/agora.xtec.cat\/escolarambletadelclot\/wp-content\/uploads\/usu436\/2026\/03\/3_page-0001-1536x1086.jpg 1536w, https:\/\/agora.xtec.cat\/escolarambletadelclot\/wp-content\/uploads\/usu436\/2026\/03\/3_page-0001.jpg 1755w\" sizes=\"auto, (max-width: 1024px) 100vw, 1024px\" \/><\/a><\/p>\n<p><strong>MEN\u00da SENSE LACTOSA :<\/strong><\/p>\n<p><a href=\"https:\/\/agora.xtec.cat\/escolarambletadelclot\/wp-content\/uploads\/usu436\/2026\/03\/4_page-0001.jpg\"><img loading=\"lazy\" decoding=\"async\" class=\"alignnone size-large wp-image-6514\" src=\"https:\/\/agora.xtec.cat\/escolarambletadelclot\/wp-content\/uploads\/usu436\/2026\/03\/4_page-0001-1024x724.jpg\" alt=\"\" width=\"1024\" height=\"724\" srcset=\"https:\/\/agora.xtec.cat\/escolarambletadelclot\/wp-content\/uploads\/usu436\/2026\/03\/4_page-0001-1024x724.jpg 1024w, https:\/\/agora.xtec.cat\/escolarambletadelclot\/wp-content\/uploads\/usu436\/2026\/03\/4_page-0001-300x212.jpg 300w, https:\/\/agora.xtec.cat\/escolarambletadelclot\/wp-content\/uploads\/usu436\/2026\/03\/4_page-0001-768x543.jpg 768w, https:\/\/agora.xtec.cat\/escolarambletadelclot\/wp-content\/uploads\/usu436\/2026\/03\/4_page-0001-1536x1086.jpg 1536w, https:\/\/agora.xtec.cat\/escolarambletadelclot\/wp-content\/uploads\/usu436\/2026\/03\/4_page-0001.jpg 1755w\" sizes=\"auto, (max-width: 1024px) 100vw, 1024px\" \/><\/a><\/p>\n<p><strong>MEN\u00da SENSE GLUTEN :<\/strong><\/p>\n<p><a href=\"https:\/\/agora.xtec.cat\/escolarambletadelclot\/wp-content\/uploads\/usu436\/2026\/03\/5_page-0001.jpg\"><img loading=\"lazy\" decoding=\"async\" class=\"alignnone size-large wp-image-6512\" src=\"https:\/\/agora.xtec.cat\/escolarambletadelclot\/wp-content\/uploads\/usu436\/2026\/03\/5_page-0001-1024x724.jpg\" alt=\"\" width=\"1024\" height=\"724\" srcset=\"https:\/\/agora.xtec.cat\/escolarambletadelclot\/wp-content\/uploads\/usu436\/2026\/03\/5_page-0001-1024x724.jpg 1024w, https:\/\/agora.xtec.cat\/escolarambletadelclot\/wp-content\/uploads\/usu436\/2026\/03\/5_page-0001-300x212.jpg 300w, https:\/\/agora.xtec.cat\/escolarambletadelclot\/wp-content\/uploads\/usu436\/2026\/03\/5_page-0001-768x543.jpg 768w, https:\/\/agora.xtec.cat\/escolarambletadelclot\/wp-content\/uploads\/usu436\/2026\/03\/5_page-0001-1536x1086.jpg 1536w, https:\/\/agora.xtec.cat\/escolarambletadelclot\/wp-content\/uploads\/usu436\/2026\/03\/5_page-0001.jpg 1755w\" sizes=\"auto, (max-width: 1024px) 100vw, 1024px\" \/><\/a><\/p>\n<p><strong>RECOMANACIONS:<\/strong><\/p>\n<p><a href=\"https:\/\/agora.xtec.cat\/escolarambletadelclot\/wp-content\/uploads\/usu436\/2026\/04\/Proposta-Sopars-Abril-26-ReCrea-RAMBLETA-DEL-CLOT_page-0001.jpg\"><img loading=\"lazy\" decoding=\"async\" class=\"alignnone size-large wp-image-6517\" src=\"https:\/\/agora.xtec.cat\/escolarambletadelclot\/wp-content\/uploads\/usu436\/2026\/04\/Proposta-Sopars-Abril-26-ReCrea-RAMBLETA-DEL-CLOT_page-0001-1024x724.jpg\" alt=\"\" width=\"1024\" height=\"724\" srcset=\"https:\/\/agora.xtec.cat\/escolarambletadelclot\/wp-content\/uploads\/usu436\/2026\/04\/Proposta-Sopars-Abril-26-ReCrea-RAMBLETA-DEL-CLOT_page-0001-1024x724.jpg 1024w, https:\/\/agora.xtec.cat\/escolarambletadelclot\/wp-content\/uploads\/usu436\/2026\/04\/Proposta-Sopars-Abril-26-ReCrea-RAMBLETA-DEL-CLOT_page-0001-300x212.jpg 300w, https:\/\/agora.xtec.cat\/escolarambletadelclot\/wp-content\/uploads\/usu436\/2026\/04\/Proposta-Sopars-Abril-26-ReCrea-RAMBLETA-DEL-CLOT_page-0001-768x543.jpg 768w, https:\/\/agora.xtec.cat\/escolarambletadelclot\/wp-content\/uploads\/usu436\/2026\/04\/Proposta-Sopars-Abril-26-ReCrea-RAMBLETA-DEL-CLOT_page-0001-1536x1086.jpg 1536w, https:\/\/agora.xtec.cat\/escolarambletadelclot\/wp-content\/uploads\/usu436\/2026\/04\/Proposta-Sopars-Abril-26-ReCrea-RAMBLETA-DEL-CLOT_page-0001.jpg 1755w\" sizes=\"auto, (max-width: 1024px) 100vw, 1024px\" \/><\/a><\/p>\n<p>&nbsp;<\/p>\n<p><strong>ACTIVITATS DEL TEMPS DEL MIGIDIA:<\/strong><\/p>\n<p><span style=\"font-weight: 400;\">El temps del migdia, a l&#8217;escola, \u00e9s un espai educatiu m\u00e9s, \u00e9s un altre moment en el nostre dia a dia on es segueix potenciant l\u2019autonomia dels infants.\u00a0 Els nens i nenes, acompanyats de l\u2019equip de monitores i monitors, van adquirint h\u00e0bits alimentaris, sanitaris, d\u2019higiene i de conviv\u00e8ncia mentre es fan grans.\u00a0<\/span><\/p>\n<p>En <strong>aquest v\u00eddeo<\/strong> podeu veure l&#8217;organitzaci\u00f3 Temps del Migdia a l&#8217;escola:<\/p>\n<div style=\"width: 1920px;\" class=\"wp-video\"><!--[if lt IE 9]><script>document.createElement('video');<\/script><![endif]-->\n<video class=\"wp-video-shortcode\" id=\"video-73-1\" width=\"1920\" height=\"1080\" preload=\"metadata\" controls=\"controls\"><source type=\"video\/mp4\" src=\"https:\/\/agora.xtec.cat\/escolarambletadelclot\/wp-content\/uploads\/usu436\/2025\/02\/Temps-del-Migdia.mp4?_=1\" \/><a href=\"https:\/\/agora.xtec.cat\/escolarambletadelclot\/wp-content\/uploads\/usu436\/2025\/02\/Temps-del-Migdia.mp4\">https:\/\/agora.xtec.cat\/escolarambletadelclot\/wp-content\/uploads\/usu436\/2025\/02\/Temps-del-Migdia.mp4<\/a><\/video><\/div>\n<p>&nbsp;<\/p>\n<p>Us presentem el centre d&#8217;inter\u00e8s per a aquest curs. Les activitats s\u00f3n orientatives i poden variar en funci\u00f3 de la climatologia, les sortides i d&#8217;altres activitats. <strong>Feu click a la imatge\u00a0<\/strong>per obrir el document.<\/p>\n<p><a href=\"https:\/\/drive.google.com\/file\/d\/1kf6GR27mlnCB_yX9KWQSammf8q0Lr4cy\/view?usp=drive_link\" target=\"_blank\" rel=\"noopener\"><img loading=\"lazy\" decoding=\"async\" class=\"alignnone wp-image-5900 size-large\" src=\"https:\/\/agora.xtec.cat\/escolarambletadelclot\/wp-content\/uploads\/usu436\/2023\/10\/Captura-de-pantalla-2023-10-05-105445-1024x719.png\" alt=\"\" width=\"1024\" height=\"719\" srcset=\"https:\/\/agora.xtec.cat\/escolarambletadelclot\/wp-content\/uploads\/usu436\/2023\/10\/Captura-de-pantalla-2023-10-05-105445-1024x719.png 1024w, https:\/\/agora.xtec.cat\/escolarambletadelclot\/wp-content\/uploads\/usu436\/2023\/10\/Captura-de-pantalla-2023-10-05-105445-300x211.png 300w, https:\/\/agora.xtec.cat\/escolarambletadelclot\/wp-content\/uploads\/usu436\/2023\/10\/Captura-de-pantalla-2023-10-05-105445-768x540.png 768w, https:\/\/agora.xtec.cat\/escolarambletadelclot\/wp-content\/uploads\/usu436\/2023\/10\/Captura-de-pantalla-2023-10-05-105445.png 1368w\" sizes=\"auto, (max-width: 1024px) 100vw, 1024px\" \/><\/a><\/p>\n<p>&nbsp;<\/p>\n<p><a href=\"https:\/\/agora.xtec.cat\/escolarambletadelclot\/wp-content\/uploads\/usu436\/2025\/11\/CALENDARI-ACTIVITATS.docx-25-26-copia.docx.pdf\">CALENDARI ACTIVITATS.docx 25-26 &#8211; copia.docx<\/a><\/p>\n<p style=\"text-align: center;\"><a href=\"https:\/\/contractaciopublica.cat\/ca\/detall-publicacio\/200109743\" target=\"_blank\" rel=\"noopener\"><img loading=\"lazy\" decoding=\"async\" class=\"aligncenter wp-image-5750 size-full\" src=\"https:\/\/agora.xtec.cat\/escolarambletadelclot\/wp-content\/uploads\/usu436\/2023\/03\/FAQs.png\" alt=\"\" width=\"515\" height=\"120\" srcset=\"https:\/\/agora.xtec.cat\/escolarambletadelclot\/wp-content\/uploads\/usu436\/2023\/03\/FAQs.png 515w, https:\/\/agora.xtec.cat\/escolarambletadelclot\/wp-content\/uploads\/usu436\/2023\/03\/FAQs-300x70.png 300w\" sizes=\"auto, (max-width: 515px) 100vw, 515px\" \/><\/a><\/p>\n<p><strong>CONTACTA AMB RECREA:<\/strong><\/p>\n<p>Instagram: https:\/\/www.instagram.com\/recrea___\/<\/p>\n<p>Facebook: https:\/\/www.facebook.com\/recreagastronomia<\/p>\n<p>LinkedIn: https:\/\/www.linkedin.com\/company\/recrea-gastronomia<\/p>\n<p>Twitter: https:\/\/twitter.com\/recrea___<\/p>\n","protected":false},"excerpt":{"rendered":"<p>&nbsp; COM \u00c9S EL TEMPS DEL MIGDIA? Feu click a la imatge i trobareu un document explicatiu del funcionament del temps del migdia a l&#8217;escola. Aqu\u00ed teniu el pla de treball d&#8217;aquest any &nbsp; &nbsp; &nbsp; &nbsp; Comptem amb un menjador amb cuina pr\u00f2pia i grup de monitors i monitores de l\u2019empresa ReCrea. Temps educatiu: [&hellip;]<\/p>\n","protected":false},"author":2,"featured_media":0,"parent":66,"menu_order":30,"comment_status":"closed","ping_status":"closed","template":"","meta":{"_bbp_topic_count":0,"_bbp_reply_count":0,"_bbp_total_topic_count":0,"_bbp_total_reply_count":0,"_bbp_voice_count":0,"_bbp_anonymous_reply_count":0,"_bbp_topic_count_hidden":0,"_bbp_reply_count_hidden":0,"_bbp_forum_subforum_count":0,"site-sidebar-layout":"default","site-content-layout":"","ast-site-content-layout":"default","site-content-style":"default","site-sidebar-style":"default","ast-global-header-display":"","ast-banner-title-visibility":"","ast-main-header-display":"","ast-hfb-above-header-display":"","ast-hfb-below-header-display":"","ast-hfb-mobile-header-display":"","site-post-title":"","ast-breadcrumbs-content":"","ast-featured-img":"","footer-sml-layout":"","theme-transparent-header-meta":"default","adv-header-id-meta":"","stick-header-meta":"","header-above-stick-meta":"","header-main-stick-meta":"","header-below-stick-meta":"","astra-migrate-meta-layouts":"set","ast-page-background-enabled":"default","ast-page-background-meta":{"desktop":{"background-color":"var(--ast-global-color-4)","background-image":"","background-repeat":"repeat","background-position":"center center","background-size":"auto","background-attachment":"scroll","background-type":"","background-media":"","overlay-type":"","overlay-color":"","overlay-opacity":"","overlay-gradient":""},"tablet":{"background-color":"","background-image":"","background-repeat":"repeat","background-position":"center center","background-size":"auto","background-attachment":"scroll","background-type":"","background-media":"","overlay-type":"","overlay-color":"","overlay-opacity":"","overlay-gradient":""},"mobile":{"background-color":"","background-image":"","background-repeat":"repeat","background-position":"center center","background-size":"auto","background-attachment":"scroll","background-type":"","background-media":"","overlay-type":"","overlay-color":"","overlay-opacity":"","overlay-gradient":""}},"ast-content-background-meta":{"desktop":{"background-color":"var(--ast-global-color-5)","background-image":"","background-repeat":"repeat","background-position":"center center","background-size":"auto","background-attachment":"scroll","background-type":"","background-media":"","overlay-type":"","overlay-color":"","overlay-opacity":"","overlay-gradient":""},"tablet":{"background-color":"var(--ast-global-color-5)","background-image":"","background-repeat":"repeat","background-position":"center center","background-size":"auto","background-attachment":"scroll","background-type":"","background-media":"","overlay-type":"","overlay-color":"","overlay-opacity":"","overlay-gradient":""},"mobile":{"background-color":"var(--ast-global-color-5)","background-image":"","background-repeat":"repeat","background-position":"center center","background-size":"auto","background-attachment":"scroll","background-type":"","background-media":"","overlay-type":"","overlay-color":"","overlay-opacity":"","overlay-gradient":""}},"footnotes":""},"class_list":["post-73","page","type-page","status-publish","hentry"],"post_mailing_queue_ids":[],"_links":{"self":[{"href":"https:\/\/agora.xtec.cat\/escolarambletadelclot\/wp-json\/wp\/v2\/pages\/73","targetHints":{"allow":["GET"]}}],"collection":[{"href":"https:\/\/agora.xtec.cat\/escolarambletadelclot\/wp-json\/wp\/v2\/pages"}],"about":[{"href":"https:\/\/agora.xtec.cat\/escolarambletadelclot\/wp-json\/wp\/v2\/types\/page"}],"author":[{"embeddable":true,"href":"https:\/\/agora.xtec.cat\/escolarambletadelclot\/wp-json\/wp\/v2\/users\/2"}],"replies":[{"embeddable":true,"href":"https:\/\/agora.xtec.cat\/escolarambletadelclot\/wp-json\/wp\/v2\/comments?post=73"}],"version-history":[{"count":6,"href":"https:\/\/agora.xtec.cat\/escolarambletadelclot\/wp-json\/wp\/v2\/pages\/73\/revisions"}],"predecessor-version":[{"id":6518,"href":"https:\/\/agora.xtec.cat\/escolarambletadelclot\/wp-json\/wp\/v2\/pages\/73\/revisions\/6518"}],"up":[{"embeddable":true,"href":"https:\/\/agora.xtec.cat\/escolarambletadelclot\/wp-json\/wp\/v2\/pages\/66"}],"wp:attachment":[{"href":"https:\/\/agora.xtec.cat\/escolarambletadelclot\/wp-json\/wp\/v2\/media?parent=73"}],"curies":[{"name":"wp","href":"https:\/\/api.w.org\/{rel}","templated":true}]}}