{"id":5447,"date":"2022-04-27T09:48:04","date_gmt":"2022-04-27T07:48:04","guid":{"rendered":"https:\/\/agora.xtec.cat\/escolarambletadelclot\/?page_id=5447"},"modified":"2023-09-27T16:09:33","modified_gmt":"2023-09-27T14:09:33","slug":"estrategia","status":"publish","type":"page","link":"https:\/\/agora.xtec.cat\/escolarambletadelclot\/projectes\/estrategia-digital-de-centre\/estrategia\/","title":{"rendered":"Estrat\u00e8gia"},"content":{"rendered":"<p><b>ESTRAT\u00c8GIA DIGITAL<\/b><\/p>\n<p><span style=\"font-weight: 400;\">L&#8217;estrat\u00e8gia digital de centre (EDC) defineix i concreta les l\u00ednies d&#8217;actuaci\u00f3 d&#8217;un centre que fan possible que docents, alumnat i centre assoleixin la compet\u00e8ncia digital.<\/span><\/p>\n<p><span style=\"font-weight: 400;\">Els blocs que la componen s\u00f3n:<\/span><\/p>\n<p><b>1.- DIAGNOSI<\/b><\/p>\n<p><span style=\"font-family: inherit; font-size: 1em;\">Per fer la <span style=\"text-decoration: underline;\"><span style=\"color: #0000ff;\"><strong><a style=\"color: #0000ff; text-decoration: underline;\" href=\"https:\/\/agora.xtec.cat\/escolarambletadelclot\/wp-content\/uploads\/usu436\/2023\/03\/School_report.pdf\">diagnosi<\/a><\/strong><\/span><\/span>, la comissi\u00f3 digital del centre ha utilitzat tres recursos:<\/span><br \/>\n<b><\/b><\/p>\n<ul>\n<li style=\"font-weight: 400;\" aria-level=\"1\"><span style=\"font-weight: 400;\">Enquesta a tot l&#8217;equip docent del centre, <strong>SELFIE i SELFIE for Teachers<\/strong>: 100%<\/span><\/li>\n<li style=\"font-weight: 400;\" aria-level=\"1\"><span style=\"font-weight: 400;\">Enquesta SELFIE realitzada als alumnes DE LA COMUNITAT DE GRANS 93%<\/span><\/li>\n<li style=\"font-weight: 400;\" aria-level=\"1\"><span style=\"font-weight: 400;\">Enquesta a les fam\u00edlies, via\u00a0 formulari de google.<\/span><\/li>\n<\/ul>\n<p><span style=\"font-weight: 400;\">A partir de l&#8217;an\u00e0lisi dels resultats obtinguts gr\u00e0cies a aquestes eines, es detecten els seg\u00fcents aspectes a mantenir i a millorar, a partir dels quals treballarem l&#8217;Estrat\u00e8gia Digital de Centre.<\/span><\/p>\n<p><b>Aspectes a mantenir:<\/b><\/p>\n<ul>\n<li style=\"font-weight: 400;\" aria-level=\"1\"><span style=\"font-weight: 400;\">Equipaments i impuls de les\u00a0 tecnologies digitals.<\/span><\/li>\n<li style=\"font-weight: 400;\" aria-level=\"1\"><span style=\"font-weight: 400;\">Divulgaci\u00f3\u00a0 de la tasca realitzada a les aules per impulsar la Compet\u00e8ncia digital de l&#8217;alumnat.<\/span><\/li>\n<li style=\"font-weight: 400;\" aria-level=\"1\"><span style=\"font-weight: 400;\">Col\u00b7laboraci\u00f3 dels docents en l&#8217;elaboraci\u00f3 de l&#8217;estrat\u00e8gia digital de centre.<\/span><\/li>\n<li style=\"font-weight: 400;\" aria-level=\"1\"><span style=\"font-weight: 400;\">Comunicaci\u00f3 fluida amb les fam\u00edlies a trav\u00e9s d\u2019eines digitals.<\/span><\/li>\n<\/ul>\n<p><b>Aspectes a millorar:<\/b><\/p>\n<p><span style=\"font-weight: 400;\">-Col.laboracions amb eines digitals amb altres organitzacions.<\/span><\/p>\n<p><span style=\"font-weight: 400;\">-Millora de la posada en pr\u00e0ctica de l\u2019\u00fas de la imatge en el centre.<\/span><\/p>\n<p><span style=\"font-weight: 400;\">-Creaci\u00f3 de contingut digital per part de l\u2019alumnat.<\/span><\/p>\n<p><b>2.- OBJECTIUS:<\/b><\/p>\n<h6><span style=\"font-weight: 400; color: #333333;\">Els principals objectius de l&#8217;Estrat\u00e8gia Digital de Centre que ens plantegem a la nostra escola els dividim en tres blocs i s\u00f3n els seg\u00fcents:<\/span><\/h6>\n<ul>\n<li style=\"font-weight: 400;\" aria-level=\"1\"><strong>Docents:<\/strong>\n<ul>\n<li style=\"font-weight: 400;\" aria-level=\"2\"><span style=\"font-weight: 400;\">Definir la formaci\u00f3 permanent del professorat dirigida a l\u2019assoliment de la compet\u00e8ncia digital docent.<\/span><\/li>\n<li style=\"font-weight: 400;\" aria-level=\"2\"><span style=\"font-weight: 400;\">Assegurar, sempre que sigui adient, la pres\u00e8ncia digital a totes les formacions.<\/span><\/li>\n<li style=\"font-weight: 400;\" aria-level=\"2\"><span style=\"font-weight: 400;\">Impulsar la creaci\u00f3 de continguts digitals assegurant-ne el car\u00e0cter competencial, inclusiu i transversal.<\/span><\/li>\n<li style=\"font-weight: 400;\" aria-level=\"2\"><span style=\"font-weight: 400;\">Dissenyar accions formatives i d\u2019assessorament del professorat en relaci\u00f3 a la creaci\u00f3 de continguts digitals.<\/span><\/li>\n<\/ul>\n<\/li>\n<li style=\"font-weight: 400;\" aria-level=\"1\"><strong>Alumnes:<\/strong>\n<ul>\n<li style=\"font-weight: 400;\" aria-level=\"2\"><span style=\"font-weight: 400;\">Proporcionar orientacions metodol\u00f2giques i d\u2019avaluaci\u00f3 que donin suport als diferents estils i situacions d\u2019aprenentatge per a l\u2019assoliment de<\/span><\/li>\n<li style=\"font-weight: 400;\" aria-level=\"2\"><span style=\"font-weight: 400;\">la compet\u00e8ncia digital.\u00a0 \u00a0 \u00a0 \u00a0 \u00a0 \u00a0 \u00a0 \u00a0 \u00a0 \u00a0 \u00a0 \u00a0 \u00a0 \u00a0 \u00a0 <\/span><\/li>\n<li style=\"font-weight: 400;\" aria-level=\"2\"><span style=\"font-weight: 400;\">Establir orientacions per a la incorporaci\u00f3 de la tecnologia educativa en el suport als diferents estils d\u2019aprenentatge de l\u2019alumnat<\/span><\/li>\n<li style=\"font-weight: 400;\" aria-level=\"2\"><span style=\"font-weight: 400;\">Posar a l\u2019abast del professorat un entorn virtual que permeti crear i compartir contingut digital i pr\u00e0ctiques d\u2019ensenyament i aprenentatge.\u00a0\u00a0\u00a0\u00a0<\/span><\/li>\n<li style=\"font-weight: 400;\" aria-level=\"2\"><span style=\"font-weight: 400;\">Posar a disposici\u00f3 del professorat un entorn virtual que faciliti crear i compartir continguts digitals.i seq\u00fc\u00e8ncies did\u00e0ctiques.<\/span><\/li>\n<\/ul>\n<\/li>\n<li style=\"font-weight: 400;\" aria-level=\"1\"><strong>Centre:<\/strong>\n<ul>\n<li style=\"font-weight: 400;\" aria-level=\"2\"><span style=\"font-weight: 400;\">Compartir l\u2019Estrat\u00e8gia Digital de Centre amb el claustre, l\u2019alumnat i la resta de la comunitat educativa.<\/span><\/li>\n<li style=\"font-weight: 400;\" aria-level=\"2\"><span style=\"font-weight: 400;\">Elaborar l\u2019Estrat\u00e8gia Digital de Centre assegurant la participaci\u00f3 del claustre, l\u2019alumnat i la comunitat educativa.<\/span><\/li>\n<\/ul>\n<\/li>\n<\/ul>\n<p><strong>3.-<\/strong>\u00a0<strong>PLANIFICACI\u00d3 I TEMPORALITZACI\u00d3 DE LES ACTIVITATS<\/strong><\/p>\n<p><span style=\"font-weight: 400;\">Les activitats que el centre dur\u00e0 a terme per desenvolupar la seva Estrat\u00e8gia Digital han sigut temporitzades al llarg dels pr\u00f2xims tres cursos. A tal efecte, presentem en aquest <a href=\"https:\/\/agora.xtec.cat\/escolarambletadelclot\/wp-content\/uploads\/usu436\/2023\/09\/TEMPORITZACIO-ACTIVITATS-EDC.xlsx-2.pdf\">enlla\u00e7<\/a> les activitats que s\u2019han desenvolupat.<\/span><\/p>\n<p><strong>4.-<\/strong> <strong>AVALUACI\u00d3<\/strong><\/p>\n<p><span style=\"font-weight: 400;\">El centre s\u2019ha marcat fer una avaluaci\u00f3 dels objectius <a href=\"https:\/\/agora.xtec.cat\/escolarambletadelclot\/wp-content\/uploads\/usu436\/2023\/05\/Captura2.png\">generals<\/a> i <a href=\"https:\/\/agora.xtec.cat\/escolarambletadelclot\/wp-content\/uploads\/usu436\/2023\/05\/Captura.png\">espec\u00edfics<\/a> marcats.<\/span><\/p>\n<p>&nbsp;<\/p>\n","protected":false},"excerpt":{"rendered":"<p>ESTRAT\u00c8GIA DIGITAL L&#8217;estrat\u00e8gia digital de centre (EDC) defineix i concreta les l\u00ednies d&#8217;actuaci\u00f3 d&#8217;un centre que fan possible que docents, alumnat i centre assoleixin la compet\u00e8ncia digital. Els blocs que la componen s\u00f3n: 1.- DIAGNOSI Per fer la diagnosi, la comissi\u00f3 digital del centre ha utilitzat tres recursos: Enquesta a tot l&#8217;equip docent del centre, [&hellip;]<\/p>\n","protected":false},"author":1,"featured_media":0,"parent":5443,"menu_order":0,"comment_status":"closed","ping_status":"closed","template":"page-templates\/side-menu.php","meta":{"_bbp_topic_count":0,"_bbp_reply_count":0,"_bbp_total_topic_count":0,"_bbp_total_reply_count":0,"_bbp_voice_count":0,"_bbp_anonymous_reply_count":0,"_bbp_topic_count_hidden":0,"_bbp_reply_count_hidden":0,"_bbp_forum_subforum_count":0,"site-sidebar-layout":"default","site-content-layout":"","ast-site-content-layout":"","site-content-style":"default","site-sidebar-style":"default","ast-global-header-display":"","ast-banner-title-visibility":"","ast-main-header-display":"","ast-hfb-above-header-display":"","ast-hfb-below-header-display":"","ast-hfb-mobile-header-display":"","site-post-title":"","ast-breadcrumbs-content":"","ast-featured-img":"","footer-sml-layout":"","theme-transparent-header-meta":"","adv-header-id-meta":"","stick-header-meta":"","header-above-stick-meta":"","header-main-stick-meta":"","header-below-stick-meta":"","astra-migrate-meta-layouts":"default","ast-page-background-enabled":"default","ast-page-background-meta":{"desktop":{"background-color":"var(--ast-global-color-4)","background-image":"","background-repeat":"repeat","background-position":"center center","background-size":"auto","background-attachment":"scroll","background-type":"","background-media":"","overlay-type":"","overlay-color":"","overlay-opacity":"","overlay-gradient":""},"tablet":{"background-color":"","background-image":"","background-repeat":"repeat","background-position":"center center","background-size":"auto","background-attachment":"scroll","background-type":"","background-media":"","overlay-type":"","overlay-color":"","overlay-opacity":"","overlay-gradient":""},"mobile":{"background-color":"","background-image":"","background-repeat":"repeat","background-position":"center center","background-size":"auto","background-attachment":"scroll","background-type":"","background-media":"","overlay-type":"","overlay-color":"","overlay-opacity":"","overlay-gradient":""}},"ast-content-background-meta":{"desktop":{"background-color":"var(--ast-global-color-5)","background-image":"","background-repeat":"repeat","background-position":"center center","background-size":"auto","background-attachment":"scroll","background-type":"","background-media":"","overlay-type":"","overlay-color":"","overlay-opacity":"","overlay-gradient":""},"tablet":{"background-color":"var(--ast-global-color-5)","background-image":"","background-repeat":"repeat","background-position":"center center","background-size":"auto","background-attachment":"scroll","background-type":"","background-media":"","overlay-type":"","overlay-color":"","overlay-opacity":"","overlay-gradient":""},"mobile":{"background-color":"var(--ast-global-color-5)","background-image":"","background-repeat":"repeat","background-position":"center center","background-size":"auto","background-attachment":"scroll","background-type":"","background-media":"","overlay-type":"","overlay-color":"","overlay-opacity":"","overlay-gradient":""}},"footnotes":""},"class_list":["post-5447","page","type-page","status-publish","hentry"],"post_mailing_queue_ids":[],"_links":{"self":[{"href":"https:\/\/agora.xtec.cat\/escolarambletadelclot\/wp-json\/wp\/v2\/pages\/5447","targetHints":{"allow":["GET"]}}],"collection":[{"href":"https:\/\/agora.xtec.cat\/escolarambletadelclot\/wp-json\/wp\/v2\/pages"}],"about":[{"href":"https:\/\/agora.xtec.cat\/escolarambletadelclot\/wp-json\/wp\/v2\/types\/page"}],"author":[{"embeddable":true,"href":"https:\/\/agora.xtec.cat\/escolarambletadelclot\/wp-json\/wp\/v2\/users\/1"}],"replies":[{"embeddable":true,"href":"https:\/\/agora.xtec.cat\/escolarambletadelclot\/wp-json\/wp\/v2\/comments?post=5447"}],"version-history":[{"count":3,"href":"https:\/\/agora.xtec.cat\/escolarambletadelclot\/wp-json\/wp\/v2\/pages\/5447\/revisions"}],"predecessor-version":[{"id":5889,"href":"https:\/\/agora.xtec.cat\/escolarambletadelclot\/wp-json\/wp\/v2\/pages\/5447\/revisions\/5889"}],"up":[{"embeddable":true,"href":"https:\/\/agora.xtec.cat\/escolarambletadelclot\/wp-json\/wp\/v2\/pages\/5443"}],"wp:attachment":[{"href":"https:\/\/agora.xtec.cat\/escolarambletadelclot\/wp-json\/wp\/v2\/media?parent=5447"}],"curies":[{"name":"wp","href":"https:\/\/api.w.org\/{rel}","templated":true}]}}

Estratègia

<p><b>ESTRATÈGIA DIGITAL</b></p>
<p><span style="font-weight: 400;">L&#8217;estratègia digital de centre (EDC) defineix i concreta les línies d&#8217;actuació d&#8217;un centre que fan possible que docents, alumnat i centre assoleixin la competència digital.</span></p>
<p><span style="font-weight: 400;">Els blocs que la componen són:</span></p>
<p><b>1.- DIAGNOSI</b></p>
<p><span style="font-family: inherit; font-size: 1em;">Per fer la <span style="text-decoration: underline;"><span style="color: #0000ff;"><strong><a style="color: #0000ff; text-decoration: underline;" href="https://agora.xtec.cat/escolarambletadelclot/wp-content/uploads/usu436/2023/03/School_report.pdf">diagnosi</a></strong></span></span>, la comissió digital del centre ha utilitzat tres recursos:</span><br />
<b></b></p>
<ul>
<li style="font-weight: 400;" aria-level="1"><span style="font-weight: 400;">Enquesta a tot l&#8217;equip docent del centre, <strong>SELFIE i SELFIE for Teachers</strong>: 100%</span></li>
<li style="font-weight: 400;" aria-level="1"><span style="font-weight: 400;">Enquesta SELFIE realitzada als alumnes DE LA COMUNITAT DE GRANS 93%</span></li>
<li style="font-weight: 400;" aria-level="1"><span style="font-weight: 400;">Enquesta a les famílies, via  formulari de google.</span></li>
</ul>
<p><span style="font-weight: 400;">A partir de l&#8217;anàlisi dels resultats obtinguts gràcies a aquestes eines, es detecten els següents aspectes a mantenir i a millorar, a partir dels quals treballarem l&#8217;Estratègia Digital de Centre.</span></p>
<p><b>Aspectes a mantenir:</b></p>
<ul>
<li style="font-weight: 400;" aria-level="1"><span style="font-weight: 400;">Equipaments i impuls de les  tecnologies digitals.</span></li>
<li style="font-weight: 400;" aria-level="1"><span style="font-weight: 400;">Divulgació  de la tasca realitzada a les aules per impulsar la Competència digital de l&#8217;alumnat.</span></li>
<li style="font-weight: 400;" aria-level="1"><span style="font-weight: 400;">Col·laboració dels docents en l&#8217;elaboració de l&#8217;estratègia digital de centre.</span></li>
<li style="font-weight: 400;" aria-level="1"><span style="font-weight: 400;">Comunicació fluida amb les famílies a través d’eines digitals.</span></li>
</ul>
<p><b>Aspectes a millorar:</b></p>
<p><span style="font-weight: 400;">-Col.laboracions amb eines digitals amb altres organitzacions.</span></p>
<p><span style="font-weight: 400;">-Millora de la posada en pràctica de l’ús de la imatge en el centre.</span></p>
<p><span style="font-weight: 400;">-Creació de contingut digital per part de l’alumnat.</span></p>
<p><b>2.- OBJECTIUS:</b></p>
<h6><span style="font-weight: 400; color: #333333;">Els principals objectius de l&#8217;Estratègia Digital de Centre que ens plantegem a la nostra escola els dividim en tres blocs i són els següents:</span></h6>
<ul>
<li style="font-weight: 400;" aria-level="1"><strong>Docents:</strong>
<ul>
<li style="font-weight: 400;" aria-level="2"><span style="font-weight: 400;">Definir la formació permanent del professorat dirigida a l’assoliment de la competència digital docent.</span></li>
<li style="font-weight: 400;" aria-level="2"><span style="font-weight: 400;">Assegurar, sempre que sigui adient, la presència digital a totes les formacions.</span></li>
<li style="font-weight: 400;" aria-level="2"><span style="font-weight: 400;">Impulsar la creació de continguts digitals assegurant-ne el caràcter competencial, inclusiu i transversal.</span></li>
<li style="font-weight: 400;" aria-level="2"><span style="font-weight: 400;">Dissenyar accions formatives i d’assessorament del professorat en relació a la creació de continguts digitals.</span></li>
</ul>
</li>
<li style="font-weight: 400;" aria-level="1"><strong>Alumnes:</strong>
<ul>
<li style="font-weight: 400;" aria-level="2"><span style="font-weight: 400;">Proporcionar orientacions metodològiques i d’avaluació que donin suport als diferents estils i situacions d’aprenentatge per a l’assoliment de</span></li>
<li style="font-weight: 400;" aria-level="2"><span style="font-weight: 400;">la competència digital.                              </span></li>
<li style="font-weight: 400;" aria-level="2"><span style="font-weight: 400;">Establir orientacions per a la incorporació de la tecnologia educativa en el suport als diferents estils d’aprenentatge de l’alumnat</span></li>
<li style="font-weight: 400;" aria-level="2"><span style="font-weight: 400;">Posar a l’abast del professorat un entorn virtual que permeti crear i compartir contingut digital i pràctiques d’ensenyament i aprenentatge.    </span></li>
<li style="font-weight: 400;" aria-level="2"><span style="font-weight: 400;">Posar a disposició del professorat un entorn virtual que faciliti crear i compartir continguts digitals.i seqüències didàctiques.</span></li>
</ul>
</li>
<li style="font-weight: 400;" aria-level="1"><strong>Centre:</strong>
<ul>
<li style="font-weight: 400;" aria-level="2"><span style="font-weight: 400;">Compartir l’Estratègia Digital de Centre amb el claustre, l’alumnat i la resta de la comunitat educativa.</span></li>
<li style="font-weight: 400;" aria-level="2"><span style="font-weight: 400;">Elaborar l’Estratègia Digital de Centre assegurant la participació del claustre, l’alumnat i la comunitat educativa.</span></li>
</ul>
</li>
</ul>
<p><strong>3.-</strong> <strong>PLANIFICACIÓ I TEMPORALITZACIÓ DE LES ACTIVITATS</strong></p>
<p><span style="font-weight: 400;">Les activitats que el centre durà a terme per desenvolupar la seva Estratègia Digital han sigut temporitzades al llarg dels pròxims tres cursos. A tal efecte, presentem en aquest <a href="https://agora.xtec.cat/escolarambletadelclot/wp-content/uploads/usu436/2023/09/TEMPORITZACIO-ACTIVITATS-EDC.xlsx-2.pdf">enllaç</a> les activitats que s’han desenvolupat.</span></p>
<p><strong>4.-</strong> <strong>AVALUACIÓ</strong></p>
<p><span style="font-weight: 400;">El centre s’ha marcat fer una avaluació dels objectius <a href="https://agora.xtec.cat/escolarambletadelclot/wp-content/uploads/usu436/2023/05/Captura2.png">generals</a> i <a href="https://agora.xtec.cat/escolarambletadelclot/wp-content/uploads/usu436/2023/05/Captura.png">específics</a> marcats.</span></p>
<p>&nbsp;</p>

<p>ESTRATÈGIA DIGITAL L&#8217;estratègia digital de centre (EDC) defineix i concreta les línies d&#8217;actuació d&#8217;un centre que fan possible que docents, alumnat i centre assoleixin la competència digital. Els blocs que la componen són: 1.- DIAGNOSI Per fer la diagnosi, la comissió digital del centre ha utilitzat tres recursos: Enquesta a tot l&#8217;equip docent del centre, [&hellip;]</p>
