{"id":533,"date":"2015-01-18T19:20:09","date_gmt":"2015-01-18T18:20:09","guid":{"rendered":"http:\/\/agora.xtec.cat\/escolarambletadelclot\/?page_id=533"},"modified":"2022-02-17T11:18:27","modified_gmt":"2022-02-17T10:18:27","slug":"programa-eixit","status":"publish","type":"page","link":"https:\/\/agora.xtec.cat\/escolarambletadelclot\/projectes\/programa-eixit\/","title":{"rendered":"Projecte \u00c8xit"},"content":{"rendered":"<p><strong>Refor\u00e7 escolar en horari no lectiu\u00a0<\/strong><\/p>\n<p><strong><br \/>\n<\/strong>L&#8217;\u00c8xit \u00e9s un programa de car\u00e0cter preventiu que vol <strong>millorar els aprenentatges b\u00e0sics i acompanyar l\u2019alumnat en el pas a l\u2019educaci\u00f3 secund\u00e0ria<\/strong>. El refor\u00e7 escolar \u00e9s una activitat educativa, i no assistencial, <strong>dirigida a l\u2019alumnat que necessita m\u00e9s dedicaci\u00f3 i acompanyament<\/strong> a l\u2019hora de fer tasques escolars.<br \/>\nS\u2019organitza al voltant d\u2019instituts d\u2019educaci\u00f3 secund\u00e0ria, Caterina Albert, en el nostre cas, i de les escoles de prim\u00e0ria adscrites, a demanda dels equips directius que hi volen participar. Per tal de facilitar el pas de la prim\u00e0ria a la secund\u00e0ria l\u2019\u00c8xit s\u2019adre\u00e7a a l\u2019<strong>alumnat del Cicle Superior de prim\u00e0ria i de 1r i 2n d\u2019ESO<\/strong>.<br \/>\n\u00c9s un recurs al servei dels tutors i tutores per <strong>millorar l\u2019aprenentatge, les actituds i la motivaci\u00f3 del seu alumnat<\/strong>. El seguiment de l\u2019alumnat el fan conjuntament els tutors i tutores amb els amics i amigues grans. Dues tardes a la setmana en horari extraescolar i durant una hora i mitja, ajudats pels amics i amigues grans (majorit\u00e0riament exalumnes de l\u2019institut), els alumnes fan tasques escolars, resolen dubtes, comparteixen amb un grup redu\u00eft de companys un espai de conversa, de lectura o de pr\u00e0ctiques que els ajuda a <strong>millorar les compet\u00e8ncies b\u00e0siques<\/strong>.<\/p>\n<p>Tamb\u00e9 hi col\u00b7laboren els amics@ de la lectura, <strong>estudiants de primer de la Facultat de Pedagogia, Educaci\u00f3 Social i Treball Social de la Universitat de Barcelona<\/strong>. A principi de curs es convoquen les beques de col\u00b7laboraci\u00f3 d\u2019amics@grans, coordinadors\/es d\u2019amics@grans i coordinadors\/es de zona que compensen econ\u00f2micament la tasca de refor\u00e7.<\/p>\n","protected":false},"excerpt":{"rendered":"<p>Refor\u00e7 escolar en horari no lectiu\u00a0 L&#8217;\u00c8xit \u00e9s un programa de car\u00e0cter preventiu que vol millorar els aprenentatges b\u00e0sics i acompanyar l\u2019alumnat en el pas a l\u2019educaci\u00f3 secund\u00e0ria. El refor\u00e7 escolar \u00e9s una activitat educativa, i no assistencial, dirigida a l\u2019alumnat que necessita m\u00e9s dedicaci\u00f3 i acompanyament a l\u2019hora de fer tasques escolars. S\u2019organitza al [&hellip;]<\/p>\n","protected":false},"author":1,"featured_media":0,"parent":169,"menu_order":0,"comment_status":"closed","ping_status":"closed","template":"","meta":{"_bbp_topic_count":0,"_bbp_reply_count":0,"_bbp_total_topic_count":0,"_bbp_total_reply_count":0,"_bbp_voice_count":0,"_bbp_anonymous_reply_count":0,"_bbp_topic_count_hidden":0,"_bbp_reply_count_hidden":0,"_bbp_forum_subforum_count":0,"site-sidebar-layout":"default","site-content-layout":"","ast-site-content-layout":"","site-content-style":"default","site-sidebar-style":"default","ast-global-header-display":"","ast-banner-title-visibility":"","ast-main-header-display":"","ast-hfb-above-header-display":"","ast-hfb-below-header-display":"","ast-hfb-mobile-header-display":"","site-post-title":"","ast-breadcrumbs-content":"","ast-featured-img":"","footer-sml-layout":"","theme-transparent-header-meta":"","adv-header-id-meta":"","stick-header-meta":"","header-above-stick-meta":"","header-main-stick-meta":"","header-below-stick-meta":"","astra-migrate-meta-layouts":"default","ast-page-background-enabled":"default","ast-page-background-meta":{"desktop":{"background-color":"var(--ast-global-color-4)","background-image":"","background-repeat":"repeat","background-position":"center center","background-size":"auto","background-attachment":"scroll","background-type":"","background-media":"","overlay-type":"","overlay-color":"","overlay-opacity":"","overlay-gradient":""},"tablet":{"background-color":"","background-image":"","background-repeat":"repeat","background-position":"center center","background-size":"auto","background-attachment":"scroll","background-type":"","background-media":"","overlay-type":"","overlay-color":"","overlay-opacity":"","overlay-gradient":""},"mobile":{"background-color":"","background-image":"","background-repeat":"repeat","background-position":"center center","background-size":"auto","background-attachment":"scroll","background-type":"","background-media":"","overlay-type":"","overlay-color":"","overlay-opacity":"","overlay-gradient":""}},"ast-content-background-meta":{"desktop":{"background-color":"var(--ast-global-color-5)","background-image":"","background-repeat":"repeat","background-position":"center center","background-size":"auto","background-attachment":"scroll","background-type":"","background-media":"","overlay-type":"","overlay-color":"","overlay-opacity":"","overlay-gradient":""},"tablet":{"background-color":"var(--ast-global-color-5)","background-image":"","background-repeat":"repeat","background-position":"center center","background-size":"auto","background-attachment":"scroll","background-type":"","background-media":"","overlay-type":"","overlay-color":"","overlay-opacity":"","overlay-gradient":""},"mobile":{"background-color":"var(--ast-global-color-5)","background-image":"","background-repeat":"repeat","background-position":"center center","background-size":"auto","background-attachment":"scroll","background-type":"","background-media":"","overlay-type":"","overlay-color":"","overlay-opacity":"","overlay-gradient":""}},"footnotes":""},"class_list":["post-533","page","type-page","status-publish","hentry"],"post_mailing_queue_ids":[],"_links":{"self":[{"href":"https:\/\/agora.xtec.cat\/escolarambletadelclot\/wp-json\/wp\/v2\/pages\/533","targetHints":{"allow":["GET"]}}],"collection":[{"href":"https:\/\/agora.xtec.cat\/escolarambletadelclot\/wp-json\/wp\/v2\/pages"}],"about":[{"href":"https:\/\/agora.xtec.cat\/escolarambletadelclot\/wp-json\/wp\/v2\/types\/page"}],"author":[{"embeddable":true,"href":"https:\/\/agora.xtec.cat\/escolarambletadelclot\/wp-json\/wp\/v2\/users\/1"}],"replies":[{"embeddable":true,"href":"https:\/\/agora.xtec.cat\/escolarambletadelclot\/wp-json\/wp\/v2\/comments?post=533"}],"version-history":[{"count":3,"href":"https:\/\/agora.xtec.cat\/escolarambletadelclot\/wp-json\/wp\/v2\/pages\/533\/revisions"}],"predecessor-version":[{"id":5404,"href":"https:\/\/agora.xtec.cat\/escolarambletadelclot\/wp-json\/wp\/v2\/pages\/533\/revisions\/5404"}],"up":[{"embeddable":true,"href":"https:\/\/agora.xtec.cat\/escolarambletadelclot\/wp-json\/wp\/v2\/pages\/169"}],"wp:attachment":[{"href":"https:\/\/agora.xtec.cat\/escolarambletadelclot\/wp-json\/wp\/v2\/media?parent=533"}],"curies":[{"name":"wp","href":"https:\/\/api.w.org\/{rel}","templated":true}]}}

Projecte Èxit

<p><strong>Reforç escolar en horari no lectiu </strong></p>
<p><strong><br />
</strong>L&#8217;Èxit és un programa de caràcter preventiu que vol <strong>millorar els aprenentatges bàsics i acompanyar l’alumnat en el pas a l’educació secundària</strong>. El reforç escolar és una activitat educativa, i no assistencial, <strong>dirigida a l’alumnat que necessita més dedicació i acompanyament</strong> a l’hora de fer tasques escolars.<br />
S’organitza al voltant d’instituts d’educació secundària, Caterina Albert, en el nostre cas, i de les escoles de primària adscrites, a demanda dels equips directius que hi volen participar. Per tal de facilitar el pas de la primària a la secundària l’Èxit s’adreça a l’<strong>alumnat del Cicle Superior de primària i de 1r i 2n d’ESO</strong>.<br />
És un recurs al servei dels tutors i tutores per <strong>millorar l’aprenentatge, les actituds i la motivació del seu alumnat</strong>. El seguiment de l’alumnat el fan conjuntament els tutors i tutores amb els amics i amigues grans. Dues tardes a la setmana en horari extraescolar i durant una hora i mitja, ajudats pels amics i amigues grans (majoritàriament exalumnes de l’institut), els alumnes fan tasques escolars, resolen dubtes, comparteixen amb un grup reduït de companys un espai de conversa, de lectura o de pràctiques que els ajuda a <strong>millorar les competències bàsiques</strong>.</p>
<p>També hi col·laboren els amics@ de la lectura, <strong>estudiants de primer de la Facultat de Pedagogia, Educació Social i Treball Social de la Universitat de Barcelona</strong>. A principi de curs es convoquen les beques de col·laboració d’amics@grans, coordinadors/es d’amics@grans i coordinadors/es de zona que compensen econòmicament la tasca de reforç.</p>

<p>Reforç escolar en horari no lectiu  L&#8217;Èxit és un programa de caràcter preventiu que vol millorar els aprenentatges bàsics i acompanyar l’alumnat en el pas a l’educació secundària. El reforç escolar és una activitat educativa, i no assistencial, dirigida a l’alumnat que necessita més dedicació i acompanyament a l’hora de fer tasques escolars. S’organitza al [&hellip;]</p>
