{"id":189,"date":"2015-01-07T13:06:59","date_gmt":"2015-01-07T12:06:59","guid":{"rendered":"http:\/\/agora.xtec.cat\/escolarambletadelclot\/?page_id=189"},"modified":"2021-01-18T11:17:43","modified_gmt":"2021-01-18T10:17:43","slug":"programa-reutilitzacio-llibres-de-text","status":"publish","type":"page","link":"https:\/\/agora.xtec.cat\/escolarambletadelclot\/escola-tandem\/programa-reutilitzacio-llibres-de-text\/","title":{"rendered":"Projecte T\u00e0ndem"},"content":{"rendered":"<p><em><strong>&#8220;L&#8217;escola Rambleta del Clot i el British Council fem un bon t\u00e0ndem&#8221;<\/strong><\/em><\/p>\n<p>L\u2019escola ha participat en el <strong>Programa Escoles T\u00e0ndem<\/strong>, un programa d\u2019innovaci\u00f3 que impulsa col\u00b7laborar plegats un centre educatiu i una instituci\u00f3 de refer\u00e8ncia. Est\u00e0 dissenyat pensant en la seva <strong>sostenibilitat a llarg termini<\/strong>.<\/p>\n<p>La nostra instituci\u00f3 de refer\u00e8ncia \u00e9s el <strong>British Council<\/strong> amb qui hem estat <strong>treballant estretament durant tres anys: <\/strong>ens ha acompanyat en el proc\u00e9s metodol\u00f2gic i ens ha singularitzat en l&#8217;aprenentatge de la llengua anglesa.<\/p>\n<p>El programa es basa en l\u2019especialitzaci\u00f3 en una <strong>mat\u00e8ria singular<\/strong>, que en el nostre cas es la <strong>llengua anglesa<\/strong> i compta amb l\u2019assessorament, seguiment i finan\u00e7ament de la <strong>Fundaci\u00f3 Catalunya-La Pedrera<\/strong>, i la col\u00b7laboraci\u00f3 del <strong>Departament d\u2019Ensenyament<\/strong>.<\/p>\n<p>Podeu trobar m\u00e9s informaci\u00f3 en el seg\u00fcent enlla\u00e7:<\/p>\n<p><a href=\"http:\/\/escolestandem.cat\/projectes\/escola-rambleta-del-clot-british-council\" target=\"_blank\" rel=\"noopener noreferrer\">http:\/\/escolestandem.cat\/projectes\/escola-rambleta-del-clot-british-council<\/a><\/p>\n<p><strong>Reportatge a Catalunya R\u00e0dio Escoles T\u00e0ndem <\/strong>( 26 d&#8217;abril de 2017)<strong><br \/>\n<\/strong><\/p>\n<p>A Catalunya R\u00e0dio parlen de la col\u00b7laboraci\u00f3 entre l&#8217;escola La Rambleta del Clot de Barcelona i el British Council on presentem el projecte Escola T\u00e0ndem.<\/p>\n<p><a href=\"http:\/\/www.ccma.cat\/catradio\/alacarta\/blog-de-mestres\/blog-de-mestres-pedagogia-anglesa-a-una-escola-catalana\/audio\/958499\/#\" target=\"_blank\" rel=\"noopener noreferrer\">http:\/\/www.ccma.cat\/catradio\/alacarta\/blog-de-mestres\/blog-de-mestres-pedagogia-anglesa-a-una-escola-catalana\/audio\/958499\/#<\/a><\/p>\n<p><a href=\"https:\/\/agora.xtec.cat\/escolarambletadelclot\/wp-content\/uploads\/usu436\/2019\/01\/FCLP_EscolesTandem_negatiu_logo.jpg\"><img loading=\"lazy\" decoding=\"async\" class=\"wp-image-4356 aligncenter\" src=\"https:\/\/agora.xtec.cat\/escolarambletadelclot\/wp-content\/uploads\/usu436\/2019\/01\/FCLP_EscolesTandem_negatiu_logo.jpg\" alt=\"\" width=\"568\" height=\"227\" srcset=\"https:\/\/agora.xtec.cat\/escolarambletadelclot\/wp-content\/uploads\/usu436\/2019\/01\/FCLP_EscolesTandem_negatiu_logo.jpg 1181w, https:\/\/agora.xtec.cat\/escolarambletadelclot\/wp-content\/uploads\/usu436\/2019\/01\/FCLP_EscolesTandem_negatiu_logo-300x120.jpg 300w, https:\/\/agora.xtec.cat\/escolarambletadelclot\/wp-content\/uploads\/usu436\/2019\/01\/FCLP_EscolesTandem_negatiu_logo-768x307.jpg 768w, https:\/\/agora.xtec.cat\/escolarambletadelclot\/wp-content\/uploads\/usu436\/2019\/01\/FCLP_EscolesTandem_negatiu_logo-1024x409.jpg 1024w\" sizes=\"auto, (max-width: 568px) 100vw, 568px\" \/>\u00a0<\/a><\/p>\n<p>&nbsp;<\/p>\n<p><img loading=\"lazy\" decoding=\"async\" class=\"wp-image-3157 alignleft\" src=\"http:\/\/agora.xtec.cat\/escolarambletadelclot\/wp-content\/uploads\/usu436\/2017\/02\/British-Council-1024x293.jpg\" alt=\"british-council\" width=\"304\" height=\"87\" srcset=\"https:\/\/agora.xtec.cat\/escolarambletadelclot\/wp-content\/uploads\/usu436\/2017\/02\/British-Council-1024x293.jpg 1024w, https:\/\/agora.xtec.cat\/escolarambletadelclot\/wp-content\/uploads\/usu436\/2017\/02\/British-Council-300x86.jpg 300w, https:\/\/agora.xtec.cat\/escolarambletadelclot\/wp-content\/uploads\/usu436\/2017\/02\/British-Council-768x220.jpg 768w\" sizes=\"auto, (max-width: 304px) 100vw, 304px\" \/><img loading=\"lazy\" decoding=\"async\" class=\"wp-image-3326 aligncenter\" src=\"http:\/\/agora.xtec.cat\/escolarambletadelclot\/wp-content\/uploads\/usu436\/2017\/02\/AF-dibond-60x60-1-page-001-298x300.jpg\" alt=\"af-dibond-60x60-1-page-001\" width=\"310\" height=\"312\" srcset=\"https:\/\/agora.xtec.cat\/escolarambletadelclot\/wp-content\/uploads\/usu436\/2017\/02\/AF-dibond-60x60-1-page-001-298x300.jpg 298w, https:\/\/agora.xtec.cat\/escolarambletadelclot\/wp-content\/uploads\/usu436\/2017\/02\/AF-dibond-60x60-1-page-001-150x150.jpg 150w, https:\/\/agora.xtec.cat\/escolarambletadelclot\/wp-content\/uploads\/usu436\/2017\/02\/AF-dibond-60x60-1-page-001-768x773.jpg 768w, https:\/\/agora.xtec.cat\/escolarambletadelclot\/wp-content\/uploads\/usu436\/2017\/02\/AF-dibond-60x60-1-page-001-1018x1024.jpg 1018w\" sizes=\"auto, (max-width: 310px) 100vw, 310px\" \/><\/p>\n","protected":false},"excerpt":{"rendered":"<p>&#8220;L&#8217;escola Rambleta del Clot i el British Council fem un bon t\u00e0ndem&#8221; L\u2019escola ha participat en el Programa Escoles T\u00e0ndem, un programa d\u2019innovaci\u00f3 que impulsa col\u00b7laborar plegats un centre educatiu i una instituci\u00f3 de refer\u00e8ncia. Est\u00e0 dissenyat pensant en la seva sostenibilitat a llarg termini. La nostra instituci\u00f3 de refer\u00e8ncia \u00e9s el British Council amb [&hellip;]<\/p>\n","protected":false},"author":1,"featured_media":0,"parent":3149,"menu_order":0,"comment_status":"closed","ping_status":"closed","template":"page-templates\/side-menu.php","meta":{"_bbp_topic_count":0,"_bbp_reply_count":0,"_bbp_total_topic_count":0,"_bbp_total_reply_count":0,"_bbp_voice_count":0,"_bbp_anonymous_reply_count":0,"_bbp_topic_count_hidden":0,"_bbp_reply_count_hidden":0,"_bbp_forum_subforum_count":0,"site-sidebar-layout":"default","site-content-layout":"","ast-site-content-layout":"","site-content-style":"default","site-sidebar-style":"default","ast-global-header-display":"","ast-banner-title-visibility":"","ast-main-header-display":"","ast-hfb-above-header-display":"","ast-hfb-below-header-display":"","ast-hfb-mobile-header-display":"","site-post-title":"","ast-breadcrumbs-content":"","ast-featured-img":"","footer-sml-layout":"","theme-transparent-header-meta":"","adv-header-id-meta":"","stick-header-meta":"","header-above-stick-meta":"","header-main-stick-meta":"","header-below-stick-meta":"","astra-migrate-meta-layouts":"default","ast-page-background-enabled":"default","ast-page-background-meta":{"desktop":{"background-color":"var(--ast-global-color-4)","background-image":"","background-repeat":"repeat","background-position":"center center","background-size":"auto","background-attachment":"scroll","background-type":"","background-media":"","overlay-type":"","overlay-color":"","overlay-opacity":"","overlay-gradient":""},"tablet":{"background-color":"","background-image":"","background-repeat":"repeat","background-position":"center center","background-size":"auto","background-attachment":"scroll","background-type":"","background-media":"","overlay-type":"","overlay-color":"","overlay-opacity":"","overlay-gradient":""},"mobile":{"background-color":"","background-image":"","background-repeat":"repeat","background-position":"center center","background-size":"auto","background-attachment":"scroll","background-type":"","background-media":"","overlay-type":"","overlay-color":"","overlay-opacity":"","overlay-gradient":""}},"ast-content-background-meta":{"desktop":{"background-color":"var(--ast-global-color-5)","background-image":"","background-repeat":"repeat","background-position":"center center","background-size":"auto","background-attachment":"scroll","background-type":"","background-media":"","overlay-type":"","overlay-color":"","overlay-opacity":"","overlay-gradient":""},"tablet":{"background-color":"var(--ast-global-color-5)","background-image":"","background-repeat":"repeat","background-position":"center center","background-size":"auto","background-attachment":"scroll","background-type":"","background-media":"","overlay-type":"","overlay-color":"","overlay-opacity":"","overlay-gradient":""},"mobile":{"background-color":"var(--ast-global-color-5)","background-image":"","background-repeat":"repeat","background-position":"center center","background-size":"auto","background-attachment":"scroll","background-type":"","background-media":"","overlay-type":"","overlay-color":"","overlay-opacity":"","overlay-gradient":""}},"footnotes":""},"class_list":["post-189","page","type-page","status-publish","hentry"],"post_mailing_queue_ids":[],"_links":{"self":[{"href":"https:\/\/agora.xtec.cat\/escolarambletadelclot\/wp-json\/wp\/v2\/pages\/189","targetHints":{"allow":["GET"]}}],"collection":[{"href":"https:\/\/agora.xtec.cat\/escolarambletadelclot\/wp-json\/wp\/v2\/pages"}],"about":[{"href":"https:\/\/agora.xtec.cat\/escolarambletadelclot\/wp-json\/wp\/v2\/types\/page"}],"author":[{"embeddable":true,"href":"https:\/\/agora.xtec.cat\/escolarambletadelclot\/wp-json\/wp\/v2\/users\/1"}],"replies":[{"embeddable":true,"href":"https:\/\/agora.xtec.cat\/escolarambletadelclot\/wp-json\/wp\/v2\/comments?post=189"}],"version-history":[{"count":4,"href":"https:\/\/agora.xtec.cat\/escolarambletadelclot\/wp-json\/wp\/v2\/pages\/189\/revisions"}],"predecessor-version":[{"id":5029,"href":"https:\/\/agora.xtec.cat\/escolarambletadelclot\/wp-json\/wp\/v2\/pages\/189\/revisions\/5029"}],"up":[{"embeddable":true,"href":"https:\/\/agora.xtec.cat\/escolarambletadelclot\/wp-json\/wp\/v2\/pages\/3149"}],"wp:attachment":[{"href":"https:\/\/agora.xtec.cat\/escolarambletadelclot\/wp-json\/wp\/v2\/media?parent=189"}],"curies":[{"name":"wp","href":"https:\/\/api.w.org\/{rel}","templated":true}]}}