{"id":887,"date":"2021-09-29T13:36:38","date_gmt":"2021-09-29T11:36:38","guid":{"rendered":"https:\/\/agora.xtec.cat\/escolaprovencana\/?page_id=887"},"modified":"2023-04-21T10:37:19","modified_gmt":"2023-04-21T08:37:19","slug":"hores-datencio-a-les-families","status":"publish","type":"page","link":"https:\/\/agora.xtec.cat\/escolaprovencana\/hores-datencio-a-les-families\/","title":{"rendered":"Horari d&#8217;atenci\u00f3 a les fam\u00edlies"},"content":{"rendered":"<p>\ud83d\udd65 L&#8217;horari d&#8217;atenci\u00f3 a les fam\u00edlies per part de direcci\u00f3 \u00e9s:<\/p>\n<p style=\"text-align: left;\"><strong>DIMARTS 9-10h<\/strong><\/p>\n<p style=\"text-align: left;\"><strong>DIJOUS 15:45-16:45h<\/strong><\/p>\n<p>&nbsp;<\/p>\n<p>Per demanar cita pr\u00e8via:<\/p>\n<p style=\"text-align: left;\"><strong>a8019290@xtec.cat<\/strong><\/p>\n<p style=\"text-align: left;\"><strong>933312398 &#8211; 691812121<\/strong><\/p>\n","protected":false},"excerpt":{"rendered":"<p>\ud83d\udd65 L&#8217;horari d&#8217;atenci\u00f3 a les fam\u00edlies per part de direcci\u00f3 \u00e9s:<br \/>\nDIMARTS 9-10h<br \/>\nDIJOUS 15:45-16:45h<br \/>\n&nbsp;<br \/>\nPer demanar cita pr\u00e8via:<br \/>\na8019290@xtec.cat<br \/>\n933312398 &#8211; 691812121<\/p>\n","protected":false},"author":1,"featured_media":0,"parent":0,"menu_order":0,"comment_status":"closed","ping_status":"closed","template":"","meta":{"_bbp_topic_count":0,"_bbp_reply_count":0,"_bbp_total_topic_count":0,"_bbp_total_reply_count":0,"_bbp_voice_count":0,"_bbp_anonymous_reply_count":0,"_bbp_topic_count_hidden":0,"_bbp_reply_count_hidden":0,"_bbp_forum_subforum_count":0,"footnotes":""},"class_list":["post-887","page","type-page","status-publish","hentry"],"post_mailing_queue_ids":[],"_links":{"self":[{"href":"https:\/\/agora.xtec.cat\/escolaprovencana\/wp-json\/wp\/v2\/pages\/887","targetHints":{"allow":["GET"]}}],"collection":[{"href":"https:\/\/agora.xtec.cat\/escolaprovencana\/wp-json\/wp\/v2\/pages"}],"about":[{"href":"https:\/\/agora.xtec.cat\/escolaprovencana\/wp-json\/wp\/v2\/types\/page"}],"author":[{"embeddable":true,"href":"https:\/\/agora.xtec.cat\/escolaprovencana\/wp-json\/wp\/v2\/users\/1"}],"replies":[{"embeddable":true,"href":"https:\/\/agora.xtec.cat\/escolaprovencana\/wp-json\/wp\/v2\/comments?post=887"}],"version-history":[{"count":4,"href":"https:\/\/agora.xtec.cat\/escolaprovencana\/wp-json\/wp\/v2\/pages\/887\/revisions"}],"predecessor-version":[{"id":3091,"href":"https:\/\/agora.xtec.cat\/escolaprovencana\/wp-json\/wp\/v2\/pages\/887\/revisions\/3091"}],"wp:attachment":[{"href":"https:\/\/agora.xtec.cat\/escolaprovencana\/wp-json\/wp\/v2\/media?parent=887"}],"curies":[{"name":"wp","href":"https:\/\/api.w.org\/{rel}","templated":true}]}}

Horari d&#8217;atenció a les famílies

<p>🕥 L&#8217;horari d&#8217;atenció a les famílies per part de direcció és:</p>
<p style="text-align: left;"><strong>DIMARTS 9-10h</strong></p>
<p style="text-align: left;"><strong>DIJOUS 15:45-16:45h</strong></p>
<p>&nbsp;</p>
<p>Per demanar cita prèvia:</p>
<p style="text-align: left;"><strong>a8019290@xtec.cat</strong></p>
<p style="text-align: left;"><strong>933312398 &#8211; 691812121</strong></p>

<p>🕥 L&#8217;horari d&#8217;atenció a les famílies per part de direcció és:<br />
DIMARTS 9-10h<br />
DIJOUS 15:45-16:45h<br />
&nbsp;<br />
Per demanar cita prèvia:<br />
a8019290@xtec.cat<br />
933312398 &#8211; 691812121</p>
