{"id":812,"date":"2021-09-28T10:13:19","date_gmt":"2021-09-28T08:13:19","guid":{"rendered":"https:\/\/agora.xtec.cat\/escolaprovencana\/?page_id=812"},"modified":"2023-04-21T10:58:33","modified_gmt":"2023-04-21T08:58:33","slug":"app-escola-provencana","status":"publish","type":"page","link":"https:\/\/agora.xtec.cat\/escolaprovencana\/lescola\/app-escola-provencana\/","title":{"rendered":"APP Escola"},"content":{"rendered":"<p style=\"font-weight: 400;\">Amb la intenci\u00f3 d\u2019agilitzar i millorar l\u2019intercanvi\u00a0 d\u2019informaci\u00f3 entre l&#8217;escola i les fam\u00edlies, hem incorporat al centre l\u2019\u00fas d\u2019una aplicaci\u00f3 m\u00f2bil.<\/p>\n<p style=\"font-weight: 400;\">Aquesta\u00a0APP,\u00a0ha estat pensada i creada exclusivament per a la comunicaci\u00f3\u00a0Escola-Fam\u00edlia.<\/p>\n<p style=\"font-weight: 400;\">La comunicaci\u00f3 passa a ser instant\u00e0nia, les fam\u00edlies rebran els comunicats als seus dispositius m\u00f2bils en forma d&#8217;alerta, i d&#8217;aquesta manera millorem substancialment la rapidesa i qualitat dels contactes en comparaci\u00f3 amb els emails. El centre educatiu des de la plataforma online gestiona tots els comunicats, amb la possibilitat d\u2019adjuntar arxius, enlla\u00e7os, fotografies&#8230; La comunicaci\u00f3 de les fam\u00edlies cap a l&#8217;escola\u00a0continuar\u00e0 sent via agenda o correu electr\u00f2nic.<\/p>\n<p style=\"font-weight: 400;\">L\u2019intercanvi d\u2019informaci\u00f3\u00a0 tamb\u00e9 inclou L\u2019AMPA de l&#8217;escola, que ha col\u00b7laborat econ\u00f2micament per poder incorporar aquest mitj\u00e0 al centre i que tamb\u00e9 l\u2019utilitzar\u00e0 per fer arribar informacions a les fam\u00edlies.<\/p>\n<p style=\"font-weight: 400;\">Per a la implantaci\u00f3 de l\u2019APP\u00a0necessitarem de la vostra col\u00b7laboraci\u00f3 en dos passos.<\/p>\n<p style=\"font-weight: 400;\"><strong>Pas 1.<\/strong> Instal\u00b7lar l\u2019APP\u00a0al m\u00f2bil. Adjunt teniu el document amb les instruccions de com descarregar-la.<\/p>\n<p style=\"font-weight: 400;\"><strong>Pas 2.<\/strong> Rebreu un SMS amb un codi. Introduint el codi a l\u2019APP se us donar\u00e0 acc\u00e9s a l&#8217;aplicaci\u00f3.<\/p>\n<p><a href=\"https:\/\/agora.xtec.cat\/escolaprovencana\/wp-content\/uploads\/usu2442\/2021\/09\/Escola-Provencana-Instruccions-families_page-0001.jpg\"><img loading=\"lazy\" decoding=\"async\" class=\"alignnone size-large wp-image-816\" src=\"https:\/\/agora.xtec.cat\/escolaprovencana\/wp-content\/uploads\/usu2442\/2021\/09\/Escola-Provencana-Instruccions-families_page-0001-724x1024.jpg\" alt=\"\" width=\"724\" height=\"1024\" srcset=\"https:\/\/agora.xtec.cat\/escolaprovencana\/wp-content\/uploads\/usu2442\/2021\/09\/Escola-Provencana-Instruccions-families_page-0001-724x1024.jpg 724w, https:\/\/agora.xtec.cat\/escolaprovencana\/wp-content\/uploads\/usu2442\/2021\/09\/Escola-Provencana-Instruccions-families_page-0001-212x300.jpg 212w, https:\/\/agora.xtec.cat\/escolaprovencana\/wp-content\/uploads\/usu2442\/2021\/09\/Escola-Provencana-Instruccions-families_page-0001-768x1087.jpg 768w, https:\/\/agora.xtec.cat\/escolaprovencana\/wp-content\/uploads\/usu2442\/2021\/09\/Escola-Provencana-Instruccions-families_page-0001-1085x1536.jpg 1085w, https:\/\/agora.xtec.cat\/escolaprovencana\/wp-content\/uploads\/usu2442\/2021\/09\/Escola-Provencana-Instruccions-families_page-0001.jpg 1240w\" sizes=\"auto, (max-width: 724px) 100vw, 724px\" \/><\/a><\/p>\n","protected":false},"excerpt":{"rendered":"<p>Amb la intenci\u00f3 d\u2019agilitzar i millorar l\u2019intercanvi\u00a0 d\u2019informaci\u00f3 entre l&#8217;escola i les fam\u00edlies, hem incorporat al centre l\u2019\u00fas d\u2019una aplicaci\u00f3 m\u00f2bil.<br \/>\nAquesta\u00a0APP,\u00a0ha estat pensada i creada exclusivament per a la comunicaci\u00f3\u00a0Escola-Fam\u00edlia.<br \/>\nLa comunicaci\u00f3 passa a ser instant\u00e0nia, les fam\u00edlies rebran els comunicats als seus dispositius m\u00f2bils en&hellip;  <a href=\"https:\/\/agora.xtec.cat\/escolaprovencana\/lescola\/app-escola-provencana\/\" title=\"Read APP Escola\">Llegeix m\u00e9s\u00bb<\/a><\/p>\n","protected":false},"author":1,"featured_media":0,"parent":22,"menu_order":0,"comment_status":"closed","ping_status":"closed","template":"page-templates\/side-menu.php","meta":{"_bbp_topic_count":0,"_bbp_reply_count":0,"_bbp_total_topic_count":0,"_bbp_total_reply_count":0,"_bbp_voice_count":0,"_bbp_anonymous_reply_count":0,"_bbp_topic_count_hidden":0,"_bbp_reply_count_hidden":0,"_bbp_forum_subforum_count":0,"footnotes":""},"class_list":["post-812","page","type-page","status-publish","hentry"],"post_mailing_queue_ids":[],"_links":{"self":[{"href":"https:\/\/agora.xtec.cat\/escolaprovencana\/wp-json\/wp\/v2\/pages\/812","targetHints":{"allow":["GET"]}}],"collection":[{"href":"https:\/\/agora.xtec.cat\/escolaprovencana\/wp-json\/wp\/v2\/pages"}],"about":[{"href":"https:\/\/agora.xtec.cat\/escolaprovencana\/wp-json\/wp\/v2\/types\/page"}],"author":[{"embeddable":true,"href":"https:\/\/agora.xtec.cat\/escolaprovencana\/wp-json\/wp\/v2\/users\/1"}],"replies":[{"embeddable":true,"href":"https:\/\/agora.xtec.cat\/escolaprovencana\/wp-json\/wp\/v2\/comments?post=812"}],"version-history":[{"count":3,"href":"https:\/\/agora.xtec.cat\/escolaprovencana\/wp-json\/wp\/v2\/pages\/812\/revisions"}],"predecessor-version":[{"id":853,"href":"https:\/\/agora.xtec.cat\/escolaprovencana\/wp-json\/wp\/v2\/pages\/812\/revisions\/853"}],"up":[{"embeddable":true,"href":"https:\/\/agora.xtec.cat\/escolaprovencana\/wp-json\/wp\/v2\/pages\/22"}],"wp:attachment":[{"href":"https:\/\/agora.xtec.cat\/escolaprovencana\/wp-json\/wp\/v2\/media?parent=812"}],"curies":[{"name":"wp","href":"https:\/\/api.w.org\/{rel}","templated":true}]}}

<p style="font-weight: 400;">Amb la intenció d’agilitzar i millorar l’intercanvi  d’informació entre l&#8217;escola i les famílies, hem incorporat al centre l’ús d’una aplicació mòbil.</p>
<p style="font-weight: 400;">Aquesta APP, ha estat pensada i creada exclusivament per a la comunicació Escola-Família.</p>
<p style="font-weight: 400;">La comunicació passa a ser instantània, les famílies rebran els comunicats als seus dispositius mòbils en forma d&#8217;alerta, i d&#8217;aquesta manera millorem substancialment la rapidesa i qualitat dels contactes en comparació amb els emails. El centre educatiu des de la plataforma online gestiona tots els comunicats, amb la possibilitat d’adjuntar arxius, enllaços, fotografies&#8230; La comunicació de les famílies cap a l&#8217;escola continuarà sent via agenda o correu electrònic.</p>
<p style="font-weight: 400;">L’intercanvi d’informació  també inclou L’AMPA de l&#8217;escola, que ha col·laborat econòmicament per poder incorporar aquest mitjà al centre i que també l’utilitzarà per fer arribar informacions a les famílies.</p>
<p style="font-weight: 400;">Per a la implantació de l’APP necessitarem de la vostra col·laboració en dos passos.</p>
<p style="font-weight: 400;"><strong>Pas 1.</strong> Instal·lar l’APP al mòbil. Adjunt teniu el document amb les instruccions de com descarregar-la.</p>
<p style="font-weight: 400;"><strong>Pas 2.</strong> Rebreu un SMS amb un codi. Introduint el codi a l’APP se us donarà accés a l&#8217;aplicació.</p>
<p><a href="https://agora.xtec.cat/escolaprovencana/wp-content/uploads/usu2442/2021/09/Escola-Provencana-Instruccions-families_page-0001.jpg"><img loading="lazy" decoding="async" class="alignnone size-large wp-image-816" src="https://agora.xtec.cat/escolaprovencana/wp-content/uploads/usu2442/2021/09/Escola-Provencana-Instruccions-families_page-0001-724x1024.jpg" alt="" width="724" height="1024" srcset="https://agora.xtec.cat/escolaprovencana/wp-content/uploads/usu2442/2021/09/Escola-Provencana-Instruccions-families_page-0001-724x1024.jpg 724w, https://agora.xtec.cat/escolaprovencana/wp-content/uploads/usu2442/2021/09/Escola-Provencana-Instruccions-families_page-0001-212x300.jpg 212w, https://agora.xtec.cat/escolaprovencana/wp-content/uploads/usu2442/2021/09/Escola-Provencana-Instruccions-families_page-0001-768x1087.jpg 768w, https://agora.xtec.cat/escolaprovencana/wp-content/uploads/usu2442/2021/09/Escola-Provencana-Instruccions-families_page-0001-1085x1536.jpg 1085w, https://agora.xtec.cat/escolaprovencana/wp-content/uploads/usu2442/2021/09/Escola-Provencana-Instruccions-families_page-0001.jpg 1240w" sizes="auto, (max-width: 724px) 100vw, 724px" /></a></p>

<p>Amb la intenció d’agilitzar i millorar l’intercanvi  d’informació entre l&#8217;escola i les famílies, hem incorporat al centre l’ús d’una aplicació mòbil.<br />
Aquesta APP, ha estat pensada i creada exclusivament per a la comunicació Escola-Família.<br />
La comunicació passa a ser instantània, les famílies rebran els comunicats als seus dispositius mòbils en&hellip;  <a href="https://agora.xtec.cat/escolaprovencana/lescola/app-escola-provencana/" title="Read APP Escola">Llegeix més»</a></p>
