{"id":742,"date":"2021-09-27T16:24:34","date_gmt":"2021-09-27T14:24:34","guid":{"rendered":"https:\/\/agora.xtec.cat\/escolaprovencana\/?page_id=742"},"modified":"2022-01-19T12:53:38","modified_gmt":"2022-01-19T11:53:38","slug":"projecte-linguistic","status":"publish","type":"page","link":"https:\/\/agora.xtec.cat\/escolaprovencana\/projecte-linguistic\/","title":{"rendered":"Projecte Ling\u00fc\u00edstic de Centre"},"content":{"rendered":"<p>Us compartim el projecte ling\u00fc\u00edstic de centre. Feu click a l&#8217;enlla\u00e7 seg\u00fcent:<\/p>\n<p><a href=\"https:\/\/agora.xtec.cat\/escolaprovencana\/wp-content\/uploads\/usu2442\/2021\/09\/Projecte-Linguistic-2018.pdf\">Projecte Ling\u00fc\u00edstic de centre<\/a><\/p>\n","protected":false},"excerpt":{"rendered":"<p>Us compartim el projecte ling\u00fc\u00edstic de centre. Feu click a l&#8217;enlla\u00e7 seg\u00fcent:<br \/>\n<a href=\"https:\/\/agora.xtec.cat\/escolaprovencana\/wp-content\/uploads\/usu2442\/2021\/09\/Projecte-Linguistic-2018.pdf\">Projecte Ling\u00fc\u00edstic de centre<\/a><\/p>\n","protected":false},"author":1,"featured_media":0,"parent":0,"menu_order":0,"comment_status":"closed","ping_status":"closed","template":"","meta":{"_bbp_topic_count":0,"_bbp_reply_count":0,"_bbp_total_topic_count":0,"_bbp_total_reply_count":0,"_bbp_voice_count":0,"_bbp_anonymous_reply_count":0,"_bbp_topic_count_hidden":0,"_bbp_reply_count_hidden":0,"_bbp_forum_subforum_count":0,"footnotes":""},"class_list":["post-742","page","type-page","status-publish","hentry"],"post_mailing_queue_ids":[],"_links":{"self":[{"href":"https:\/\/agora.xtec.cat\/escolaprovencana\/wp-json\/wp\/v2\/pages\/742","targetHints":{"allow":["GET"]}}],"collection":[{"href":"https:\/\/agora.xtec.cat\/escolaprovencana\/wp-json\/wp\/v2\/pages"}],"about":[{"href":"https:\/\/agora.xtec.cat\/escolaprovencana\/wp-json\/wp\/v2\/types\/page"}],"author":[{"embeddable":true,"href":"https:\/\/agora.xtec.cat\/escolaprovencana\/wp-json\/wp\/v2\/users\/1"}],"replies":[{"embeddable":true,"href":"https:\/\/agora.xtec.cat\/escolaprovencana\/wp-json\/wp\/v2\/comments?post=742"}],"version-history":[{"count":3,"href":"https:\/\/agora.xtec.cat\/escolaprovencana\/wp-json\/wp\/v2\/pages\/742\/revisions"}],"predecessor-version":[{"id":1380,"href":"https:\/\/agora.xtec.cat\/escolaprovencana\/wp-json\/wp\/v2\/pages\/742\/revisions\/1380"}],"wp:attachment":[{"href":"https:\/\/agora.xtec.cat\/escolaprovencana\/wp-json\/wp\/v2\/media?parent=742"}],"curies":[{"name":"wp","href":"https:\/\/api.w.org\/{rel}","templated":true}]}}

Projecte Lingüístic de Centre

<p>Us compartim el projecte lingüístic de centre. Feu click a l&#8217;enllaç següent:</p>
<p><a href="https://agora.xtec.cat/escolaprovencana/wp-content/uploads/usu2442/2021/09/Projecte-Linguistic-2018.pdf">Projecte Lingüístic de centre</a></p>

<p>Us compartim el projecte lingüístic de centre. Feu click a l&#8217;enllaç següent:<br />
<a href="https://agora.xtec.cat/escolaprovencana/wp-content/uploads/usu2442/2021/09/Projecte-Linguistic-2018.pdf">Projecte Lingüístic de centre</a></p>
