{"id":734,"date":"2021-09-27T16:22:06","date_gmt":"2021-09-27T14:22:06","guid":{"rendered":"https:\/\/agora.xtec.cat\/escolaprovencana\/?page_id=734"},"modified":"2023-01-23T11:53:54","modified_gmt":"2023-01-23T10:53:54","slug":"membre-del-consell","status":"publish","type":"page","link":"https:\/\/agora.xtec.cat\/escolaprovencana\/membre-del-consell\/","title":{"rendered":"Membres del Consell Escolar i funcions"},"content":{"rendered":"<p>Es l\u2019\u00f2rgan de participaci\u00f3 de la comunitat escolar en el govern del centre.<\/p>\n<p><strong>Composici\u00f3 del Consell Escolar<\/strong><\/p>\n<ul>\n<li>La directora del centre, que n\u2019\u00e9s la presidenta<\/li>\n<li>La cap d\u2019estudis<\/li>\n<li>La secret\u00e0ria del centre, que assumeix la secretaria, amb veu i sense vot<\/li>\n<li>1 representant municipal<\/li>\n<li>1 representant del personal d\u2019administraci\u00f3 i serveis<\/li>\n<li>6 mestres, elegits pel claustre<\/li>\n<li>5 pares o mares d\u2019alumnes, elegits pels pares i mares<\/li>\n<li>1 pare o mare designat per l\u2019AMPA<\/li>\n<\/ul>\n<p><strong>Elecci\u00f3 dels membres del Consell Escolar:<\/strong><\/p>\n<p>Cada 2 anys es renoven la meitat de membres representants de mestres i de pares mitjan\u00e7ant la convocat\u00f2ria d\u2019eleccions.<\/p>\n<p><strong>Les funcions del Consell Escolar s\u00f3n, entre d\u2019altres:<\/strong><\/p>\n<ul>\n<li>Participar en l\u2019aprovaci\u00f3 del projecte educatiu i les seves modificacions.<\/li>\n<\/ul>\n<ul>\n<li>Participar en l\u2019aprovaci\u00f3 de la programaci\u00f3 general anual, de les normes de funcionament i de la gesti\u00f3 econ\u00f2mica del centre.<\/li>\n<\/ul>\n<ul>\n<li>Avaluar l\u2019aplicaci\u00f3 dels documents de gesti\u00f3 del centre.<\/li>\n<\/ul>\n<ul>\n<li>Aprovar les propostes d\u2019acords de coresponsabilitat, convenis i altres acords de col\u00b7laboraci\u00f3 del centre amb entitats i institucions.<\/li>\n<\/ul>\n<ul>\n<li>Intervenir en el procediment d\u2019admissi\u00f3 d\u2019alumnes.<\/li>\n<\/ul>\n<ul>\n<li>Participar en el procediment de selecci\u00f3 i en la proposta de cessament del director o directora.<\/li>\n<\/ul>\n<ul>\n<li>Intervenir en la resoluci\u00f3 dels conflictes i, si escau, revisar les sancions als alumnes.<\/li>\n<\/ul>\n<ul>\n<li>Aprovar les directrius per a la programaci\u00f3 d\u2019activitats escolars complement\u00e0ries i d\u2019activitats extraescolars, i avaluar-ne el desenvolupament.<\/li>\n<\/ul>\n<ul>\n<li>Participar en les an\u00e0lisis i les avaluacions del funcionament general del centre i con\u00e8ixer l\u2019evoluci\u00f3 del rendiment escolar.<\/li>\n<\/ul>\n<ul>\n<li>Aprovar els criteris de col\u00b7laboraci\u00f3 amb altres centres i amb l\u2019entorn.<\/li>\n<\/ul>\n","protected":false},"excerpt":{"rendered":"<p>Es l\u2019\u00f2rgan de participaci\u00f3 de la comunitat escolar en el govern del centre.<br \/>\nComposici\u00f3 del Consell Escolar<\/p>\n<ul>\n<li>La directora del centre, que n\u2019\u00e9s la presidenta<\/li>\n<li>La cap d\u2019estudis<\/li>\n<li>La secret\u00e0ria del centre, que assumeix la secretaria, amb veu i sense vot<\/li>\n<li>1 representant municipal<\/li>\n<li>1 representant del personal d\u2019administraci\u00f3 i serveis<\/li>\n<li>6&hellip;  <a href=\"https:\/\/agora.xtec.cat\/escolaprovencana\/membre-del-consell\/\" title=\"Read Membres del Consell Escolar i funcions\">Llegeix m\u00e9s\u00bb<\/a><br \/>\n","protected":false},"author":1,"featured_media":0,"parent":0,"menu_order":0,"comment_status":"closed","ping_status":"closed","template":"","meta":{"_bbp_topic_count":0,"_bbp_reply_count":0,"_bbp_total_topic_count":0,"_bbp_total_reply_count":0,"_bbp_voice_count":0,"_bbp_anonymous_reply_count":0,"_bbp_topic_count_hidden":0,"_bbp_reply_count_hidden":0,"_bbp_forum_subforum_count":0,"footnotes":""},"class_list":["post-734","page","type-page","status-publish","hentry"],"post_mailing_queue_ids":[],"_links":{"self":[{"href":"https:\/\/agora.xtec.cat\/escolaprovencana\/wp-json\/wp\/v2\/pages\/734","targetHints":{"allow":["GET"]}}],"collection":[{"href":"https:\/\/agora.xtec.cat\/escolaprovencana\/wp-json\/wp\/v2\/pages"}],"about":[{"href":"https:\/\/agora.xtec.cat\/escolaprovencana\/wp-json\/wp\/v2\/types\/page"}],"author":[{"embeddable":true,"href":"https:\/\/agora.xtec.cat\/escolaprovencana\/wp-json\/wp\/v2\/users\/1"}],"replies":[{"embeddable":true,"href":"https:\/\/agora.xtec.cat\/escolaprovencana\/wp-json\/wp\/v2\/comments?post=734"}],"version-history":[{"count":3,"href":"https:\/\/agora.xtec.cat\/escolaprovencana\/wp-json\/wp\/v2\/pages\/734\/revisions"}],"predecessor-version":[{"id":2594,"href":"https:\/\/agora.xtec.cat\/escolaprovencana\/wp-json\/wp\/v2\/pages\/734\/revisions\/2594"}],"wp:attachment":[{"href":"https:\/\/agora.xtec.cat\/escolaprovencana\/wp-json\/wp\/v2\/media?parent=734"}],"curies":[{"name":"wp","href":"https:\/\/api.w.org\/{rel}","templated":true}]}}

<p>Es l’òrgan de participació de la comunitat escolar en el govern del centre.</p>
<p><strong>Composició del Consell Escolar</strong></p>
<ul>
<li>La directora del centre, que n’és la presidenta</li>
<li>La cap d’estudis</li>
<li>La secretària del centre, que assumeix la secretaria, amb veu i sense vot</li>
<li>1 representant municipal</li>
<li>1 representant del personal d’administració i serveis</li>
<li>6 mestres, elegits pel claustre</li>
<li>5 pares o mares d’alumnes, elegits pels pares i mares</li>
<li>1 pare o mare designat per l’AMPA</li>
</ul>
<p><strong>Elecció dels membres del Consell Escolar:</strong></p>
<p>Cada 2 anys es renoven la meitat de membres representants de mestres i de pares mitjançant la convocatòria d’eleccions.</p>
<p><strong>Les funcions del Consell Escolar són, entre d’altres:</strong></p>
<ul>
<li>Participar en l’aprovació del projecte educatiu i les seves modificacions.</li>
</ul>
<ul>
<li>Participar en l’aprovació de la programació general anual, de les normes de funcionament i de la gestió econòmica del centre.</li>
</ul>
<ul>
<li>Avaluar l’aplicació dels documents de gestió del centre.</li>
</ul>
<ul>
<li>Aprovar les propostes d’acords de coresponsabilitat, convenis i altres acords de col·laboració del centre amb entitats i institucions.</li>
</ul>
<ul>
<li>Intervenir en el procediment d’admissió d’alumnes.</li>
</ul>
<ul>
<li>Participar en el procediment de selecció i en la proposta de cessament del director o directora.</li>
</ul>
<ul>
<li>Intervenir en la resolució dels conflictes i, si escau, revisar les sancions als alumnes.</li>
</ul>
<ul>
<li>Aprovar les directrius per a la programació d’activitats escolars complementàries i d’activitats extraescolars, i avaluar-ne el desenvolupament.</li>
</ul>
<ul>
<li>Participar en les anàlisis i les avaluacions del funcionament general del centre i conèixer l’evolució del rendiment escolar.</li>
</ul>
<ul>
<li>Aprovar els criteris de col·laboració amb altres centres i amb l’entorn.</li>
</ul>

<p>Es l’òrgan de participació de la comunitat escolar en el govern del centre.<br />
Composició del Consell Escolar</p>
<ul>
<li>La directora del centre, que n’és la presidenta</li>
<li>La cap d’estudis</li>
<li>La secretària del centre, que assumeix la secretaria, amb veu i sense vot</li>
<li>1 representant municipal</li>
<li>1 representant del personal d’administració i serveis</li>
<li>6&hellip;  <a href="https://agora.xtec.cat/escolaprovencana/membre-del-consell/" title="Read Membres del Consell Escolar i funcions">Llegeix més»</a><br />
