{"id":709,"date":"2021-09-27T15:39:41","date_gmt":"2021-09-27T13:39:41","guid":{"rendered":"https:\/\/agora.xtec.cat\/escolaprovencana\/?page_id=709"},"modified":"2023-04-21T10:53:16","modified_gmt":"2023-04-21T08:53:16","slug":"trets-didentitat","status":"publish","type":"page","link":"https:\/\/agora.xtec.cat\/escolaprovencana\/lescola\/trets-didentitat\/","title":{"rendered":"Trets d&#8217;identitat"},"content":{"rendered":"<p>L&#8217;escola Proven\u00e7ana \u00e9s una escola p\u00fablica catalana d&#8217;una l\u00ednia. Es troba situada al barri de Santa Eul\u00e0lia a L&#8217;Hospitalet de Llobregat.<\/p>\n<p style=\"font-weight: 400;\">La nostra\u00a0<strong>MISSI\u00d3<\/strong>\u00a0\u00e9s acompanyar i atendre a tots els infants de l\u2019escola intel\u00b7lectualment i emocionalment. Atendre la seva diversitat, fomentant el respecte, la toler\u00e0ncia, fent-los persones reflexives, cr\u00edtiques, aut\u00f2nomes i competents en el seu dia a dia.<\/p>\n<p style=\"font-weight: 400;\">La nostra\u00a0<strong>VISI\u00d3\u00a0<\/strong>la compartim amb els diferents membres de la comunitat educativa: fam\u00edlies, alumnat, mestres, PAS, espai migdia, agentes externs, fomentant el treball en xarxa.<\/p>\n<p style=\"font-weight: 400;\">Per \u00faltim, els\u00a0<strong>VALORS<\/strong>\u00a0que guien al nostre centre s\u00f3n:\u00a0 escola democr\u00e0tica, participativa, dialogant, plural, inclusiva, catalana, oberta a\u00a0l\u2019entorn, compromesa amb els objectius de desenvolupament sostenible, amb una mirada cap al canvi i la innovaci\u00f3 educativa.<\/p>\n","protected":false},"excerpt":{"rendered":"<p>L&#8217;escola Proven\u00e7ana \u00e9s una escola p\u00fablica catalana d&#8217;una l\u00ednia. Es troba situada al barri de Santa Eul\u00e0lia a L&#8217;Hospitalet de Llobregat.<br \/>\nLa nostra\u00a0MISSI\u00d3\u00a0\u00e9s acompanyar i atendre a tots els infants de l\u2019escola intel\u00b7lectualment i emocionalment. Atendre la seva diversitat, fomentant el respecte, la toler\u00e0ncia, fent-los persones&hellip;  <a href=\"https:\/\/agora.xtec.cat\/escolaprovencana\/lescola\/trets-didentitat\/\" title=\"Read Trets d&#8217;identitat\">Llegeix m\u00e9s\u00bb<\/a><\/p>\n","protected":false},"author":1,"featured_media":0,"parent":22,"menu_order":0,"comment_status":"closed","ping_status":"closed","template":"page-templates\/side-menu.php","meta":{"_bbp_topic_count":0,"_bbp_reply_count":0,"_bbp_total_topic_count":0,"_bbp_total_reply_count":0,"_bbp_voice_count":0,"_bbp_anonymous_reply_count":0,"_bbp_topic_count_hidden":0,"_bbp_reply_count_hidden":0,"_bbp_forum_subforum_count":0,"footnotes":""},"class_list":["post-709","page","type-page","status-publish","hentry"],"post_mailing_queue_ids":[],"_links":{"self":[{"href":"https:\/\/agora.xtec.cat\/escolaprovencana\/wp-json\/wp\/v2\/pages\/709","targetHints":{"allow":["GET"]}}],"collection":[{"href":"https:\/\/agora.xtec.cat\/escolaprovencana\/wp-json\/wp\/v2\/pages"}],"about":[{"href":"https:\/\/agora.xtec.cat\/escolaprovencana\/wp-json\/wp\/v2\/types\/page"}],"author":[{"embeddable":true,"href":"https:\/\/agora.xtec.cat\/escolaprovencana\/wp-json\/wp\/v2\/users\/1"}],"replies":[{"embeddable":true,"href":"https:\/\/agora.xtec.cat\/escolaprovencana\/wp-json\/wp\/v2\/comments?post=709"}],"version-history":[{"count":3,"href":"https:\/\/agora.xtec.cat\/escolaprovencana\/wp-json\/wp\/v2\/pages\/709\/revisions"}],"predecessor-version":[{"id":777,"href":"https:\/\/agora.xtec.cat\/escolaprovencana\/wp-json\/wp\/v2\/pages\/709\/revisions\/777"}],"up":[{"embeddable":true,"href":"https:\/\/agora.xtec.cat\/escolaprovencana\/wp-json\/wp\/v2\/pages\/22"}],"wp:attachment":[{"href":"https:\/\/agora.xtec.cat\/escolaprovencana\/wp-json\/wp\/v2\/media?parent=709"}],"curies":[{"name":"wp","href":"https:\/\/api.w.org\/{rel}","templated":true}]}}

<p>L&#8217;escola Provençana és una escola pública catalana d&#8217;una línia. Es troba situada al barri de Santa Eulàlia a L&#8217;Hospitalet de Llobregat.</p>
<p style="font-weight: 400;">La nostra <strong>MISSIÓ</strong> és acompanyar i atendre a tots els infants de l’escola intel·lectualment i emocionalment. Atendre la seva diversitat, fomentant el respecte, la tolerància, fent-los persones reflexives, crítiques, autònomes i competents en el seu dia a dia.</p>
<p style="font-weight: 400;">La nostra <strong>VISIÓ </strong>la compartim amb els diferents membres de la comunitat educativa: famílies, alumnat, mestres, PAS, espai migdia, agentes externs, fomentant el treball en xarxa.</p>
<p style="font-weight: 400;">Per últim, els <strong>VALORS</strong> que guien al nostre centre són:  escola democràtica, participativa, dialogant, plural, inclusiva, catalana, oberta a l’entorn, compromesa amb els objectius de desenvolupament sostenible, amb una mirada cap al canvi i la innovació educativa.</p>

<p>L&#8217;escola Provençana és una escola pública catalana d&#8217;una línia. Es troba situada al barri de Santa Eulàlia a L&#8217;Hospitalet de Llobregat.<br />
La nostra MISSIÓ és acompanyar i atendre a tots els infants de l’escola intel·lectualment i emocionalment. Atendre la seva diversitat, fomentant el respecte, la tolerància, fent-los persones&hellip;  <a href="https://agora.xtec.cat/escolaprovencana/lescola/trets-didentitat/" title="Read Trets d&#8217;identitat">Llegeix més»</a></p>
