{"id":589,"date":"2021-06-29T09:59:48","date_gmt":"2021-06-29T07:59:48","guid":{"rendered":"https:\/\/agora.xtec.cat\/escolaprovencana\/?page_id=589"},"modified":"2021-09-26T18:50:14","modified_gmt":"2021-09-26T16:50:14","slug":"projecte-cooperativa","status":"publish","type":"page","link":"https:\/\/agora.xtec.cat\/escolaprovencana\/projecte-cooperativa\/","title":{"rendered":"Projecte CuEmE (Cultura emprenedora a l&#8217;escola)"},"content":{"rendered":"<p>L&#8217;objectiu del projecte \u00e9s\u00a0<strong>fomentar la\u00a0<a href=\"https:\/\/www.youtube.com\/playlist?list=PLJz0Sj1ADXYEADCE9LcSf-mPQekVv4Rd4\" target=\"_blank\" rel=\"noopener\">cultura emprenedora\u00a0<\/a><\/strong>en el cicle superior d&#8217;educaci\u00f3 prim\u00e0ria per desenvolupar valors, h\u00e0bits i habilitats que capacitin les persones per impulsar projectes professionals i vitals.<\/p>\n<p>Concretament, el projecte impulsat per l&#8217;\u00c0rea de Desenvolupament Econ\u00f2mic Local i la d&#8217;<a href=\"http:\/\/www.diba.cat\/web\/cueme\" target=\"_blank\" rel=\"noopener\">Educaci\u00f3 de la Diputaci\u00f3 de Barcelona<\/a>\u00a0aposta pel\u00a0<strong>cooperativisme\u00a0<\/strong>com a filosofia empresarial, per ser un model de gesti\u00f3 democr\u00e0tica i en el qual la responsabilitat social \u00e9s un criteri rector de l&#8217;activitat econ\u00f2mica.<\/p>\n<h3>Un curs escolar, un projecte cooperatiu dels nens i nenes<\/h3>\n<p>Durant el curs, l&#8217;alumnat d&#8217;una aula\u00a0<strong>crea, gestiona i tanca una cooperativa<\/strong>, proc\u00e9s que comporta constituir l&#8217;empresa, escollir el producte, dissenyar la imatge corporativa, fer difusi\u00f3 i comunicaci\u00f3 del projecte, produir i vendre en un mercat local, aportar part dels beneficis a projectes d&#8217;inter\u00e8s social i avaluar la feina feta.<\/p>\n<p>En un context creatiu i l\u00fadic, els nens i nenes desenvolupen\u00a0<strong>capacitats emprenedores<\/strong>\u00a0mitjan\u00e7ant un aprenentatge transversal i, alhora, al mantenir contacte amb entitats i empreses del territori, l&#8217;escola s&#8217;integra a l&#8217;entorn.<\/p>\n<p>De fet, el projecte \u00e9s una\u00a0<strong>estrat\u00e8gia local\u00a0<\/strong>amb voluntat d&#8217;incorporar-se a les pol\u00edtiques municipals i d&#8217;estendre&#8217;l i mantenir-lo a les escoles, de manera cada nou curs els nens i nenes participants al projecte canvien, per\u00f2 s&#8217;hi mantenen els centres educatius i se n&#8217;incorporen de nous.<\/p>\n<p>Cultura emprenedora a l&#8217;escola es desenvolupa des del 2011, amb l&#8217;objectiu de fer-lo extensiu, progressivament, al conjunt de la prov\u00edncia de Barcelona.<\/p>\n","protected":false},"excerpt":{"rendered":"<p>L&#8217;objectiu del projecte \u00e9s\u00a0fomentar la\u00a0<a href=\"https:\/\/www.youtube.com\/playlist?list=PLJz0Sj1ADXYEADCE9LcSf-mPQekVv4Rd4\" target=\"_blank\" rel=\"noopener\">cultura emprenedora\u00a0<\/a>en el cicle superior d&#8217;educaci\u00f3 prim\u00e0ria per desenvolupar valors, h\u00e0bits i habilitats que capacitin les persones per impulsar projectes professionals i vitals.<br \/>\nConcretament, el projecte impulsat per l&#8217;\u00c0rea de Desenvolupament Econ\u00f2mic Local i la d&#8217;<a href=\"http:\/\/www.diba.cat\/web\/cueme\" target=\"_blank\" rel=\"noopener\">Educaci\u00f3&hellip;  <a href=\"https:\/\/agora.xtec.cat\/escolaprovencana\/projecte-cooperativa\/\" title=\"Read Projecte CuEmE (Cultura emprenedora a l&#8217;escola)\">Llegeix m\u00e9s\u00bb<\/a><\/p>\n","protected":false},"author":1,"featured_media":0,"parent":0,"menu_order":0,"comment_status":"closed","ping_status":"closed","template":"","meta":{"_bbp_topic_count":0,"_bbp_reply_count":0,"_bbp_total_topic_count":0,"_bbp_total_reply_count":0,"_bbp_voice_count":0,"_bbp_anonymous_reply_count":0,"_bbp_topic_count_hidden":0,"_bbp_reply_count_hidden":0,"_bbp_forum_subforum_count":0,"footnotes":""},"class_list":["post-589","page","type-page","status-publish","hentry"],"post_mailing_queue_ids":[],"_links":{"self":[{"href":"https:\/\/agora.xtec.cat\/escolaprovencana\/wp-json\/wp\/v2\/pages\/589","targetHints":{"allow":["GET"]}}],"collection":[{"href":"https:\/\/agora.xtec.cat\/escolaprovencana\/wp-json\/wp\/v2\/pages"}],"about":[{"href":"https:\/\/agora.xtec.cat\/escolaprovencana\/wp-json\/wp\/v2\/types\/page"}],"author":[{"embeddable":true,"href":"https:\/\/agora.xtec.cat\/escolaprovencana\/wp-json\/wp\/v2\/users\/1"}],"replies":[{"embeddable":true,"href":"https:\/\/agora.xtec.cat\/escolaprovencana\/wp-json\/wp\/v2\/comments?post=589"}],"version-history":[{"count":3,"href":"https:\/\/agora.xtec.cat\/escolaprovencana\/wp-json\/wp\/v2\/pages\/589\/revisions"}],"predecessor-version":[{"id":638,"href":"https:\/\/agora.xtec.cat\/escolaprovencana\/wp-json\/wp\/v2\/pages\/589\/revisions\/638"}],"wp:attachment":[{"href":"https:\/\/agora.xtec.cat\/escolaprovencana\/wp-json\/wp\/v2\/media?parent=589"}],"curies":[{"name":"wp","href":"https:\/\/api.w.org\/{rel}","templated":true}]}}

<p>L&#8217;objectiu del projecte és <strong>fomentar la <a href="https://www.youtube.com/playlist?list=PLJz0Sj1ADXYEADCE9LcSf-mPQekVv4Rd4" target="_blank" rel="noopener">cultura emprenedora </a></strong>en el cicle superior d&#8217;educació primària per desenvolupar valors, hàbits i habilitats que capacitin les persones per impulsar projectes professionals i vitals.</p>
<p>Concretament, el projecte impulsat per l&#8217;Àrea de Desenvolupament Econòmic Local i la d&#8217;<a href="http://www.diba.cat/web/cueme" target="_blank" rel="noopener">Educació de la Diputació de Barcelona</a> aposta pel <strong>cooperativisme </strong>com a filosofia empresarial, per ser un model de gestió democràtica i en el qual la responsabilitat social és un criteri rector de l&#8217;activitat econòmica.</p>
<h3>Un curs escolar, un projecte cooperatiu dels nens i nenes</h3>
<p>Durant el curs, l&#8217;alumnat d&#8217;una aula <strong>crea, gestiona i tanca una cooperativa</strong>, procés que comporta constituir l&#8217;empresa, escollir el producte, dissenyar la imatge corporativa, fer difusió i comunicació del projecte, produir i vendre en un mercat local, aportar part dels beneficis a projectes d&#8217;interès social i avaluar la feina feta.</p>
<p>En un context creatiu i lúdic, els nens i nenes desenvolupen <strong>capacitats emprenedores</strong> mitjançant un aprenentatge transversal i, alhora, al mantenir contacte amb entitats i empreses del territori, l&#8217;escola s&#8217;integra a l&#8217;entorn.</p>
<p>De fet, el projecte és una <strong>estratègia local </strong>amb voluntat d&#8217;incorporar-se a les polítiques municipals i d&#8217;estendre&#8217;l i mantenir-lo a les escoles, de manera cada nou curs els nens i nenes participants al projecte canvien, però s&#8217;hi mantenen els centres educatius i se n&#8217;incorporen de nous.</p>
<p>Cultura emprenedora a l&#8217;escola es desenvolupa des del 2011, amb l&#8217;objectiu de fer-lo extensiu, progressivament, al conjunt de la província de Barcelona.</p>

<p>L&#8217;objectiu del projecte és fomentar la <a href="https://www.youtube.com/playlist?list=PLJz0Sj1ADXYEADCE9LcSf-mPQekVv4Rd4" target="_blank" rel="noopener">cultura emprenedora </a>en el cicle superior d&#8217;educació primària per desenvolupar valors, hàbits i habilitats que capacitin les persones per impulsar projectes professionals i vitals.<br />
Concretament, el projecte impulsat per l&#8217;Àrea de Desenvolupament Econòmic Local i la d&#8217;<a href="http://www.diba.cat/web/cueme" target="_blank" rel="noopener">Educació&hellip;  <a href="https://agora.xtec.cat/escolaprovencana/projecte-cooperativa/" title="Read Projecte CuEmE (Cultura emprenedora a l&#8217;escola)">Llegeix més»</a></p>
