{"id":513,"date":"2025-06-30T14:00:00","date_gmt":"2025-06-30T12:00:00","guid":{"rendered":"https:\/\/agora.xtec.cat\/escolaprovencana\/?page_id=513"},"modified":"2025-07-01T13:16:28","modified_gmt":"2025-07-01T11:16:28","slug":"llibres-de-text-i-material","status":"publish","type":"page","link":"https:\/\/agora.xtec.cat\/escolaprovencana\/llibres-de-text-i-material\/","title":{"rendered":"Llibres de text, materials, imports aportacions fam\u00edlies 2025-2026"},"content":{"rendered":"<p>Imports aportacions fam\u00edlies 2025-2026 (inclou materials pedag\u00f2gics i sortides escolars).<\/p>\n<table style=\"border-collapse: collapse; width: 70.4745%; height: 96px;\">\n<tbody>\n<tr>\n<td style=\"width: 50%;\">Educaci\u00f3 Infantil<\/td>\n<td style=\"width: 74.0354%;\">80\u20ac sortides + 100\u20ac material (180\u20ac).<\/td>\n<\/tr>\n<tr>\n<td style=\"width: 50%;\">Educaci\u00f3 Prim\u00e0ria<\/td>\n<td style=\"width: 74.0354%;\">90\u20ac sortides + 100\u20ac material (190\u20ac)<\/td>\n<\/tr>\n<\/tbody>\n<\/table>\n\n\n<p>Llibres de text, Innovamat i materials d&#8217;I3 a 6\u00e8 curs 2025-2026<\/p>\n\n\n\n<div data-wp-interactive=\"core\/file\" class=\"wp-block-file\"><object data-wp-bind--hidden=\"!state.hasPdfPreview\" hidden class=\"wp-block-file__embed\" data=\"https:\/\/agora.xtec.cat\/escolaprovencana\/wp-content\/uploads\/usu2442\/2025\/07\/LLibres-i-materials-I3-a-6e-2025_2026.pdf\" type=\"application\/pdf\" style=\"width:100%;height:600px\" aria-label=\"Incrustaci\u00f3 del fitxer LLibres i materials I3 a 6\u00e8 2025_2026.\"><\/object><a id=\"wp-block-file--media-399c4168-7d42-4b4b-8028-339be49f6de6\" href=\"https:\/\/agora.xtec.cat\/escolaprovencana\/wp-content\/uploads\/usu2442\/2025\/07\/LLibres-i-materials-I3-a-6e-2025_2026.pdf\" target=\"_blank\" rel=\"noreferrer noopener\">LLibres i materials I3 a 6\u00e8 2025_2026<\/a><a href=\"https:\/\/agora.xtec.cat\/escolaprovencana\/wp-content\/uploads\/usu2442\/2025\/07\/LLibres-i-materials-I3-a-6e-2025_2026.pdf\" class=\"wp-block-file__button wp-element-button\" download aria-describedby=\"wp-block-file--media-399c4168-7d42-4b4b-8028-339be49f6de6\">Baixa<\/a><\/div>\n","protected":false},"excerpt":{"rendered":"<p>Imports aportacions fam\u00edlies 2025-2026 (inclou materials pedag\u00f2gics i sortides escolars).<\/p>\n<p>Educaci\u00f3 Infantil<br \/>\n80\u20ac sortides + 100\u20ac material (180\u20ac).<\/p>\n<p>Educaci\u00f3 Prim\u00e0ria<br \/>\n90\u20ac sortides + 100\u20ac material (190\u20ac)<\/p>\n<p>Llibres de text, Innovamat i materials d&#8217;I3 a 6\u00e8 curs 2025-2026<\/p>\n<p><a id=\"wp-block-file--media-399c4168-7d42-4b4b-8028-339be49f6de6\" href=\"https:\/\/agora.xtec.cat\/escolaprovencana\/wp-content\/uploads\/usu2442\/2025\/07\/LLibres-i-materials-I3-a-6e-2025_2026.pdf\" target=\"_blank\" rel=\"noreferrer noopener\">LLibres i materials I3 a 6\u00e8 2025_2026<\/a><a href=\"https:\/\/agora.xtec.cat\/escolaprovencana\/wp-content\/uploads\/usu2442\/2025\/07\/LLibres-i-materials-I3-a-6e-2025_2026.pdf\" class=\"wp-block-file__button&hellip;  <a href=\"https:\/\/agora.xtec.cat\/escolaprovencana\/llibres-de-text-i-material\/\" title=\"Read Llibres de text, materials, imports aportacions fam\u00edlies 2025-2026\">Llegeix m\u00e9s\u00bb<\/a><\/p>\n","protected":false},"author":1,"featured_media":0,"parent":0,"menu_order":0,"comment_status":"closed","ping_status":"closed","template":"","meta":{"_bbp_topic_count":0,"_bbp_reply_count":0,"_bbp_total_topic_count":0,"_bbp_total_reply_count":0,"_bbp_voice_count":0,"_bbp_anonymous_reply_count":0,"_bbp_topic_count_hidden":0,"_bbp_reply_count_hidden":0,"_bbp_forum_subforum_count":0,"footnotes":""},"class_list":["post-513","page","type-page","status-publish","hentry"],"post_mailing_queue_ids":[],"_links":{"self":[{"href":"https:\/\/agora.xtec.cat\/escolaprovencana\/wp-json\/wp\/v2\/pages\/513","targetHints":{"allow":["GET"]}}],"collection":[{"href":"https:\/\/agora.xtec.cat\/escolaprovencana\/wp-json\/wp\/v2\/pages"}],"about":[{"href":"https:\/\/agora.xtec.cat\/escolaprovencana\/wp-json\/wp\/v2\/types\/page"}],"author":[{"embeddable":true,"href":"https:\/\/agora.xtec.cat\/escolaprovencana\/wp-json\/wp\/v2\/users\/1"}],"replies":[{"embeddable":true,"href":"https:\/\/agora.xtec.cat\/escolaprovencana\/wp-json\/wp\/v2\/comments?post=513"}],"version-history":[{"count":5,"href":"https:\/\/agora.xtec.cat\/escolaprovencana\/wp-json\/wp\/v2\/pages\/513\/revisions"}],"predecessor-version":[{"id":5298,"href":"https:\/\/agora.xtec.cat\/escolaprovencana\/wp-json\/wp\/v2\/pages\/513\/revisions\/5298"}],"wp:attachment":[{"href":"https:\/\/agora.xtec.cat\/escolaprovencana\/wp-json\/wp\/v2\/media?parent=513"}],"curies":[{"name":"wp","href":"https:\/\/api.w.org\/{rel}","templated":true}]}}

Llibres de text, materials, imports aportacions famílies 2025-2026

<p>Imports aportacions famílies 2025-2026 (inclou materials pedagògics i sortides escolars).</p>
<table style="border-collapse: collapse; width: 70.4745%; height: 96px;">
<tbody>
<tr>
<td style="width: 50%;">Educació Infantil</td>
<td style="width: 74.0354%;">80€ sortides + 100€ material (180€).</td>
</tr>
<tr>
<td style="width: 50%;">Educació Primària</td>
<td style="width: 74.0354%;">90€ sortides + 100€ material (190€)</td>
</tr>
</tbody>
</table>


<p>Llibres de text, Innovamat i materials d&#8217;I3 a 6è curs 2025-2026</p>



<div data-wp-interactive="core/file" class="wp-block-file"><object data-wp-bind--hidden="!state.hasPdfPreview" hidden class="wp-block-file__embed" data="https://agora.xtec.cat/escolaprovencana/wp-content/uploads/usu2442/2025/07/LLibres-i-materials-I3-a-6e-2025_2026.pdf" type="application/pdf" style="width:100%;height:600px" aria-label="Incrustació del fitxer LLibres i materials I3 a 6è 2025_2026."></object><a id="wp-block-file--media-399c4168-7d42-4b4b-8028-339be49f6de6" href="https://agora.xtec.cat/escolaprovencana/wp-content/uploads/usu2442/2025/07/LLibres-i-materials-I3-a-6e-2025_2026.pdf" target="_blank" rel="noreferrer noopener">LLibres i materials I3 a 6è 2025_2026</a><a href="https://agora.xtec.cat/escolaprovencana/wp-content/uploads/usu2442/2025/07/LLibres-i-materials-I3-a-6e-2025_2026.pdf" class="wp-block-file__button wp-element-button" download aria-describedby="wp-block-file--media-399c4168-7d42-4b4b-8028-339be49f6de6">Baixa</a></div>

<p>Imports aportacions famílies 2025-2026 (inclou materials pedagògics i sortides escolars).</p>
<p>Educació Infantil<br />
80€ sortides + 100€ material (180€).</p>
<p>Educació Primària<br />
90€ sortides + 100€ material (190€)</p>
<p>Llibres de text, Innovamat i materials d&#8217;I3 a 6è curs 2025-2026</p>
<p><a id="wp-block-file--media-399c4168-7d42-4b4b-8028-339be49f6de6" href="https://agora.xtec.cat/escolaprovencana/wp-content/uploads/usu2442/2025/07/LLibres-i-materials-I3-a-6e-2025_2026.pdf" target="_blank" rel="noreferrer noopener">LLibres i materials I3 a 6è 2025_2026</a><a href="https://agora.xtec.cat/escolaprovencana/wp-content/uploads/usu2442/2025/07/LLibres-i-materials-I3-a-6e-2025_2026.pdf" class="wp-block-file__button&hellip;  <a href="https://agora.xtec.cat/escolaprovencana/llibres-de-text-i-material/" title="Read Llibres de text, materials, imports aportacions famílies 2025-2026">Llegeix més»</a></p>
