{"id":1640,"date":"2021-11-22T15:31:50","date_gmt":"2021-11-22T14:31:50","guid":{"rendered":"https:\/\/agora.xtec.cat\/escolaprovencana\/?page_id=1640"},"modified":"2022-02-23T11:23:29","modified_gmt":"2022-02-23T10:23:29","slug":"steam-100tifiques","status":"publish","type":"page","link":"https:\/\/agora.xtec.cat\/escolaprovencana\/steam-100tifiques\/","title":{"rendered":"STEAM &#038; #100t\u00edfiques"},"content":{"rendered":"<p>El passat 11 de febrer de 2021 es va organitzar la tercera edici\u00f3 de l&#8217;esdeveniment #100t\u00edfiques.<\/p>\n<p>#100t\u00edfiques \u00e9s una iniciativa de la Fundaci\u00f3 Catalana per a la Recerca i la Innovaci\u00f3 (FCRI) i el Barcelona Institute of Science and Technology (BIST), amb la col\u00b7laboraci\u00f3 del Departament d&#8217;Educaci\u00f3 de la Generalitat de Catalunya.<\/p>\n<p>L&#8217;objectiu del projecte \u00e9s fer visible i destacar la rellev\u00e0ncia i el paper estrat\u00e8gic de les dones a la ci\u00e8ncia i la tecnologia, tot fomentant accions conjuntes entre cient\u00edfiques d&#8217;acad\u00e8mia i d&#8217;empresa. El programa t\u00e9 la vocaci\u00f3 de fomentar una relaci\u00f3 m\u00e9s directa i rec\u00edproca entre la ci\u00e8ncia i la societat, i molt especialment d&#8217;incrementar la consci\u00e8ncia d&#8217;aquest col\u00b7lectiu i eixamplar-ne l&#8217;espai.<\/p>\n<p>A l&#8217;escola vam tenir la sort de comptar amb la pres\u00e8ncia de la cient\u00edfica Laura Jim\u00e9nez.<\/p>\n<p>Us deixem un article que han creat els alumnes de 6\u00e8 curs.<\/p>\n<p>&nbsp;<\/p>\n<p style=\"text-align: center;\"><a href=\"https:\/\/drive.google.com\/file\/d\/1lg5DRQx0EJ_wfXEPkFx5aIl4ZjInMX7V\/view?usp=sharing\"><img loading=\"lazy\" decoding=\"async\" class=\"aligncenter wp-image-1647 size-large\" src=\"https:\/\/agora.xtec.cat\/escolaprovencana\/wp-content\/uploads\/usu2442\/2022\/02\/Trobada-100tifiques_page-0001-724x1024.jpg\" alt=\"\" width=\"724\" height=\"1024\" srcset=\"https:\/\/agora.xtec.cat\/escolaprovencana\/wp-content\/uploads\/usu2442\/2022\/02\/Trobada-100tifiques_page-0001-724x1024.jpg 724w, https:\/\/agora.xtec.cat\/escolaprovencana\/wp-content\/uploads\/usu2442\/2022\/02\/Trobada-100tifiques_page-0001-212x300.jpg 212w, https:\/\/agora.xtec.cat\/escolaprovencana\/wp-content\/uploads\/usu2442\/2022\/02\/Trobada-100tifiques_page-0001-768x1086.jpg 768w, https:\/\/agora.xtec.cat\/escolaprovencana\/wp-content\/uploads\/usu2442\/2022\/02\/Trobada-100tifiques_page-0001-1086x1536.jpg 1086w, https:\/\/agora.xtec.cat\/escolaprovencana\/wp-content\/uploads\/usu2442\/2022\/02\/Trobada-100tifiques_page-0001.jpg 1241w\" sizes=\"auto, (max-width: 724px) 100vw, 724px\" \/><\/a><\/p>\n","protected":false},"excerpt":{"rendered":"<p>El passat 11 de febrer de 2021 es va organitzar la tercera edici\u00f3 de l&#8217;esdeveniment #100t\u00edfiques.<br \/>\n#100t\u00edfiques \u00e9s una iniciativa de la Fundaci\u00f3 Catalana per a la Recerca i la Innovaci\u00f3 (FCRI) i el Barcelona Institute of Science and Technology (BIST), amb la col\u00b7laboraci\u00f3 del Departament&hellip;  <a href=\"https:\/\/agora.xtec.cat\/escolaprovencana\/steam-100tifiques\/\" title=\"Read STEAM &#038; #100t\u00edfiques\">Llegeix m\u00e9s\u00bb<\/a><\/p>\n","protected":false},"author":1,"featured_media":0,"parent":0,"menu_order":0,"comment_status":"closed","ping_status":"closed","template":"","meta":{"_bbp_topic_count":0,"_bbp_reply_count":0,"_bbp_total_topic_count":0,"_bbp_total_reply_count":0,"_bbp_voice_count":0,"_bbp_anonymous_reply_count":0,"_bbp_topic_count_hidden":0,"_bbp_reply_count_hidden":0,"_bbp_forum_subforum_count":0,"footnotes":""},"class_list":["post-1640","page","type-page","status-publish","hentry"],"post_mailing_queue_ids":[],"_links":{"self":[{"href":"https:\/\/agora.xtec.cat\/escolaprovencana\/wp-json\/wp\/v2\/pages\/1640","targetHints":{"allow":["GET"]}}],"collection":[{"href":"https:\/\/agora.xtec.cat\/escolaprovencana\/wp-json\/wp\/v2\/pages"}],"about":[{"href":"https:\/\/agora.xtec.cat\/escolaprovencana\/wp-json\/wp\/v2\/types\/page"}],"author":[{"embeddable":true,"href":"https:\/\/agora.xtec.cat\/escolaprovencana\/wp-json\/wp\/v2\/users\/1"}],"replies":[{"embeddable":true,"href":"https:\/\/agora.xtec.cat\/escolaprovencana\/wp-json\/wp\/v2\/comments?post=1640"}],"version-history":[{"count":3,"href":"https:\/\/agora.xtec.cat\/escolaprovencana\/wp-json\/wp\/v2\/pages\/1640\/revisions"}],"predecessor-version":[{"id":1717,"href":"https:\/\/agora.xtec.cat\/escolaprovencana\/wp-json\/wp\/v2\/pages\/1640\/revisions\/1717"}],"wp:attachment":[{"href":"https:\/\/agora.xtec.cat\/escolaprovencana\/wp-json\/wp\/v2\/media?parent=1640"}],"curies":[{"name":"wp","href":"https:\/\/api.w.org\/{rel}","templated":true}]}}

STEAM &#038; #100tífiques

<p>El passat 11 de febrer de 2021 es va organitzar la tercera edició de l&#8217;esdeveniment #100tífiques.</p>
<p>#100tífiques és una iniciativa de la Fundació Catalana per a la Recerca i la Innovació (FCRI) i el Barcelona Institute of Science and Technology (BIST), amb la col·laboració del Departament d&#8217;Educació de la Generalitat de Catalunya.</p>
<p>L&#8217;objectiu del projecte és fer visible i destacar la rellevància i el paper estratègic de les dones a la ciència i la tecnologia, tot fomentant accions conjuntes entre científiques d&#8217;acadèmia i d&#8217;empresa. El programa té la vocació de fomentar una relació més directa i recíproca entre la ciència i la societat, i molt especialment d&#8217;incrementar la consciència d&#8217;aquest col·lectiu i eixamplar-ne l&#8217;espai.</p>
<p>A l&#8217;escola vam tenir la sort de comptar amb la presència de la científica Laura Jiménez.</p>
<p>Us deixem un article que han creat els alumnes de 6è curs.</p>
<p>&nbsp;</p>
<p style="text-align: center;"><a href="https://drive.google.com/file/d/1lg5DRQx0EJ_wfXEPkFx5aIl4ZjInMX7V/view?usp=sharing"><img loading="lazy" decoding="async" class="aligncenter wp-image-1647 size-large" src="https://agora.xtec.cat/escolaprovencana/wp-content/uploads/usu2442/2022/02/Trobada-100tifiques_page-0001-724x1024.jpg" alt="" width="724" height="1024" srcset="https://agora.xtec.cat/escolaprovencana/wp-content/uploads/usu2442/2022/02/Trobada-100tifiques_page-0001-724x1024.jpg 724w, https://agora.xtec.cat/escolaprovencana/wp-content/uploads/usu2442/2022/02/Trobada-100tifiques_page-0001-212x300.jpg 212w, https://agora.xtec.cat/escolaprovencana/wp-content/uploads/usu2442/2022/02/Trobada-100tifiques_page-0001-768x1086.jpg 768w, https://agora.xtec.cat/escolaprovencana/wp-content/uploads/usu2442/2022/02/Trobada-100tifiques_page-0001-1086x1536.jpg 1086w, https://agora.xtec.cat/escolaprovencana/wp-content/uploads/usu2442/2022/02/Trobada-100tifiques_page-0001.jpg 1241w" sizes="auto, (max-width: 724px) 100vw, 724px" /></a></p>

<p>El passat 11 de febrer de 2021 es va organitzar la tercera edició de l&#8217;esdeveniment #100tífiques.<br />
#100tífiques és una iniciativa de la Fundació Catalana per a la Recerca i la Innovació (FCRI) i el Barcelona Institute of Science and Technology (BIST), amb la col·laboració del Departament&hellip;  <a href="https://agora.xtec.cat/escolaprovencana/steam-100tifiques/" title="Read STEAM &#038; #100tífiques">Llegeix més»</a></p>
