{"id":1425,"date":"2024-01-25T16:00:52","date_gmt":"2024-01-25T15:00:52","guid":{"rendered":"https:\/\/agora.xtec.cat\/escolaprovencana\/?page_id=1425"},"modified":"2025-03-05T09:35:41","modified_gmt":"2025-03-05T08:35:41","slug":"portes-obertes-2022","status":"publish","type":"page","link":"https:\/\/agora.xtec.cat\/escolaprovencana\/portes-obertes-2022\/","title":{"rendered":"Portes obertes CURS 2025-2026"},"content":{"rendered":"<h5><span style=\"color: #000000;\"><strong>Les jornades de portes obertes es realitzaran de forma presencial<\/strong> DILLUNS 24 DE FEBRER i DILLUNS 10 DE MAR\u00c7 a les 15:15h.<\/span><\/h5>\n<h5><strong><span style=\"color: #000000;\">Per assistir a les jornades informatives \u00e9s necessari apuntar-se clicant el seg\u00fcent enlla\u00e7:<\/span><\/strong><\/h5>\n\n<div class=\"wp-block-image is-resized\">\n<figure class=\"aligncenter size-large\"><a href=\"https:\/\/forms.gle\/g8oaSr4r6GhfupdSA\" target=\"_blank\" rel=\"noreferrer noopener\"><img loading=\"lazy\" decoding=\"async\" width=\"1024\" height=\"512\" src=\"https:\/\/agora.xtec.cat\/escolaprovencana\/wp-content\/uploads\/usu2442\/2025\/01\/Welcome-2-1024x512.jpg\" alt=\"\" class=\"wp-image-4466\" style=\"object-fit:cover;width:500px;height:undefinedpx\" srcset=\"https:\/\/agora.xtec.cat\/escolaprovencana\/wp-content\/uploads\/usu2442\/2025\/01\/Welcome-2-1024x512.jpg 1024w, https:\/\/agora.xtec.cat\/escolaprovencana\/wp-content\/uploads\/usu2442\/2025\/01\/Welcome-2-300x150.jpg 300w, https:\/\/agora.xtec.cat\/escolaprovencana\/wp-content\/uploads\/usu2442\/2025\/01\/Welcome-2-768x384.jpg 768w, https:\/\/agora.xtec.cat\/escolaprovencana\/wp-content\/uploads\/usu2442\/2025\/01\/Welcome-2-1536x768.jpg 1536w, https:\/\/agora.xtec.cat\/escolaprovencana\/wp-content\/uploads\/usu2442\/2025\/01\/Welcome-2-2048x1024.jpg 2048w\" sizes=\"auto, (max-width: 1024px) 100vw, 1024px\" \/><\/a><\/figure><\/div>","protected":false},"excerpt":{"rendered":"<p>Les jornades de portes obertes es realitzaran de forma presencial DILLUNS 24 DE FEBRER i DILLUNS 10 DE MAR\u00c7 a les 15:15h.<br \/>\nPer assistir a les jornades informatives \u00e9s necessari apuntar-se clicant el seg\u00fcent enlla\u00e7:<\/p>\n<p><a href=\"https:\/\/forms.gle\/g8oaSr4r6GhfupdSA\" target=\"_blank\" rel=\"noreferrer noopener\"><\/a><\/p>\n","protected":false},"author":1,"featured_media":0,"parent":0,"menu_order":0,"comment_status":"closed","ping_status":"closed","template":"","meta":{"_bbp_topic_count":0,"_bbp_reply_count":0,"_bbp_total_topic_count":0,"_bbp_total_reply_count":0,"_bbp_voice_count":0,"_bbp_anonymous_reply_count":0,"_bbp_topic_count_hidden":0,"_bbp_reply_count_hidden":0,"_bbp_forum_subforum_count":0,"footnotes":""},"class_list":["post-1425","page","type-page","status-publish","hentry"],"post_mailing_queue_ids":[],"_links":{"self":[{"href":"https:\/\/agora.xtec.cat\/escolaprovencana\/wp-json\/wp\/v2\/pages\/1425","targetHints":{"allow":["GET"]}}],"collection":[{"href":"https:\/\/agora.xtec.cat\/escolaprovencana\/wp-json\/wp\/v2\/pages"}],"about":[{"href":"https:\/\/agora.xtec.cat\/escolaprovencana\/wp-json\/wp\/v2\/types\/page"}],"author":[{"embeddable":true,"href":"https:\/\/agora.xtec.cat\/escolaprovencana\/wp-json\/wp\/v2\/users\/1"}],"replies":[{"embeddable":true,"href":"https:\/\/agora.xtec.cat\/escolaprovencana\/wp-json\/wp\/v2\/comments?post=1425"}],"version-history":[{"count":6,"href":"https:\/\/agora.xtec.cat\/escolaprovencana\/wp-json\/wp\/v2\/pages\/1425\/revisions"}],"predecessor-version":[{"id":4607,"href":"https:\/\/agora.xtec.cat\/escolaprovencana\/wp-json\/wp\/v2\/pages\/1425\/revisions\/4607"}],"wp:attachment":[{"href":"https:\/\/agora.xtec.cat\/escolaprovencana\/wp-json\/wp\/v2\/media?parent=1425"}],"curies":[{"name":"wp","href":"https:\/\/api.w.org\/{rel}","templated":true}]}}

<h5><span style="color: #000000;"><strong>Les jornades de portes obertes es realitzaran de forma presencial</strong> DILLUNS 24 DE FEBRER i DILLUNS 10 DE MARÇ a les 15:15h.</span></h5>
<h5><strong><span style="color: #000000;">Per assistir a les jornades informatives és necessari apuntar-se clicant el següent enllaç:</span></strong></h5>

<div class="wp-block-image is-resized">
<figure class="aligncenter size-large"><a href="https://forms.gle/g8oaSr4r6GhfupdSA" target="_blank" rel="noreferrer noopener"><img loading="lazy" decoding="async" width="1024" height="512" src="https://agora.xtec.cat/escolaprovencana/wp-content/uploads/usu2442/2025/01/Welcome-2-1024x512.jpg" alt="" class="wp-image-4466" style="object-fit:cover;width:500px;height:undefinedpx" srcset="https://agora.xtec.cat/escolaprovencana/wp-content/uploads/usu2442/2025/01/Welcome-2-1024x512.jpg 1024w, https://agora.xtec.cat/escolaprovencana/wp-content/uploads/usu2442/2025/01/Welcome-2-300x150.jpg 300w, https://agora.xtec.cat/escolaprovencana/wp-content/uploads/usu2442/2025/01/Welcome-2-768x384.jpg 768w, https://agora.xtec.cat/escolaprovencana/wp-content/uploads/usu2442/2025/01/Welcome-2-1536x768.jpg 1536w, https://agora.xtec.cat/escolaprovencana/wp-content/uploads/usu2442/2025/01/Welcome-2-2048x1024.jpg 2048w" sizes="auto, (max-width: 1024px) 100vw, 1024px" /></a></figure></div>

<p>Les jornades de portes obertes es realitzaran de forma presencial DILLUNS 24 DE FEBRER i DILLUNS 10 DE MARÇ a les 15:15h.<br />
Per assistir a les jornades informatives és necessari apuntar-se clicant el següent enllaç:</p>
<p><a href="https://forms.gle/g8oaSr4r6GhfupdSA" target="_blank" rel="noreferrer noopener"></a></p>
