{"id":1416,"date":"2024-02-26T13:15:19","date_gmt":"2024-02-26T12:15:19","guid":{"rendered":"https:\/\/agora.xtec.cat\/escolaprovencana\/?page_id=1416"},"modified":"2026-02-27T15:54:08","modified_gmt":"2026-02-27T14:54:08","slug":"preinscripcio-i-matricula-curs-2022-2023","status":"publish","type":"page","link":"https:\/\/agora.xtec.cat\/escolaprovencana\/preinscripcio-i-matricula-curs-2022-2023\/","title":{"rendered":"PREINSCRIPCI\u00d3 I MATR\u00cdCULA ESCOLAR 2026-2027"},"content":{"rendered":"\n<h4 class=\"wp-block-heading has-black-color has-text-color has-link-color has-medium-font-size wp-elements-1014f60f7eb2601256ed4b56e66694ea\"><\/h4>\n\n\n\n<figure class=\"wp-block-image size-medium\"><a href=\"https:\/\/preinscripcio.gencat.cat\/ca\/estudis\/infantil-3-6\/informat\/calendari\/\" target=\"_blank\" rel=\" noreferrer noopener\"><img loading=\"lazy\" decoding=\"async\" width=\"300\" height=\"169\" src=\"https:\/\/agora.xtec.cat\/escolaprovencana\/wp-content\/uploads\/usu2442\/2026\/02\/Calendari-preins-i-matric-300x169.png\" alt=\"\" class=\"wp-image-5848\" srcset=\"https:\/\/agora.xtec.cat\/escolaprovencana\/wp-content\/uploads\/usu2442\/2026\/02\/Calendari-preins-i-matric-300x169.png 300w, https:\/\/agora.xtec.cat\/escolaprovencana\/wp-content\/uploads\/usu2442\/2026\/02\/Calendari-preins-i-matric-1024x576.png 1024w, https:\/\/agora.xtec.cat\/escolaprovencana\/wp-content\/uploads\/usu2442\/2026\/02\/Calendari-preins-i-matric-768x432.png 768w, https:\/\/agora.xtec.cat\/escolaprovencana\/wp-content\/uploads\/usu2442\/2026\/02\/Calendari-preins-i-matric-1536x864.png 1536w, https:\/\/agora.xtec.cat\/escolaprovencana\/wp-content\/uploads\/usu2442\/2026\/02\/Calendari-preins-i-matric.png 1920w\" sizes=\"auto, (max-width: 300px) 100vw, 300px\" \/><\/a><\/figure>\n\n\n\n<div class=\"wp-block-group is-nowrap is-layout-flex wp-container-core-group-is-layout-1 wp-block-group-is-layout-flex\"><\/div>\n\n\n\n<p><\/p>\n\n\n\n<figure class=\"wp-block-image size-medium\"><a href=\"https:\/\/preinscripcio.gencat.cat\/ca\/estudis\/infantil-3-6\/informat\/prepara-documentacio\/\" target=\"_blank\" rel=\" noreferrer noopener\"><img loading=\"lazy\" decoding=\"async\" width=\"300\" height=\"169\" src=\"https:\/\/agora.xtec.cat\/escolaprovencana\/wp-content\/uploads\/usu2442\/2026\/02\/Documentacio-a-presentar-1-300x169.png\" alt=\"\" class=\"wp-image-5847\" srcset=\"https:\/\/agora.xtec.cat\/escolaprovencana\/wp-content\/uploads\/usu2442\/2026\/02\/Documentacio-a-presentar-1-300x169.png 300w, https:\/\/agora.xtec.cat\/escolaprovencana\/wp-content\/uploads\/usu2442\/2026\/02\/Documentacio-a-presentar-1-1024x576.png 1024w, https:\/\/agora.xtec.cat\/escolaprovencana\/wp-content\/uploads\/usu2442\/2026\/02\/Documentacio-a-presentar-1-768x432.png 768w, https:\/\/agora.xtec.cat\/escolaprovencana\/wp-content\/uploads\/usu2442\/2026\/02\/Documentacio-a-presentar-1-1536x864.png 1536w, https:\/\/agora.xtec.cat\/escolaprovencana\/wp-content\/uploads\/usu2442\/2026\/02\/Documentacio-a-presentar-1.png 1920w\" sizes=\"auto, (max-width: 300px) 100vw, 300px\" \/><\/a><\/figure>\n\n\n\n<div class=\"wp-block-group is-nowrap is-layout-flex wp-container-core-group-is-layout-2 wp-block-group-is-layout-flex\"><\/div>\n\n\n\n<p><\/p>\n\n\n\n<figure class=\"wp-block-image size-medium\"><a href=\"https:\/\/preinscripcio.gencat.cat\/ca\/estudis\/infantil-3-6\/informat\/criteris-assignacio\/\" target=\"_blank\" rel=\" noreferrer noopener\"><img loading=\"lazy\" decoding=\"async\" width=\"300\" height=\"169\" src=\"https:\/\/agora.xtec.cat\/escolaprovencana\/wp-content\/uploads\/usu2442\/2026\/02\/Criteris-assignacio-placa-300x169.png\" alt=\"\" class=\"wp-image-5850\" srcset=\"https:\/\/agora.xtec.cat\/escolaprovencana\/wp-content\/uploads\/usu2442\/2026\/02\/Criteris-assignacio-placa-300x169.png 300w, https:\/\/agora.xtec.cat\/escolaprovencana\/wp-content\/uploads\/usu2442\/2026\/02\/Criteris-assignacio-placa-1024x576.png 1024w, https:\/\/agora.xtec.cat\/escolaprovencana\/wp-content\/uploads\/usu2442\/2026\/02\/Criteris-assignacio-placa-768x432.png 768w, https:\/\/agora.xtec.cat\/escolaprovencana\/wp-content\/uploads\/usu2442\/2026\/02\/Criteris-assignacio-placa-1536x864.png 1536w, https:\/\/agora.xtec.cat\/escolaprovencana\/wp-content\/uploads\/usu2442\/2026\/02\/Criteris-assignacio-placa.png 1920w\" sizes=\"auto, (max-width: 300px) 100vw, 300px\" \/><\/a><\/figure>\n\n\n\n<div class=\"wp-block-group is-nowrap is-layout-flex wp-container-core-group-is-layout-3 wp-block-group-is-layout-flex\"><\/div>\n\n\n\n<p><\/p>\n\n\n\n<figure class=\"wp-block-image size-medium\"><a href=\"https:\/\/mapaescolar.gencat.cat\/\" target=\"_blank\" rel=\" noreferrer noopener\"><img loading=\"lazy\" decoding=\"async\" width=\"300\" height=\"169\" src=\"https:\/\/agora.xtec.cat\/escolaprovencana\/wp-content\/uploads\/usu2442\/2026\/02\/Mapa-escolar-300x169.png\" alt=\"\" class=\"wp-image-5851\" srcset=\"https:\/\/agora.xtec.cat\/escolaprovencana\/wp-content\/uploads\/usu2442\/2026\/02\/Mapa-escolar-300x169.png 300w, https:\/\/agora.xtec.cat\/escolaprovencana\/wp-content\/uploads\/usu2442\/2026\/02\/Mapa-escolar-1024x576.png 1024w, https:\/\/agora.xtec.cat\/escolaprovencana\/wp-content\/uploads\/usu2442\/2026\/02\/Mapa-escolar-768x432.png 768w, https:\/\/agora.xtec.cat\/escolaprovencana\/wp-content\/uploads\/usu2442\/2026\/02\/Mapa-escolar-1536x864.png 1536w, https:\/\/agora.xtec.cat\/escolaprovencana\/wp-content\/uploads\/usu2442\/2026\/02\/Mapa-escolar.png 1920w\" sizes=\"auto, (max-width: 300px) 100vw, 300px\" \/><\/a><\/figure>\n\n\n\n<div class=\"wp-block-group is-nowrap is-layout-flex wp-container-core-group-is-layout-4 wp-block-group-is-layout-flex\"><\/div>\n\n\n\n<p><\/p>\n\n\n\n<figure class=\"wp-block-image size-medium\"><a href=\"https:\/\/tramits.gencat.cat\/ca\/tramits\/tramits-temes\/perinscripcio-obligatoris?moda=1\" target=\"_blank\" rel=\" noreferrer noopener\"><img loading=\"lazy\" decoding=\"async\" width=\"300\" height=\"169\" src=\"https:\/\/agora.xtec.cat\/escolaprovencana\/wp-content\/uploads\/usu2442\/2026\/02\/Enllac-sollicitud-300x169.png\" alt=\"\" class=\"wp-image-5857\" srcset=\"https:\/\/agora.xtec.cat\/escolaprovencana\/wp-content\/uploads\/usu2442\/2026\/02\/Enllac-sollicitud-300x169.png 300w, https:\/\/agora.xtec.cat\/escolaprovencana\/wp-content\/uploads\/usu2442\/2026\/02\/Enllac-sollicitud-1024x576.png 1024w, https:\/\/agora.xtec.cat\/escolaprovencana\/wp-content\/uploads\/usu2442\/2026\/02\/Enllac-sollicitud-768x432.png 768w, https:\/\/agora.xtec.cat\/escolaprovencana\/wp-content\/uploads\/usu2442\/2026\/02\/Enllac-sollicitud-1536x864.png 1536w, https:\/\/agora.xtec.cat\/escolaprovencana\/wp-content\/uploads\/usu2442\/2026\/02\/Enllac-sollicitud.png 1920w\" sizes=\"auto, (max-width: 300px) 100vw, 300px\" \/><\/a><\/figure>\n\n\n\n<div class=\"wp-block-group is-nowrap is-layout-flex wp-container-core-group-is-layout-5 wp-block-group-is-layout-flex\"><\/div>\n\n\n\n<p><\/p>\n\n\n\n<figure class=\"wp-block-image size-medium\"><a href=\"https:\/\/drive.google.com\/file\/d\/1joY61XmQEaTXc2Jnk_9lukyO8in9cZCy\/view?usp=sharing\" target=\"_blank\" rel=\" noreferrer noopener\"><img loading=\"lazy\" decoding=\"async\" width=\"300\" height=\"169\" src=\"https:\/\/agora.xtec.cat\/escolaprovencana\/wp-content\/uploads\/usu2442\/2026\/02\/Punts-acompanyament-digital-300x169.png\" alt=\"\" class=\"wp-image-5856\" srcset=\"https:\/\/agora.xtec.cat\/escolaprovencana\/wp-content\/uploads\/usu2442\/2026\/02\/Punts-acompanyament-digital-300x169.png 300w, https:\/\/agora.xtec.cat\/escolaprovencana\/wp-content\/uploads\/usu2442\/2026\/02\/Punts-acompanyament-digital-1024x576.png 1024w, https:\/\/agora.xtec.cat\/escolaprovencana\/wp-content\/uploads\/usu2442\/2026\/02\/Punts-acompanyament-digital-768x432.png 768w, https:\/\/agora.xtec.cat\/escolaprovencana\/wp-content\/uploads\/usu2442\/2026\/02\/Punts-acompanyament-digital-1536x864.png 1536w, https:\/\/agora.xtec.cat\/escolaprovencana\/wp-content\/uploads\/usu2442\/2026\/02\/Punts-acompanyament-digital.png 1920w\" sizes=\"auto, (max-width: 300px) 100vw, 300px\" \/><\/a><\/figure>\n\n\n\n<p><\/p>\n\n\n\n<p><a href=\"https:\/\/preinscripcio.gencat.cat\/ca\/estudis\/eso\/informat\/calendari\/\" target=\"_blank\" rel=\"noreferrer noopener\">Informaci\u00f3 fam\u00edlies de 6\u00e8: Preinscripci\u00f3 educaci\u00f3 secund\u00e0ria obligat\u00f2ria del 6 al 18 de mar\u00e7.<\/a><\/p>\n\n\n\n<p><\/p>\n","protected":false},"excerpt":{"rendered":"<p><a href=\"https:\/\/preinscripcio.gencat.cat\/ca\/estudis\/infantil-3-6\/informat\/calendari\/\" target=\"_blank\" rel=\" noreferrer noopener\"><\/a><\/p>\n<p><a href=\"https:\/\/preinscripcio.gencat.cat\/ca\/estudis\/infantil-3-6\/informat\/prepara-documentacio\/\" target=\"_blank\" rel=\" noreferrer noopener\"><\/a><\/p>\n<p><a href=\"https:\/\/preinscripcio.gencat.cat\/ca\/estudis\/infantil-3-6\/informat\/criteris-assignacio\/\" target=\"_blank\" rel=\" noreferrer noopener\"><\/a><\/p>\n<p><a href=\"https:\/\/mapaescolar.gencat.cat\/\" target=\"_blank\" rel=\" noreferrer noopener\"><\/a><\/p>\n<p><a href=\"https:\/\/tramits.gencat.cat\/ca\/tramits\/tramits-temes\/perinscripcio-obligatoris?moda=1\" target=\"_blank\" rel=\" noreferrer noopener\"><\/a><\/p>\n<p><a href=\"https:\/\/drive.google.com\/file\/d\/1joY61XmQEaTXc2Jnk_9lukyO8in9cZCy\/view?usp=sharing\" target=\"_blank\" rel=\" noreferrer noopener\"><\/a><\/p>\n<p><a href=\"https:\/\/preinscripcio.gencat.cat\/ca\/estudis\/eso\/informat\/calendari\/\" target=\"_blank\" rel=\"noreferrer noopener\">Informaci\u00f3 fam\u00edlies de 6\u00e8: Preinscripci\u00f3 educaci\u00f3 secund\u00e0ria obligat\u00f2ria del 6 al&hellip;  <a href=\"https:\/\/agora.xtec.cat\/escolaprovencana\/preinscripcio-i-matricula-curs-2022-2023\/\" title=\"Read PREINSCRIPCI\u00d3 I MATR\u00cdCULA ESCOLAR 2026-2027\">Llegeix m\u00e9s\u00bb<\/a><\/p>\n","protected":false},"author":1,"featured_media":0,"parent":0,"menu_order":0,"comment_status":"closed","ping_status":"closed","template":"","meta":{"_bbp_topic_count":0,"_bbp_reply_count":0,"_bbp_total_topic_count":0,"_bbp_total_reply_count":0,"_bbp_voice_count":0,"_bbp_anonymous_reply_count":0,"_bbp_topic_count_hidden":0,"_bbp_reply_count_hidden":0,"_bbp_forum_subforum_count":0,"footnotes":""},"class_list":["post-1416","page","type-page","status-publish","hentry"],"post_mailing_queue_ids":[],"_links":{"self":[{"href":"https:\/\/agora.xtec.cat\/escolaprovencana\/wp-json\/wp\/v2\/pages\/1416","targetHints":{"allow":["GET"]}}],"collection":[{"href":"https:\/\/agora.xtec.cat\/escolaprovencana\/wp-json\/wp\/v2\/pages"}],"about":[{"href":"https:\/\/agora.xtec.cat\/escolaprovencana\/wp-json\/wp\/v2\/types\/page"}],"author":[{"embeddable":true,"href":"https:\/\/agora.xtec.cat\/escolaprovencana\/wp-json\/wp\/v2\/users\/1"}],"replies":[{"embeddable":true,"href":"https:\/\/agora.xtec.cat\/escolaprovencana\/wp-json\/wp\/v2\/comments?post=1416"}],"version-history":[{"count":6,"href":"https:\/\/agora.xtec.cat\/escolaprovencana\/wp-json\/wp\/v2\/pages\/1416\/revisions"}],"predecessor-version":[{"id":5863,"href":"https:\/\/agora.xtec.cat\/escolaprovencana\/wp-json\/wp\/v2\/pages\/1416\/revisions\/5863"}],"wp:attachment":[{"href":"https:\/\/agora.xtec.cat\/escolaprovencana\/wp-json\/wp\/v2\/media?parent=1416"}],"curies":[{"name":"wp","href":"https:\/\/api.w.org\/{rel}","templated":true}]}}

PREINSCRIPCIÓ I MATRÍCULA ESCOLAR 2026-2027

<h4 class="wp-block-heading has-black-color has-text-color has-link-color has-medium-font-size wp-elements-1014f60f7eb2601256ed4b56e66694ea"></h4>



<figure class="wp-block-image size-medium"><a href="https://preinscripcio.gencat.cat/ca/estudis/infantil-3-6/informat/calendari/" target="_blank" rel=" noreferrer noopener"><img loading="lazy" decoding="async" width="300" height="169" src="https://agora.xtec.cat/escolaprovencana/wp-content/uploads/usu2442/2026/02/Calendari-preins-i-matric-300x169.png" alt="" class="wp-image-5848" srcset="https://agora.xtec.cat/escolaprovencana/wp-content/uploads/usu2442/2026/02/Calendari-preins-i-matric-300x169.png 300w, https://agora.xtec.cat/escolaprovencana/wp-content/uploads/usu2442/2026/02/Calendari-preins-i-matric-1024x576.png 1024w, https://agora.xtec.cat/escolaprovencana/wp-content/uploads/usu2442/2026/02/Calendari-preins-i-matric-768x432.png 768w, https://agora.xtec.cat/escolaprovencana/wp-content/uploads/usu2442/2026/02/Calendari-preins-i-matric-1536x864.png 1536w, https://agora.xtec.cat/escolaprovencana/wp-content/uploads/usu2442/2026/02/Calendari-preins-i-matric.png 1920w" sizes="auto, (max-width: 300px) 100vw, 300px" /></a></figure>



<div class="wp-block-group is-nowrap is-layout-flex wp-container-core-group-is-layout-1 wp-block-group-is-layout-flex"></div>



<p></p>



<figure class="wp-block-image size-medium"><a href="https://preinscripcio.gencat.cat/ca/estudis/infantil-3-6/informat/prepara-documentacio/" target="_blank" rel=" noreferrer noopener"><img loading="lazy" decoding="async" width="300" height="169" src="https://agora.xtec.cat/escolaprovencana/wp-content/uploads/usu2442/2026/02/Documentacio-a-presentar-1-300x169.png" alt="" class="wp-image-5847" srcset="https://agora.xtec.cat/escolaprovencana/wp-content/uploads/usu2442/2026/02/Documentacio-a-presentar-1-300x169.png 300w, https://agora.xtec.cat/escolaprovencana/wp-content/uploads/usu2442/2026/02/Documentacio-a-presentar-1-1024x576.png 1024w, https://agora.xtec.cat/escolaprovencana/wp-content/uploads/usu2442/2026/02/Documentacio-a-presentar-1-768x432.png 768w, https://agora.xtec.cat/escolaprovencana/wp-content/uploads/usu2442/2026/02/Documentacio-a-presentar-1-1536x864.png 1536w, https://agora.xtec.cat/escolaprovencana/wp-content/uploads/usu2442/2026/02/Documentacio-a-presentar-1.png 1920w" sizes="auto, (max-width: 300px) 100vw, 300px" /></a></figure>



<div class="wp-block-group is-nowrap is-layout-flex wp-container-core-group-is-layout-2 wp-block-group-is-layout-flex"></div>



<p></p>



<figure class="wp-block-image size-medium"><a href="https://preinscripcio.gencat.cat/ca/estudis/infantil-3-6/informat/criteris-assignacio/" target="_blank" rel=" noreferrer noopener"><img loading="lazy" decoding="async" width="300" height="169" src="https://agora.xtec.cat/escolaprovencana/wp-content/uploads/usu2442/2026/02/Criteris-assignacio-placa-300x169.png" alt="" class="wp-image-5850" srcset="https://agora.xtec.cat/escolaprovencana/wp-content/uploads/usu2442/2026/02/Criteris-assignacio-placa-300x169.png 300w, https://agora.xtec.cat/escolaprovencana/wp-content/uploads/usu2442/2026/02/Criteris-assignacio-placa-1024x576.png 1024w, https://agora.xtec.cat/escolaprovencana/wp-content/uploads/usu2442/2026/02/Criteris-assignacio-placa-768x432.png 768w, https://agora.xtec.cat/escolaprovencana/wp-content/uploads/usu2442/2026/02/Criteris-assignacio-placa-1536x864.png 1536w, https://agora.xtec.cat/escolaprovencana/wp-content/uploads/usu2442/2026/02/Criteris-assignacio-placa.png 1920w" sizes="auto, (max-width: 300px) 100vw, 300px" /></a></figure>



<div class="wp-block-group is-nowrap is-layout-flex wp-container-core-group-is-layout-3 wp-block-group-is-layout-flex"></div>



<p></p>



<figure class="wp-block-image size-medium"><a href="https://mapaescolar.gencat.cat/" target="_blank" rel=" noreferrer noopener"><img loading="lazy" decoding="async" width="300" height="169" src="https://agora.xtec.cat/escolaprovencana/wp-content/uploads/usu2442/2026/02/Mapa-escolar-300x169.png" alt="" class="wp-image-5851" srcset="https://agora.xtec.cat/escolaprovencana/wp-content/uploads/usu2442/2026/02/Mapa-escolar-300x169.png 300w, https://agora.xtec.cat/escolaprovencana/wp-content/uploads/usu2442/2026/02/Mapa-escolar-1024x576.png 1024w, https://agora.xtec.cat/escolaprovencana/wp-content/uploads/usu2442/2026/02/Mapa-escolar-768x432.png 768w, https://agora.xtec.cat/escolaprovencana/wp-content/uploads/usu2442/2026/02/Mapa-escolar-1536x864.png 1536w, https://agora.xtec.cat/escolaprovencana/wp-content/uploads/usu2442/2026/02/Mapa-escolar.png 1920w" sizes="auto, (max-width: 300px) 100vw, 300px" /></a></figure>



<div class="wp-block-group is-nowrap is-layout-flex wp-container-core-group-is-layout-4 wp-block-group-is-layout-flex"></div>



<p></p>



<figure class="wp-block-image size-medium"><a href="https://tramits.gencat.cat/ca/tramits/tramits-temes/perinscripcio-obligatoris?moda=1" target="_blank" rel=" noreferrer noopener"><img loading="lazy" decoding="async" width="300" height="169" src="https://agora.xtec.cat/escolaprovencana/wp-content/uploads/usu2442/2026/02/Enllac-sollicitud-300x169.png" alt="" class="wp-image-5857" srcset="https://agora.xtec.cat/escolaprovencana/wp-content/uploads/usu2442/2026/02/Enllac-sollicitud-300x169.png 300w, https://agora.xtec.cat/escolaprovencana/wp-content/uploads/usu2442/2026/02/Enllac-sollicitud-1024x576.png 1024w, https://agora.xtec.cat/escolaprovencana/wp-content/uploads/usu2442/2026/02/Enllac-sollicitud-768x432.png 768w, https://agora.xtec.cat/escolaprovencana/wp-content/uploads/usu2442/2026/02/Enllac-sollicitud-1536x864.png 1536w, https://agora.xtec.cat/escolaprovencana/wp-content/uploads/usu2442/2026/02/Enllac-sollicitud.png 1920w" sizes="auto, (max-width: 300px) 100vw, 300px" /></a></figure>



<div class="wp-block-group is-nowrap is-layout-flex wp-container-core-group-is-layout-5 wp-block-group-is-layout-flex"></div>



<p></p>



<figure class="wp-block-image size-medium"><a href="https://drive.google.com/file/d/1joY61XmQEaTXc2Jnk_9lukyO8in9cZCy/view?usp=sharing" target="_blank" rel=" noreferrer noopener"><img loading="lazy" decoding="async" width="300" height="169" src="https://agora.xtec.cat/escolaprovencana/wp-content/uploads/usu2442/2026/02/Punts-acompanyament-digital-300x169.png" alt="" class="wp-image-5856" srcset="https://agora.xtec.cat/escolaprovencana/wp-content/uploads/usu2442/2026/02/Punts-acompanyament-digital-300x169.png 300w, https://agora.xtec.cat/escolaprovencana/wp-content/uploads/usu2442/2026/02/Punts-acompanyament-digital-1024x576.png 1024w, https://agora.xtec.cat/escolaprovencana/wp-content/uploads/usu2442/2026/02/Punts-acompanyament-digital-768x432.png 768w, https://agora.xtec.cat/escolaprovencana/wp-content/uploads/usu2442/2026/02/Punts-acompanyament-digital-1536x864.png 1536w, https://agora.xtec.cat/escolaprovencana/wp-content/uploads/usu2442/2026/02/Punts-acompanyament-digital.png 1920w" sizes="auto, (max-width: 300px) 100vw, 300px" /></a></figure>



<p></p>



<p><a href="https://preinscripcio.gencat.cat/ca/estudis/eso/informat/calendari/" target="_blank" rel="noreferrer noopener">Informació famílies de 6è: Preinscripció educació secundària obligatòria del 6 al 18 de març.</a></p>



<p></p>

<p><a href="https://preinscripcio.gencat.cat/ca/estudis/infantil-3-6/informat/calendari/" target="_blank" rel=" noreferrer noopener"></a></p>
<p><a href="https://preinscripcio.gencat.cat/ca/estudis/infantil-3-6/informat/prepara-documentacio/" target="_blank" rel=" noreferrer noopener"></a></p>
<p><a href="https://preinscripcio.gencat.cat/ca/estudis/infantil-3-6/informat/criteris-assignacio/" target="_blank" rel=" noreferrer noopener"></a></p>
<p><a href="https://mapaescolar.gencat.cat/" target="_blank" rel=" noreferrer noopener"></a></p>
<p><a href="https://tramits.gencat.cat/ca/tramits/tramits-temes/perinscripcio-obligatoris?moda=1" target="_blank" rel=" noreferrer noopener"></a></p>
<p><a href="https://drive.google.com/file/d/1joY61XmQEaTXc2Jnk_9lukyO8in9cZCy/view?usp=sharing" target="_blank" rel=" noreferrer noopener"></a></p>
<p><a href="https://preinscripcio.gencat.cat/ca/estudis/eso/informat/calendari/" target="_blank" rel="noreferrer noopener">Informació famílies de 6è: Preinscripció educació secundària obligatòria del 6 al&hellip;  <a href="https://agora.xtec.cat/escolaprovencana/preinscripcio-i-matricula-curs-2022-2023/" title="Read PREINSCRIPCIÓ I MATRÍCULA ESCOLAR 2026-2027">Llegeix més»</a></p>
