{"id":1142,"date":"2021-11-08T12:47:41","date_gmt":"2021-11-08T11:47:41","guid":{"rendered":"https:\/\/agora.xtec.cat\/escolaprovencana\/?page_id=1142"},"modified":"2023-11-07T14:30:36","modified_gmt":"2023-11-07T13:30:36","slug":"consell-escolar","status":"publish","type":"page","link":"https:\/\/agora.xtec.cat\/escolaprovencana\/consell-escolar\/","title":{"rendered":"Consell escolar"},"content":{"rendered":"<div class=\"gmail_default\"><\/div>\n<div>\n<p>El consell escolar del centre \u00e9s l&#8217;\u00f2rgan col\u00b7legiat de participaci\u00f3 de la comunitat escolar en el govern del centre. En el consell escolar hi ha representats tots els col\u00b7lectius que intervenen en la comunitat educativa.<\/p>\n<p>El passat 30 d&#8217;agost es va publicar la Resoluci\u00f3 EDU\/3014\/2023, per la qual s&#8217;estableix el calendari i el r\u00e8gim del proc\u00e9s electoral per renovar els membres dels consells escolars dels centres p\u00fablics i privats sostinguts amb fons p\u00fablic.<\/p>\n<h4 style=\"text-align: center;\"><span style=\"color: #3366ff;\">CALENDARI DE LES ELECCIONS<\/span><\/h4>\n<table class=\" aligncenter\" style=\"border-collapse: collapse; width: 83.6827%;\">\n<tbody>\n<tr>\n<td style=\"width: 44.3453%;\">Publicaci\u00f3 dels censos (suro de l&#8217;interior de l&#8217;escola on el despatx d&#8217;equip directiu )<\/td>\n<td style=\"width: 43.6811%;\">Dimarts 7 de novembre de 2023<\/td>\n<\/tr>\n<tr>\n<td style=\"width: 44.3453%;\">\n<h4><a href=\"https:\/\/drive.google.com\/file\/d\/1EPKq-_V86V4ehOZJaolzYhm62ymKxB1P\/view?usp=sharing\" target=\"_blank\" rel=\"noopener\"><strong>Presentaci\u00f3 de candidatures<\/strong><\/a><\/h4>\n<\/td>\n<td style=\"width: 43.6811%;\">\n<h4><strong>M\u00e0xim dilluns 13 de novembre<\/strong><\/h4>\n<\/td>\n<\/tr>\n<tr>\n<td style=\"width: 44.3453%;\">Publicaci\u00f3 de les candidatures (suro de l&#8217;interior de l&#8217;escola on el despatx d&#8217;equip directiu )<\/td>\n<td style=\"width: 43.6811%;\">Dimecres 15 de novembre<\/td>\n<\/tr>\n<tr>\n<td style=\"width: 44.3453%;\">\n<h4><strong>Votacions sector pares, mares, tutors\/es legals<\/strong><\/h4>\n<\/td>\n<td style=\"width: 43.6811%;\">\n<h4><strong>Dilluns 20 de novembre (9:00-9:30h i de 16:00 a 16:45h)<\/strong><\/h4>\n<\/td>\n<\/tr>\n<tr>\n<td style=\"width: 44.3453%;\">Constituci\u00f3 del nou consell escolar i presa de possessi\u00f3<\/td>\n<td style=\"width: 43.6811%;\">Dilluns 4 de desembre de 2023<\/td>\n<\/tr>\n<\/tbody>\n<\/table>\n<p>&nbsp;<\/p>\n<p>Tenint en compte la normativa vigent, a l&#8217;Escola Proven\u00e7ana hem de <strong>renovar dos membres<\/strong> del sector pares, mares, tutors\/es legals.<\/p>\n<p>Per presentar la candidatura heu d&#8217;omplir el seg\u00fcent document i entregar-lo al despatx de direcci\u00f3 com a m\u00e0xim dilluns 13 de novembre.<\/p>\n<h3 style=\"text-align: center;\"><span style=\"color: #3366ff;\"><a style=\"color: #3366ff;\" href=\"https:\/\/drive.google.com\/file\/d\/1EPKq-_V86V4ehOZJaolzYhm62ymKxB1P\/view?usp=sharing\" target=\"_blank\" rel=\"noopener\">ENLLA\u00c7 DOCUMENT PRESENTACI\u00d3 CANDIDATURA<\/a><\/span><\/h3>\n<p>Us animem a participar!<\/p>\n<\/div>\n<div class=\"gmail_default\"><\/div>\n<div><\/div>\n<div><\/div>\n<div><\/div>\n<div><span style=\"text-decoration: underline; color: #3366ff;\"><strong>FUNCIONS DEL CONSELL ESCOLAR<\/strong><\/span><\/div>\n<div><\/div>\n<div class=\"gmail_default\">\n<ul>\n<li>Aprovar diferents documents de centre, carta de comprom\u00eds educatius, pressupost del centre i rendiment de comptes.<\/li>\n<li>Aprovar les propostes d&#8217;acords de corresponsabilitat, convenis i altres acords de col\u00b7laboraci\u00f3 del centre amb entitats o institucions.<\/li>\n<li>Intervenir en diferents procediments: elecci\u00f3 direcci\u00f3.<\/li>\n<li>Intervenir en la resoluci\u00f3 de conflictes.<\/li>\n<li>Aprovar les directrius per a la programaci\u00f3 d&#8217;activitats escolars complement\u00e0ries i d&#8217;activitats extraescolars, i avaluar-ne el desenvolupament.<\/li>\n<li>Participar en les an\u00e0lisis i les avaluacions del funcionament general del centre i con\u00e8ixer l&#8217;evoluci\u00f3 del rendiment escolar.<\/li>\n<li>Aprovar els criteris de col\u00b7laboraci\u00f3 amb altres centres i amb l&#8217;entorn.<\/li>\n<li>Qualsevol altra que li sigui atribu\u00efda per les normes legals o reglament\u00e0ries.<\/li>\n<\/ul>\n<\/div>\n<div class=\"gmail_default\"><b>\u00a0<\/b><\/div>\n<div class=\"gmail_default\">\n<div><span style=\"text-decoration: underline; color: #3366ff;\"><span style=\"font-family: arial, sans-serif; text-decoration: underline;\"><b>PER QU\u00c8 \u00c9S IMPORTANT QUE PARTICIPEU EN LES ELECCIONS?<\/b><\/span><\/span><\/div>\n<div><\/div>\n<div>\n<ul>\n<li>Sou els responsables de la formaci\u00f3 dels vostres fills i filles i \u00e9s important tenir una bona representaci\u00f3 al consell escolar que us informi i faci arribar la vostra veu.<\/li>\n<li>Les fam\u00edlies i els equips de docents compartim un mateix objectiu: l&#8217;\u00e8xit acad\u00e8mic, social i personal dels fills i filles. Per aix\u00f2 hem de ser capa\u00e7os de treballar de manera conjunta i decidir a qu\u00e8 ens comprometem per aconseguir-ho.<\/li>\n<li>Les fam\u00edlies teniu el dret de participar de manera democr\u00e0tica\u00a0en l&#8217;organitzaci\u00f3 del centre. Aquesta \u00e9s una manera de valorar l&#8217;escola i tamb\u00e9 contribu\u00efu que el vostre fill o filla la valori.<\/li>\n<li>L&#8217;\u00e8xit educatiu del vostre fill o filla tamb\u00e9 dep\u00e8n del funcionament i el clima de centre. Implicar-vos en el seguiment i l&#8217;avaluaci\u00f3 d&#8217;aquest funcionament \u00e9s implicar-vos en el seu desenvolupament i creixement personal.<\/li>\n<li>\u00c9s la manera de fer arribar la vostra veu en temes que us poden preocupar, com activitats extraescolars o\u00a0 l&#8217;alimentaci\u00f3 en el menjador escolar.<\/li>\n<li>\u00c9s important tenir una escola oberta a l&#8217;entorn, que col\u00b7labori\u00a0amb els altres centres i les diferents entitats i que entre tots pugueu fer del vostre municipi, barri o poble un entorn m\u00e9s educatiu i cohesionat. El consell escolar decideix quines han de ser aquestes relacions.<\/li>\n<\/ul>\n<\/div>\n<\/div>\n","protected":false},"excerpt":{"rendered":"<p>El consell escolar del centre \u00e9s l&#8217;\u00f2rgan col\u00b7legiat de participaci\u00f3 de la comunitat escolar en el govern del centre. En el consell escolar hi ha representats tots els col\u00b7lectius que intervenen en la comunitat educativa.<br \/>\nEl passat 30 d&#8217;agost es va publicar la Resoluci\u00f3 EDU\/3014\/2023, per&hellip;  <a href=\"https:\/\/agora.xtec.cat\/escolaprovencana\/consell-escolar\/\" title=\"Read Consell escolar\">Llegeix m\u00e9s\u00bb<\/a><\/p>\n","protected":false},"author":1,"featured_media":0,"parent":0,"menu_order":0,"comment_status":"closed","ping_status":"closed","template":"","meta":{"_bbp_topic_count":0,"_bbp_reply_count":0,"_bbp_total_topic_count":0,"_bbp_total_reply_count":0,"_bbp_voice_count":0,"_bbp_anonymous_reply_count":0,"_bbp_topic_count_hidden":0,"_bbp_reply_count_hidden":0,"_bbp_forum_subforum_count":0,"footnotes":""},"class_list":["post-1142","page","type-page","status-publish","hentry"],"post_mailing_queue_ids":[],"_links":{"self":[{"href":"https:\/\/agora.xtec.cat\/escolaprovencana\/wp-json\/wp\/v2\/pages\/1142","targetHints":{"allow":["GET"]}}],"collection":[{"href":"https:\/\/agora.xtec.cat\/escolaprovencana\/wp-json\/wp\/v2\/pages"}],"about":[{"href":"https:\/\/agora.xtec.cat\/escolaprovencana\/wp-json\/wp\/v2\/types\/page"}],"author":[{"embeddable":true,"href":"https:\/\/agora.xtec.cat\/escolaprovencana\/wp-json\/wp\/v2\/users\/1"}],"replies":[{"embeddable":true,"href":"https:\/\/agora.xtec.cat\/escolaprovencana\/wp-json\/wp\/v2\/comments?post=1142"}],"version-history":[{"count":5,"href":"https:\/\/agora.xtec.cat\/escolaprovencana\/wp-json\/wp\/v2\/pages\/1142\/revisions"}],"predecessor-version":[{"id":3433,"href":"https:\/\/agora.xtec.cat\/escolaprovencana\/wp-json\/wp\/v2\/pages\/1142\/revisions\/3433"}],"wp:attachment":[{"href":"https:\/\/agora.xtec.cat\/escolaprovencana\/wp-json\/wp\/v2\/media?parent=1142"}],"curies":[{"name":"wp","href":"https:\/\/api.w.org\/{rel}","templated":true}]}}

<div class="gmail_default"></div>
<div>
<p>El consell escolar del centre és l&#8217;òrgan col·legiat de participació de la comunitat escolar en el govern del centre. En el consell escolar hi ha representats tots els col·lectius que intervenen en la comunitat educativa.</p>
<p>El passat 30 d&#8217;agost es va publicar la Resolució EDU/3014/2023, per la qual s&#8217;estableix el calendari i el règim del procés electoral per renovar els membres dels consells escolars dels centres públics i privats sostinguts amb fons públic.</p>
<h4 style="text-align: center;"><span style="color: #3366ff;">CALENDARI DE LES ELECCIONS</span></h4>
<table class=" aligncenter" style="border-collapse: collapse; width: 83.6827%;">
<tbody>
<tr>
<td style="width: 44.3453%;">Publicació dels censos (suro de l&#8217;interior de l&#8217;escola on el despatx d&#8217;equip directiu )</td>
<td style="width: 43.6811%;">Dimarts 7 de novembre de 2023</td>
</tr>
<tr>
<td style="width: 44.3453%;">
<h4><a href="https://drive.google.com/file/d/1EPKq-_V86V4ehOZJaolzYhm62ymKxB1P/view?usp=sharing" target="_blank" rel="noopener"><strong>Presentació de candidatures</strong></a></h4>
</td>
<td style="width: 43.6811%;">
<h4><strong>Màxim dilluns 13 de novembre</strong></h4>
</td>
</tr>
<tr>
<td style="width: 44.3453%;">Publicació de les candidatures (suro de l&#8217;interior de l&#8217;escola on el despatx d&#8217;equip directiu )</td>
<td style="width: 43.6811%;">Dimecres 15 de novembre</td>
</tr>
<tr>
<td style="width: 44.3453%;">
<h4><strong>Votacions sector pares, mares, tutors/es legals</strong></h4>
</td>
<td style="width: 43.6811%;">
<h4><strong>Dilluns 20 de novembre (9:00-9:30h i de 16:00 a 16:45h)</strong></h4>
</td>
</tr>
<tr>
<td style="width: 44.3453%;">Constitució del nou consell escolar i presa de possessió</td>
<td style="width: 43.6811%;">Dilluns 4 de desembre de 2023</td>
</tr>
</tbody>
</table>
<p>&nbsp;</p>
<p>Tenint en compte la normativa vigent, a l&#8217;Escola Provençana hem de <strong>renovar dos membres</strong> del sector pares, mares, tutors/es legals.</p>
<p>Per presentar la candidatura heu d&#8217;omplir el següent document i entregar-lo al despatx de direcció com a màxim dilluns 13 de novembre.</p>
<h3 style="text-align: center;"><span style="color: #3366ff;"><a style="color: #3366ff;" href="https://drive.google.com/file/d/1EPKq-_V86V4ehOZJaolzYhm62ymKxB1P/view?usp=sharing" target="_blank" rel="noopener">ENLLAÇ DOCUMENT PRESENTACIÓ CANDIDATURA</a></span></h3>
<p>Us animem a participar!</p>
</div>
<div class="gmail_default"></div>
<div></div>
<div></div>
<div></div>
<div><span style="text-decoration: underline; color: #3366ff;"><strong>FUNCIONS DEL CONSELL ESCOLAR</strong></span></div>
<div></div>
<div class="gmail_default">
<ul>
<li>Aprovar diferents documents de centre, carta de compromís educatius, pressupost del centre i rendiment de comptes.</li>
<li>Aprovar les propostes d&#8217;acords de corresponsabilitat, convenis i altres acords de col·laboració del centre amb entitats o institucions.</li>
<li>Intervenir en diferents procediments: elecció direcció.</li>
<li>Intervenir en la resolució de conflictes.</li>
<li>Aprovar les directrius per a la programació d&#8217;activitats escolars complementàries i d&#8217;activitats extraescolars, i avaluar-ne el desenvolupament.</li>
<li>Participar en les anàlisis i les avaluacions del funcionament general del centre i conèixer l&#8217;evolució del rendiment escolar.</li>
<li>Aprovar els criteris de col·laboració amb altres centres i amb l&#8217;entorn.</li>
<li>Qualsevol altra que li sigui atribuïda per les normes legals o reglamentàries.</li>
</ul>
</div>
<div class="gmail_default"><b> </b></div>
<div class="gmail_default">
<div><span style="text-decoration: underline; color: #3366ff;"><span style="font-family: arial, sans-serif; text-decoration: underline;"><b>PER QUÈ ÉS IMPORTANT QUE PARTICIPEU EN LES ELECCIONS?</b></span></span></div>
<div></div>
<div>
<ul>
<li>Sou els responsables de la formació dels vostres fills i filles i és important tenir una bona representació al consell escolar que us informi i faci arribar la vostra veu.</li>
<li>Les famílies i els equips de docents compartim un mateix objectiu: l&#8217;èxit acadèmic, social i personal dels fills i filles. Per això hem de ser capaços de treballar de manera conjunta i decidir a què ens comprometem per aconseguir-ho.</li>
<li>Les famílies teniu el dret de participar de manera democràtica en l&#8217;organització del centre. Aquesta és una manera de valorar l&#8217;escola i també contribuïu que el vostre fill o filla la valori.</li>
<li>L&#8217;èxit educatiu del vostre fill o filla també depèn del funcionament i el clima de centre. Implicar-vos en el seguiment i l&#8217;avaluació d&#8217;aquest funcionament és implicar-vos en el seu desenvolupament i creixement personal.</li>
<li>És la manera de fer arribar la vostra veu en temes que us poden preocupar, com activitats extraescolars o  l&#8217;alimentació en el menjador escolar.</li>
<li>És important tenir una escola oberta a l&#8217;entorn, que col·labori amb els altres centres i les diferents entitats i que entre tots pugueu fer del vostre municipi, barri o poble un entorn més educatiu i cohesionat. El consell escolar decideix quines han de ser aquestes relacions.</li>
</ul>
</div>
</div>

<p>El consell escolar del centre és l&#8217;òrgan col·legiat de participació de la comunitat escolar en el govern del centre. En el consell escolar hi ha representats tots els col·lectius que intervenen en la comunitat educativa.<br />
El passat 30 d&#8217;agost es va publicar la Resolució EDU/3014/2023, per&hellip;  <a href="https://agora.xtec.cat/escolaprovencana/consell-escolar/" title="Read Consell escolar">Llegeix més»</a></p>
