{"id":2276,"date":"2021-01-20T16:28:32","date_gmt":"2021-01-20T15:28:32","guid":{"rendered":"https:\/\/agora.xtec.cat\/escolaprogres\/?page_id=2276"},"modified":"2026-03-09T12:14:58","modified_gmt":"2026-03-09T11:14:58","slug":"eixos-curriculars","status":"publish","type":"page","link":"https:\/\/agora.xtec.cat\/escolaprogres\/projecte-educatiu\/eixos-curriculars\/","title":{"rendered":"Eixos curriculars"},"content":{"rendered":"<p>Els nostres eixos parteixen del curr\u00edculum prescriptiu del Departament d\u2019Educaci\u00f3 i que hem adaptat a la nostra escola i a la nostra manera de fer, des de l\u2019autonomia dels centres.<br \/>\nEl cam\u00ed que es va construint t\u00e9 present els seg\u00fcents aspectes:<\/p>\n<p style=\"padding-left: 40px;\">\u2022 Partir de les compet\u00e8ncies b\u00e0siques pr\u00f2pies de cada domini.<br \/>\n\u2022 Posar els criteris d\u2019avaluaci\u00f3 en relaci\u00f3 amb el desplegament de les compet\u00e8ncies.<br \/>\n\u2022 Prioritzar alguns continguts clau que, per projecte, ens semblen essencials.<br \/>\n\u2022 Elaborar orientacions metodol\u00f2giques per avaluar i tractar el curr\u00edculum, que facilitin l\u2019assoliment de les compet\u00e8ncies de cada domini.<br \/>\n\u2022 Aprofundir en el Projecte Educatiu de Centre.<br \/>\n\u2022 Aproximar-nos a noves formes d\u2019avaluar, estrat\u00e8gies i instruments.<br \/>\n\u2022 Situar l\u2019ordre d\u2019avaluaci\u00f3 en tot aquest desplegament.<\/p>\n<p>&nbsp;<\/p>\n<p><span style=\"font-size: 18pt; color: #808080;\"><strong>A l&#8217;etapa d&#8217;educaci\u00f3 Infantil &#8230;<\/strong><\/span><\/p>\n<p><img loading=\"lazy\" decoding=\"async\" class=\"aligncenter wp-image-2743 size-full\" src=\"https:\/\/agora.xtec.cat\/escolaprogres\/wp-content\/uploads\/usu82\/2021\/02\/IMG_5043.jpg\" alt=\"\" width=\"448\" height=\"299\" srcset=\"https:\/\/agora.xtec.cat\/escolaprogres\/wp-content\/uploads\/usu82\/2021\/02\/IMG_5043.jpg 448w, https:\/\/agora.xtec.cat\/escolaprogres\/wp-content\/uploads\/usu82\/2021\/02\/IMG_5043-300x200.jpg 300w\" sizes=\"auto, (max-width: 448px) 100vw, 448px\" \/><\/p>\n<p>&nbsp;<\/p>\n<p>L\u2019escola t\u00e9 com a objectiu l\u2019educaci\u00f3 integral dels infants, i en aquests sentit \u00e9s fonamental que en aquesta primera etapa es dediqui un temps a l\u2019acollida i l\u2019acompanyament, per tal de poder establir un marc on les relacions de confian\u00e7a i seguretat amb els infants i les fam\u00edlies prenen un especial protagonisme.<\/p>\n<p>Durant l\u2019etapa d\u2019infantil hem de possibilitar moments i espais perqu\u00e8 els nostres infants desenvolupin diferents capacitats concretades en els seg\u00fcents eixos:<\/p>\n<ol class=\"n8H08c BKnRcf \">\n<li class=\"zfr3Q TYR86d lsiHE \" dir=\"ltr\">\n<p class=\"zfr3Q CDt4Ke \" dir=\"ltr\" role=\"presentation\"><span class=\"C9DxTc \">Un infant que creix amb autonomia i confian\u00e7a.\u00a0<\/span><\/p>\n<\/li>\n<li class=\"zfr3Q TYR86d lsiHE \" dir=\"ltr\">\n<p class=\"zfr3Q CDt4Ke \" dir=\"ltr\" role=\"presentation\"><span class=\"C9DxTc \">Un infant que es comunica amb diferents llenguatges.\u00a0<\/span><\/p>\n<\/li>\n<li class=\"zfr3Q TYR86d lsiHE \" dir=\"ltr\">\n<p class=\"zfr3Q CDt4Ke \" dir=\"ltr\" role=\"presentation\"><span class=\"C9DxTc \">Un infant que descobreix l&#8217;entorn amb curiositat.\u00a0<\/span><\/p>\n<\/li>\n<li class=\"zfr3Q TYR86d lsiHE \" dir=\"ltr\">\n<p class=\"zfr3Q CDt4Ke \" dir=\"ltr\" role=\"presentation\"><span class=\"C9DxTc \">Un infant que forma part de la diversitat del m\u00f3n que l&#8217;envolta.\u00a0<\/span><\/p>\n<\/li>\n<\/ol>\n<p>&nbsp;<\/p>\n","protected":false},"excerpt":{"rendered":"<p>Els nostres eixos parteixen del curr\u00edculum prescriptiu del Departament d\u2019Educaci\u00f3 i que hem adaptat a la nostra escola i a la nostra manera de fer, des de l\u2019autonomia dels centres. El cam\u00ed que es va construint t\u00e9 present els seg\u00fcents aspectes: \u2022 Partir de les compet\u00e8ncies b\u00e0siques pr\u00f2pies de cada domini. \u2022 Posar els criteris [&hellip;]<\/p>\n","protected":false},"author":1,"featured_media":0,"parent":2274,"menu_order":0,"comment_status":"closed","ping_status":"closed","template":"","meta":{"_bbp_topic_count":0,"_bbp_reply_count":0,"_bbp_total_topic_count":0,"_bbp_total_reply_count":0,"_bbp_voice_count":0,"_bbp_anonymous_reply_count":0,"_bbp_topic_count_hidden":0,"_bbp_reply_count_hidden":0,"_bbp_forum_subforum_count":0,"site-sidebar-layout":"default","site-content-layout":"","ast-site-content-layout":"default","site-content-style":"default","site-sidebar-style":"default","ast-global-header-display":"","ast-banner-title-visibility":"","ast-main-header-display":"","ast-hfb-above-header-display":"","ast-hfb-below-header-display":"","ast-hfb-mobile-header-display":"","site-post-title":"","ast-breadcrumbs-content":"","ast-featured-img":"","footer-sml-layout":"","theme-transparent-header-meta":"default","adv-header-id-meta":"","stick-header-meta":"","header-above-stick-meta":"","header-main-stick-meta":"","header-below-stick-meta":"","astra-migrate-meta-layouts":"set","ast-page-background-enabled":"default","ast-page-background-meta":{"desktop":{"background-color":"var(--ast-global-color-4)","background-image":"","background-repeat":"repeat","background-position":"center center","background-size":"auto","background-attachment":"scroll","background-type":"","background-media":"","overlay-type":"","overlay-color":"","overlay-opacity":"","overlay-gradient":""},"tablet":{"background-color":"","background-image":"","background-repeat":"repeat","background-position":"center center","background-size":"auto","background-attachment":"scroll","background-type":"","background-media":"","overlay-type":"","overlay-color":"","overlay-opacity":"","overlay-gradient":""},"mobile":{"background-color":"","background-image":"","background-repeat":"repeat","background-position":"center center","background-size":"auto","background-attachment":"scroll","background-type":"","background-media":"","overlay-type":"","overlay-color":"","overlay-opacity":"","overlay-gradient":""}},"ast-content-background-meta":{"desktop":{"background-color":"var(--ast-global-color-5)","background-image":"","background-repeat":"repeat","background-position":"center center","background-size":"auto","background-attachment":"scroll","background-type":"","background-media":"","overlay-type":"","overlay-color":"","overlay-opacity":"","overlay-gradient":""},"tablet":{"background-color":"var(--ast-global-color-5)","background-image":"","background-repeat":"repeat","background-position":"center center","background-size":"auto","background-attachment":"scroll","background-type":"","background-media":"","overlay-type":"","overlay-color":"","overlay-opacity":"","overlay-gradient":""},"mobile":{"background-color":"var(--ast-global-color-5)","background-image":"","background-repeat":"repeat","background-position":"center center","background-size":"auto","background-attachment":"scroll","background-type":"","background-media":"","overlay-type":"","overlay-color":"","overlay-opacity":"","overlay-gradient":""}},"footnotes":""},"class_list":["post-2276","page","type-page","status-publish","hentry"],"post_mailing_queue_ids":[],"_links":{"self":[{"href":"https:\/\/agora.xtec.cat\/escolaprogres\/wp-json\/wp\/v2\/pages\/2276","targetHints":{"allow":["GET"]}}],"collection":[{"href":"https:\/\/agora.xtec.cat\/escolaprogres\/wp-json\/wp\/v2\/pages"}],"about":[{"href":"https:\/\/agora.xtec.cat\/escolaprogres\/wp-json\/wp\/v2\/types\/page"}],"author":[{"embeddable":true,"href":"https:\/\/agora.xtec.cat\/escolaprogres\/wp-json\/wp\/v2\/users\/1"}],"replies":[{"embeddable":true,"href":"https:\/\/agora.xtec.cat\/escolaprogres\/wp-json\/wp\/v2\/comments?post=2276"}],"version-history":[{"count":5,"href":"https:\/\/agora.xtec.cat\/escolaprogres\/wp-json\/wp\/v2\/pages\/2276\/revisions"}],"predecessor-version":[{"id":3642,"href":"https:\/\/agora.xtec.cat\/escolaprogres\/wp-json\/wp\/v2\/pages\/2276\/revisions\/3642"}],"up":[{"embeddable":true,"href":"https:\/\/agora.xtec.cat\/escolaprogres\/wp-json\/wp\/v2\/pages\/2274"}],"wp:attachment":[{"href":"https:\/\/agora.xtec.cat\/escolaprogres\/wp-json\/wp\/v2\/media?parent=2276"}],"curies":[{"name":"wp","href":"https:\/\/api.w.org\/{rel}","templated":true}]}}