{"id":9,"date":"2014-09-17T15:08:18","date_gmt":"2014-09-17T14:08:18","guid":{"rendered":"http:\/\/agora.xtec.cat\/escolaprincepdeviana\/?page_id=9"},"modified":"2026-03-18T21:04:58","modified_gmt":"2026-03-18T20:04:58","slug":"pagina-dinici-buida","status":"publish","type":"page","link":"https:\/\/agora.xtec.cat\/escolaprincepdeviana\/","title":{"rendered":"ACTUALITAT"},"content":{"rendered":"\n<figure class=\"wp-block-image size-full is-resized\"><a href=\"https:\/\/agora.xtec.cat\/escolaprincepdeviana\/wp-content\/uploads\/usu737\/2026\/01\/PORTES-OBERTES.jpg\"><img loading=\"lazy\" decoding=\"async\" width=\"1414\" height=\"2000\" src=\"https:\/\/agora.xtec.cat\/escolaprincepdeviana\/wp-content\/uploads\/usu737\/2026\/01\/PORTES-OBERTES.jpg\" alt=\"\" class=\"wp-image-6646\" style=\"width:959px;height:auto\" srcset=\"https:\/\/agora.xtec.cat\/escolaprincepdeviana\/wp-content\/uploads\/usu737\/2026\/01\/PORTES-OBERTES.jpg 1414w, https:\/\/agora.xtec.cat\/escolaprincepdeviana\/wp-content\/uploads\/usu737\/2026\/01\/PORTES-OBERTES-212x300.jpg 212w, https:\/\/agora.xtec.cat\/escolaprincepdeviana\/wp-content\/uploads\/usu737\/2026\/01\/PORTES-OBERTES-724x1024.jpg 724w, https:\/\/agora.xtec.cat\/escolaprincepdeviana\/wp-content\/uploads\/usu737\/2026\/01\/PORTES-OBERTES-768x1086.jpg 768w, https:\/\/agora.xtec.cat\/escolaprincepdeviana\/wp-content\/uploads\/usu737\/2026\/01\/PORTES-OBERTES-1086x1536.jpg 1086w\" sizes=\"auto, (max-width: 1414px) 100vw, 1414px\" \/><\/a><\/figure>\n\n\n\n<p><strong>HOMENATGE AL NOSTRE DIRECTOR,\u00a0 ANTONI GOTSENS.<\/strong><\/p>\n<p><iframe loading=\"lazy\" src=\"\/\/www.youtube.com\/embed\/QjFqf6wiJqQ\" width=\"560\" height=\"314\" allowfullscreen=\"allowfullscreen\"><\/iframe><\/p>\n<p>El passat dilluns 16 de mar\u00e7 vam fer\u00a0 un homenatge al nostre director. Aqu\u00ed teniu un petit recull de l&#8217;acte. Agra\u00efm de tot cor a la nostra comunitat educativa i fam\u00edlies que ens van acompanyar.<\/p>\n<p>Aquest va ser l&#8217;escrit que van elaborar el Grup Directiu per l&#8217;homenatge:<\/p>\n<p><span style=\"color: #008080;\"><em><span style=\"font-weight: 400;\">Bona tarda a tothom,<\/span><\/em><\/span><\/p>\n<p><span style=\"color: #008080;\"><em><span style=\"font-weight: 400;\">Avui ens trobem aqu\u00ed tota la comunitat educativa del Pr\u00edncep de Viana per recordar i fer un homenatge al Toni.\u00a0 Ho fem des d\u2019un dels llocs que ell m\u00e9s estimava: l\u2019escola, i ho fem envoltats de l\u2019alumnat, dels diferents professionals que hi treballem i de les fam\u00edlies, perqu\u00e8 ell creia que una escola nom\u00e9s t\u00e9 sentit quan tothom hi caminem plegats.<\/span><\/em><\/span><\/p>\n<p><span style=\"color: #008080;\"><em><span style=\"font-weight: 400;\">Tamb\u00e9 ens acompanya el quartet de corda del conservatori; els volem agra\u00efm molt\u00edssim la seva implicaci\u00f3 i participaci\u00f3 en aquest acte.<\/span><\/em><\/span><\/p>\n<p><span style=\"color: #008080;\"><em><span style=\"font-weight: 400;\">El Toni va arribar fa dos anys amb una mirada tranquil\u00b7la, amb aquella seva manera de fer que transmetia calma i confian\u00e7a. Era una persona jove, amb una paci\u00e8ncia infinita i una predisposici\u00f3 constant a escoltar, a sumar i a fer cr\u00e9ixer qualsevol idea que pogu\u00e9s millorar la vida dels infants.<\/span><\/em><\/span><\/p>\n<p><span style=\"color: #008080;\"><em><span style=\"font-weight: 400;\">Tenia una manera molt especial d\u2019entendre l\u2019escola: respectant-ne sempre la seva ess\u00e8ncia per\u00f2 tamb\u00e9 amb valentia per transformar-la.<\/span><\/em><\/span><\/p>\n<p><span style=\"color: #008080;\"><em><span style=\"font-weight: 400;\">I aix\u00f2 \u00e9s exactament el que va fer.<\/span><\/em><\/span><\/p>\n<p><span style=\"color: #008080;\"><em><span style=\"font-weight: 400;\">Amb el Toni, el pati va comen\u00e7ar a canviar. Els colors, les formes i els espais que avui ens envolten s\u00f3n fruit de la seva mirada creativa i de les seves ganes de fer de l\u2019escola un lloc m\u00e9s acollidor i m\u00e9s viu. Cada rac\u00f3 t\u00e9 una mica d\u2019ell: els grafitis, les siluetes de la reixa de fora, el terra del pati\u2026 Les zones que abans passaven desapercebudes ara conviden a jugar, a conviure i a imaginar. El Toni no nom\u00e9s va pintar parets; va pintar maneres de mirar l\u2019escola.<\/span><\/em><\/span><\/p>\n<p><span style=\"color: #008080;\"><em><span style=\"font-weight: 400;\">Tamb\u00e9 va donar color al nostre logo, mantenint el que ja \u00e9rem per\u00f2 fent-nos m\u00e9s visibles, m\u00e9s vius. Va impulsar el nou xandall, aquest blau \u201cPr\u00edncep\u201d que ja forma part de la nostra identitat i que, d\u2019alguna manera, ens recorda que ell sempre buscava donar coher\u00e8ncia i personalitat a tot el que feia.<\/span><\/em><\/span><\/p>\n<p><span style=\"color: #008080;\"><em><span style=\"font-weight: 400;\">I, com no podia ser d\u2019una altra manera, va voler que l\u2019escola tingu\u00e9s una veu pr\u00f2pia. Per aix\u00f2 va crear l\u2019himne del Pr\u00edncep de Viana, una can\u00e7\u00f3 que ens acompanya cada dia a l\u2019entrada i a la sortida i que, a partir d\u2019ara, tamb\u00e9 ser\u00e0 un record viu del seu pas per casa nostra.<\/span><\/em><\/span><\/p>\n<p><span style=\"color: #008080;\"><em><span style=\"font-weight: 400;\">El Toni tenia una manera molt especial d\u2019entendre el treball col\u00b7lectiu. Creia de veritat que una escola creix quan tothom hi aporta una part de s\u00ed mateix, i ell sempre feia el possible perqu\u00e8 aquest sentiment de grup fos real. Li agradava escoltar, compartir i construir plegats.<\/span><\/em><\/span><\/p>\n<p><span style=\"color: #008080;\"><em><span style=\"font-weight: 400;\">Avui plantem una olivera en aquest parterre perqu\u00e8 ell era d\u2019Arbeca i perqu\u00e8 l\u2019olivera \u00e9s un s\u00edmbol de vida que arrela, que creix i que perdura. En nom\u00e9s dos anys, ell tamb\u00e9 ha arrelat profundament en aquesta comunitat, sembrant projectes, il\u00b7lusions i maneres de fer que continuaran creixent.<\/span><\/em><\/span><\/p>\n<p><span style=\"color: #008080;\"><em><span style=\"font-weight: 400;\">En acabar aquest parlament, tota la comunitat educativa posarem una mica de terra a l\u2019olivera. \u00c9s un gest senzill, per\u00f2 carregat de significat; entre tots i totes ajudarem a fer cr\u00e9ixer aquest arbre igual que continuarem fent cr\u00e9ixer l\u2019escola que ell estimava.\u00a0<\/span><\/em><\/span><\/p>\n<p><span style=\"color: #008080;\"><em><span style=\"font-weight: 400;\">Aquesta olivera ser\u00e0 un record viu del Toni.<\/span><\/em><\/span><\/p>\n<p><span style=\"color: #008080;\"><em><span style=\"font-weight: 400;\">A la seva fam\u00edlia els volem enviar el nostre escalf m\u00e9s sincer. Sabem que res pot omplir el buit que deixa la seva p\u00e8rdua, per\u00f2 tamb\u00e9 sabem que el Toni queda per sempre en aquesta escola, en cada color del pati, en cada nota de l\u2019himne, en cada infant que juga i apr\u00e8n en un espai que ell va ajudar a transformar.<\/span><\/em><\/span><\/p>\n<p><span style=\"color: #008080;\"><em><span style=\"font-weight: 400;\">Gr\u00e0cies, Toni, per tot el que ens vas donar.<\/span><\/em><\/span><\/p>\n<p><span style=\"color: #008080;\"><em><span style=\"font-weight: 400;\">Gr\u00e0cies per la teva manera de ser.<\/span><\/em><\/span><\/p>\n<p><span style=\"color: #008080;\"><em><span style=\"font-weight: 400;\">Gr\u00e0cies per deixar-nos una escola m\u00e9s viva, m\u00e9s bonica i m\u00e9s nostra.<\/span><\/em><\/span><\/p>\n\n\n\n<figure class=\"wp-block-table\"><table><tbody><tr><td><a href=\"https:\/\/agora.xtec.cat\/escolaprincepdeviana\/wp-content\/uploads\/usu737\/2024\/07\/ESCOLA-PRINCEP-DE-VIANA-9-scaled.jpg\"><img loading=\"lazy\" decoding=\"async\" class=\"wp-image-5897 alignleft\" src=\"https:\/\/agora.xtec.cat\/escolaprincepdeviana\/wp-content\/uploads\/usu737\/2024\/07\/ESCOLA-PRINCEP-DE-VIANA-9-1024x512.jpg\" alt=\"\" width=\"1018\" height=\"509\" srcset=\"https:\/\/agora.xtec.cat\/escolaprincepdeviana\/wp-content\/uploads\/usu737\/2024\/07\/ESCOLA-PRINCEP-DE-VIANA-9-1024x512.jpg 1024w, https:\/\/agora.xtec.cat\/escolaprincepdeviana\/wp-content\/uploads\/usu737\/2024\/07\/ESCOLA-PRINCEP-DE-VIANA-9-300x150.jpg 300w, https:\/\/agora.xtec.cat\/escolaprincepdeviana\/wp-content\/uploads\/usu737\/2024\/07\/ESCOLA-PRINCEP-DE-VIANA-9-768x384.jpg 768w, https:\/\/agora.xtec.cat\/escolaprincepdeviana\/wp-content\/uploads\/usu737\/2024\/07\/ESCOLA-PRINCEP-DE-VIANA-9-1536x768.jpg 1536w, https:\/\/agora.xtec.cat\/escolaprincepdeviana\/wp-content\/uploads\/usu737\/2024\/07\/ESCOLA-PRINCEP-DE-VIANA-9-2048x1024.jpg 2048w\" sizes=\"auto, (max-width: 1018px) 100vw, 1018px\" \/><\/a><\/td><\/tr><tr><td><h3 style=\"text-align: center;\"><strong>LLIBRES I MATERIAL ESCOLAR 25\/26<\/strong><\/h3> <p style=\"text-align: center;\">Recordeu que podeu trobar el llistat de llibres i material al seg\u00fcent enlla\u00e7<\/p> <h4 style=\"text-align: center;\"><a href=\"https:\/\/agora.xtec.cat\/escolaprincepdeviana\/lescola\/material-escolar\/\" target=\"_blank\" rel=\"noopener\"><strong>LLIBRES I MATERIAL<\/strong><\/a><\/h4> <p style=\"text-align: center;\">&nbsp;<\/p><\/td><\/tr><\/tbody><\/table><\/figure>\n","protected":false},"excerpt":{"rendered":"<p>HOMENATGE AL NOSTRE DIRECTOR,\u00a0 ANTONI GOTSENS. El passat dilluns 16 de mar\u00e7 vam fer\u00a0 un homenatge al nostre director. Aqu\u00ed [&hellip;]<\/p>\n","protected":false},"author":1,"featured_media":0,"parent":7,"menu_order":0,"comment_status":"closed","ping_status":"closed","template":"","meta":{"_bbp_topic_count":0,"_bbp_reply_count":0,"_bbp_total_topic_count":0,"_bbp_total_reply_count":0,"_bbp_voice_count":0,"_bbp_anonymous_reply_count":0,"_bbp_topic_count_hidden":0,"_bbp_reply_count_hidden":0,"_bbp_forum_subforum_count":0,"site-sidebar-layout":"default","site-content-layout":"","ast-site-content-layout":"default","site-content-style":"default","site-sidebar-style":"default","ast-global-header-display":"","ast-banner-title-visibility":"","ast-main-header-display":"","ast-hfb-above-header-display":"","ast-hfb-below-header-display":"","ast-hfb-mobile-header-display":"","site-post-title":"","ast-breadcrumbs-content":"","ast-featured-img":"","footer-sml-layout":"","theme-transparent-header-meta":"default","adv-header-id-meta":"","stick-header-meta":"","header-above-stick-meta":"","header-main-stick-meta":"","header-below-stick-meta":"","astra-migrate-meta-layouts":"set","ast-page-background-enabled":"default","ast-page-background-meta":{"desktop":{"background-color":"var(--ast-global-color-4)","background-image":"","background-repeat":"repeat","background-position":"center center","background-size":"auto","background-attachment":"scroll","background-type":"","background-media":"","overlay-type":"","overlay-color":"","overlay-opacity":"","overlay-gradient":""},"tablet":{"background-color":"","background-image":"","background-repeat":"repeat","background-position":"center center","background-size":"auto","background-attachment":"scroll","background-type":"","background-media":"","overlay-type":"","overlay-color":"","overlay-opacity":"","overlay-gradient":""},"mobile":{"background-color":"","background-image":"","background-repeat":"repeat","background-position":"center center","background-size":"auto","background-attachment":"scroll","background-type":"","background-media":"","overlay-type":"","overlay-color":"","overlay-opacity":"","overlay-gradient":""}},"ast-content-background-meta":{"desktop":{"background-color":"var(--ast-global-color-5)","background-image":"","background-repeat":"repeat","background-position":"center center","background-size":"auto","background-attachment":"scroll","background-type":"","background-media":"","overlay-type":"","overlay-color":"","overlay-opacity":"","overlay-gradient":""},"tablet":{"background-color":"var(--ast-global-color-5)","background-image":"","background-repeat":"repeat","background-position":"center center","background-size":"auto","background-attachment":"scroll","background-type":"","background-media":"","overlay-type":"","overlay-color":"","overlay-opacity":"","overlay-gradient":""},"mobile":{"background-color":"var(--ast-global-color-5)","background-image":"","background-repeat":"repeat","background-position":"center center","background-size":"auto","background-attachment":"scroll","background-type":"","background-media":"","overlay-type":"","overlay-color":"","overlay-opacity":"","overlay-gradient":""}},"footnotes":""},"class_list":["post-9","page","type-page","status-publish","hentry"],"post_mailing_queue_ids":[],"_links":{"self":[{"href":"https:\/\/agora.xtec.cat\/escolaprincepdeviana\/wp-json\/wp\/v2\/pages\/9","targetHints":{"allow":["GET"]}}],"collection":[{"href":"https:\/\/agora.xtec.cat\/escolaprincepdeviana\/wp-json\/wp\/v2\/pages"}],"about":[{"href":"https:\/\/agora.xtec.cat\/escolaprincepdeviana\/wp-json\/wp\/v2\/types\/page"}],"author":[{"embeddable":true,"href":"https:\/\/agora.xtec.cat\/escolaprincepdeviana\/wp-json\/wp\/v2\/users\/1"}],"replies":[{"embeddable":true,"href":"https:\/\/agora.xtec.cat\/escolaprincepdeviana\/wp-json\/wp\/v2\/comments?post=9"}],"version-history":[{"count":7,"href":"https:\/\/agora.xtec.cat\/escolaprincepdeviana\/wp-json\/wp\/v2\/pages\/9\/revisions"}],"predecessor-version":[{"id":6827,"href":"https:\/\/agora.xtec.cat\/escolaprincepdeviana\/wp-json\/wp\/v2\/pages\/9\/revisions\/6827"}],"up":[{"embeddable":true,"href":"https:\/\/agora.xtec.cat\/escolaprincepdeviana\/wp-json\/wp\/v2\/pages\/7"}],"wp:attachment":[{"href":"https:\/\/agora.xtec.cat\/escolaprincepdeviana\/wp-json\/wp\/v2\/media?parent=9"}],"curies":[{"name":"wp","href":"https:\/\/api.w.org\/{rel}","templated":true}]}}

<figure class="wp-block-image size-full is-resized"><a href="https://agora.xtec.cat/escolaprincepdeviana/wp-content/uploads/usu737/2026/01/PORTES-OBERTES.jpg"><img loading="lazy" decoding="async" width="1414" height="2000" src="https://agora.xtec.cat/escolaprincepdeviana/wp-content/uploads/usu737/2026/01/PORTES-OBERTES.jpg" alt="" class="wp-image-6646" style="width:959px;height:auto" srcset="https://agora.xtec.cat/escolaprincepdeviana/wp-content/uploads/usu737/2026/01/PORTES-OBERTES.jpg 1414w, https://agora.xtec.cat/escolaprincepdeviana/wp-content/uploads/usu737/2026/01/PORTES-OBERTES-212x300.jpg 212w, https://agora.xtec.cat/escolaprincepdeviana/wp-content/uploads/usu737/2026/01/PORTES-OBERTES-724x1024.jpg 724w, https://agora.xtec.cat/escolaprincepdeviana/wp-content/uploads/usu737/2026/01/PORTES-OBERTES-768x1086.jpg 768w, https://agora.xtec.cat/escolaprincepdeviana/wp-content/uploads/usu737/2026/01/PORTES-OBERTES-1086x1536.jpg 1086w" sizes="auto, (max-width: 1414px) 100vw, 1414px" /></a></figure>



<p><strong>HOMENATGE AL NOSTRE DIRECTOR,  ANTONI GOTSENS.</strong></p>
<p><iframe loading="lazy" src="//www.youtube.com/embed/QjFqf6wiJqQ" width="560" height="314" allowfullscreen="allowfullscreen"></iframe></p>
<p>El passat dilluns 16 de març vam fer  un homenatge al nostre director. Aquí teniu un petit recull de l&#8217;acte. Agraïm de tot cor a la nostra comunitat educativa i famílies que ens van acompanyar.</p>
<p>Aquest va ser l&#8217;escrit que van elaborar el Grup Directiu per l&#8217;homenatge:</p>
<p><span style="color: #008080;"><em><span style="font-weight: 400;">Bona tarda a tothom,</span></em></span></p>
<p><span style="color: #008080;"><em><span style="font-weight: 400;">Avui ens trobem aquí tota la comunitat educativa del Príncep de Viana per recordar i fer un homenatge al Toni.  Ho fem des d’un dels llocs que ell més estimava: l’escola, i ho fem envoltats de l’alumnat, dels diferents professionals que hi treballem i de les famílies, perquè ell creia que una escola només té sentit quan tothom hi caminem plegats.</span></em></span></p>
<p><span style="color: #008080;"><em><span style="font-weight: 400;">També ens acompanya el quartet de corda del conservatori; els volem agraïm moltíssim la seva implicació i participació en aquest acte.</span></em></span></p>
<p><span style="color: #008080;"><em><span style="font-weight: 400;">El Toni va arribar fa dos anys amb una mirada tranquil·la, amb aquella seva manera de fer que transmetia calma i confiança. Era una persona jove, amb una paciència infinita i una predisposició constant a escoltar, a sumar i a fer créixer qualsevol idea que pogués millorar la vida dels infants.</span></em></span></p>
<p><span style="color: #008080;"><em><span style="font-weight: 400;">Tenia una manera molt especial d’entendre l’escola: respectant-ne sempre la seva essència però també amb valentia per transformar-la.</span></em></span></p>
<p><span style="color: #008080;"><em><span style="font-weight: 400;">I això és exactament el que va fer.</span></em></span></p>
<p><span style="color: #008080;"><em><span style="font-weight: 400;">Amb el Toni, el pati va començar a canviar. Els colors, les formes i els espais que avui ens envolten són fruit de la seva mirada creativa i de les seves ganes de fer de l’escola un lloc més acollidor i més viu. Cada racó té una mica d’ell: els grafitis, les siluetes de la reixa de fora, el terra del pati… Les zones que abans passaven desapercebudes ara conviden a jugar, a conviure i a imaginar. El Toni no només va pintar parets; va pintar maneres de mirar l’escola.</span></em></span></p>
<p><span style="color: #008080;"><em><span style="font-weight: 400;">També va donar color al nostre logo, mantenint el que ja érem però fent-nos més visibles, més vius. Va impulsar el nou xandall, aquest blau “Príncep” que ja forma part de la nostra identitat i que, d’alguna manera, ens recorda que ell sempre buscava donar coherència i personalitat a tot el que feia.</span></em></span></p>
<p><span style="color: #008080;"><em><span style="font-weight: 400;">I, com no podia ser d’una altra manera, va voler que l’escola tingués una veu pròpia. Per això va crear l’himne del Príncep de Viana, una cançó que ens acompanya cada dia a l’entrada i a la sortida i que, a partir d’ara, també serà un record viu del seu pas per casa nostra.</span></em></span></p>
<p><span style="color: #008080;"><em><span style="font-weight: 400;">El Toni tenia una manera molt especial d’entendre el treball col·lectiu. Creia de veritat que una escola creix quan tothom hi aporta una part de sí mateix, i ell sempre feia el possible perquè aquest sentiment de grup fos real. Li agradava escoltar, compartir i construir plegats.</span></em></span></p>
<p><span style="color: #008080;"><em><span style="font-weight: 400;">Avui plantem una olivera en aquest parterre perquè ell era d’Arbeca i perquè l’olivera és un símbol de vida que arrela, que creix i que perdura. En només dos anys, ell també ha arrelat profundament en aquesta comunitat, sembrant projectes, il·lusions i maneres de fer que continuaran creixent.</span></em></span></p>
<p><span style="color: #008080;"><em><span style="font-weight: 400;">En acabar aquest parlament, tota la comunitat educativa posarem una mica de terra a l’olivera. És un gest senzill, però carregat de significat; entre tots i totes ajudarem a fer créixer aquest arbre igual que continuarem fent créixer l’escola que ell estimava. </span></em></span></p>
<p><span style="color: #008080;"><em><span style="font-weight: 400;">Aquesta olivera serà un record viu del Toni.</span></em></span></p>
<p><span style="color: #008080;"><em><span style="font-weight: 400;">A la seva família els volem enviar el nostre escalf més sincer. Sabem que res pot omplir el buit que deixa la seva pèrdua, però també sabem que el Toni queda per sempre en aquesta escola, en cada color del pati, en cada nota de l’himne, en cada infant que juga i aprèn en un espai que ell va ajudar a transformar.</span></em></span></p>
<p><span style="color: #008080;"><em><span style="font-weight: 400;">Gràcies, Toni, per tot el que ens vas donar.</span></em></span></p>
<p><span style="color: #008080;"><em><span style="font-weight: 400;">Gràcies per la teva manera de ser.</span></em></span></p>
<p><span style="color: #008080;"><em><span style="font-weight: 400;">Gràcies per deixar-nos una escola més viva, més bonica i més nostra.</span></em></span></p>



<figure class="wp-block-table"><table><tbody><tr><td><a href="https://agora.xtec.cat/escolaprincepdeviana/wp-content/uploads/usu737/2024/07/ESCOLA-PRINCEP-DE-VIANA-9-scaled.jpg"><img loading="lazy" decoding="async" class="wp-image-5897 alignleft" src="https://agora.xtec.cat/escolaprincepdeviana/wp-content/uploads/usu737/2024/07/ESCOLA-PRINCEP-DE-VIANA-9-1024x512.jpg" alt="" width="1018" height="509" srcset="https://agora.xtec.cat/escolaprincepdeviana/wp-content/uploads/usu737/2024/07/ESCOLA-PRINCEP-DE-VIANA-9-1024x512.jpg 1024w, https://agora.xtec.cat/escolaprincepdeviana/wp-content/uploads/usu737/2024/07/ESCOLA-PRINCEP-DE-VIANA-9-300x150.jpg 300w, https://agora.xtec.cat/escolaprincepdeviana/wp-content/uploads/usu737/2024/07/ESCOLA-PRINCEP-DE-VIANA-9-768x384.jpg 768w, https://agora.xtec.cat/escolaprincepdeviana/wp-content/uploads/usu737/2024/07/ESCOLA-PRINCEP-DE-VIANA-9-1536x768.jpg 1536w, https://agora.xtec.cat/escolaprincepdeviana/wp-content/uploads/usu737/2024/07/ESCOLA-PRINCEP-DE-VIANA-9-2048x1024.jpg 2048w" sizes="auto, (max-width: 1018px) 100vw, 1018px" /></a></td></tr><tr><td><h3 style="text-align: center;"><strong>LLIBRES I MATERIAL ESCOLAR 25/26</strong></h3> <p style="text-align: center;">Recordeu que podeu trobar el llistat de llibres i material al següent enllaç</p> <h4 style="text-align: center;"><a href="https://agora.xtec.cat/escolaprincepdeviana/lescola/material-escolar/" target="_blank" rel="noopener"><strong>LLIBRES I MATERIAL</strong></a></h4> <p style="text-align: center;">&nbsp;</p></td></tr></tbody></table></figure>

<p>HOMENATGE AL NOSTRE DIRECTOR,  ANTONI GOTSENS. El passat dilluns 16 de març vam fer  un homenatge al nostre director. Aquí [&hellip;]</p>
