{"id":36,"date":"2014-09-18T12:33:11","date_gmt":"2014-09-18T11:33:11","guid":{"rendered":"http:\/\/agora.xtec.cat\/escolaprincepdeviana\/?page_id=36"},"modified":"2025-07-03T12:02:23","modified_gmt":"2025-07-03T10:02:23","slug":"material-escolar","status":"publish","type":"page","link":"https:\/\/agora.xtec.cat\/escolaprincepdeviana\/lescola\/material-escolar\/","title":{"rendered":"Llibres i material escolar"},"content":{"rendered":"<p><strong>Socialitzaci\u00f3 de llibres<\/strong><\/p>\n<p>L&#8217;escola socialitza i reutilitza la majoria de llibres de text a educaci\u00f3 prim\u00e0ria i molts materials que s&#8217;utilitzen en el dia a dia de l&#8217;aula els adquireix l&#8217;escola per als seus alumnes amb la quota de material corresponent.<\/p>\n<p><strong>Llistat de llibres<\/strong><\/p>\n<p><em>Educaci\u00f3 Infantil<\/em><\/p>\n<p><a href=\"https:\/\/docs.google.com\/document\/d\/1ytFI59zdJHETv6BbHe1ltn7JhZcFzIMz\/edit?usp=sharing&amp;ouid=117891470446583150487&amp;rtpof=true&amp;sd=true\" target=\"_blank\" rel=\"noopener\">I3<\/a> \u00a0\u00a0\u00a0\u00a0\u00a0\u00a0\u00a0 <a href=\"https:\/\/docs.google.com\/document\/d\/1NzQZot-Bua6Wf7_cXlPZFYWDFhcjXgQ5\/edit?usp=sharing&amp;ouid=117891470446583150487&amp;rtpof=true&amp;sd=true\" target=\"_blank\" rel=\"noopener noreferrer\">I4<\/a>\u00a0\u00a0\u00a0\u00a0\u00a0\u00a0\u00a0\u00a0 <a href=\"https:\/\/docs.google.com\/document\/d\/1gFzJvKQwZwb5T3hq-ACNEq5vu4iikqyG\/edit?usp=sharing&amp;ouid=117891470446583150487&amp;rtpof=true&amp;sd=true\" target=\"_blank\" rel=\"noopener noreferrer\">I5<\/a><\/p>\n<p><em>Educaci\u00f3 Prim\u00e0ria<\/em><\/p>\n<p><a href=\"https:\/\/docs.google.com\/document\/d\/1SEF2MLiKCc49IgTye3yWraOfafO29SXX\/edit?usp=sharing&amp;ouid=117891470446583150487&amp;rtpof=true&amp;sd=true\" target=\"_blank\" rel=\"noopener noreferrer\">1r<\/a>\u00a0\u00a0\u00a0\u00a0\u00a0 <a href=\"https:\/\/docs.google.com\/document\/d\/1OYryJaOo_BSW8k1V-m3n24ki9HkLxzvP\/edit?usp=sharing&amp;ouid=117891470446583150487&amp;rtpof=true&amp;sd=true\" target=\"_blank\" rel=\"noopener noreferrer\">2n<\/a>\u00a0\u00a0\u00a0<a href=\"https:\/\/docs.google.com\/document\/d\/1WkrdzMauIJMjJhVoVbNrbQ1y9fr0cj7E\/edit?usp=sharing&amp;ouid=117891470446583150487&amp;rtpof=true&amp;sd=true\" target=\"_blank\" rel=\"noopener noreferrer\"> 3r<\/a>\u00a0\u00a0\u00a0 <a href=\"https:\/\/docs.google.com\/document\/d\/1F_oWUa_hfJF6h5CjEJRYstzG0ajOn-aM\/edit?usp=sharing&amp;ouid=117891470446583150487&amp;rtpof=true&amp;sd=true\" target=\"_blank\" rel=\"noopener noreferrer\">4t <\/a>\u00a0\u00a0 <a href=\"https:\/\/docs.google.com\/document\/d\/1nI3uz8O4Z45kBC41W1gAVMDw3StCscFy\/edit?usp=sharing&amp;ouid=117891470446583150487&amp;rtpof=true&amp;sd=true\" target=\"_blank\" rel=\"noopener noreferrer\">5\u00e8<\/a>\u00a0\u00a0\u00a0 <a href=\"https:\/\/docs.google.com\/document\/d\/14fIchQshaZlQAzfCrgtyCTYjR3bHpca5\/edit?usp=sharing&amp;ouid=117891470446583150487&amp;rtpof=true&amp;sd=true\" target=\"_blank\" rel=\"noopener noreferrer\">6\u00e8<\/a><\/p>\n<p><strong>Quotes de material escolar<\/strong><\/p>\n<p>Per al curs 2025\/2026 el Consell Escolar del Centre &#8211;<em><strong>acord 11\/06\/2025<\/strong><\/em>&#8211; ha fixat els preus del material escolar seg\u00fcents.<\/p>\n<p><strong><em>Educaci\u00f3 Infantil: 15 \u20ac<br \/>\n<\/em><\/strong><\/p>\n<p><strong><em>Educaci\u00f3 Prim\u00e0ria: 15 \u20ac<\/em><\/strong><\/p>\n<p><strong>US DEMANEM QUE REALITZEU EL PAGAMENT PEL CAIXER AUTOM\u00c0TIC: <\/strong><\/p>\n<p><strong>US DEIXEM UN <\/strong><strong><a href=\"https:\/\/agora.xtec.cat\/escolaprincepdeviana\/wp-content\/uploads\/usu737\/2023\/07\/TUTORIAL-CAJAMAR-23_24.pdf\" target=\"_blank\" rel=\"noopener\">TUTORIAL<\/a> DE COM FER-HO<\/strong><\/p>\n<p>* L&#8217;escola destinar\u00e0 recursos econ\u00f2mics del <strong>PMOE -Pla de Millora d&#8217;Oportunitats Educatives-<\/strong> <strong>PROA+<\/strong> a la compra de material escolar per a TOT l&#8217;alumnat, per aix\u00f2 la quota de material es mant\u00e9 redu\u00efda tot i l&#8217;increment dels preus del material per a Educaci\u00f3 Infantil i Educaci\u00f3 Prim\u00e0ria.<\/p>\n","protected":false},"excerpt":{"rendered":"<p>Socialitzaci\u00f3 de llibres L&#8217;escola socialitza i reutilitza la majoria de llibres de text a educaci\u00f3 prim\u00e0ria i molts materials que [&hellip;]<\/p>\n","protected":false},"author":1,"featured_media":0,"parent":22,"menu_order":70,"comment_status":"closed","ping_status":"closed","template":"","meta":{"_bbp_topic_count":0,"_bbp_reply_count":0,"_bbp_total_topic_count":0,"_bbp_total_reply_count":0,"_bbp_voice_count":0,"_bbp_anonymous_reply_count":0,"_bbp_topic_count_hidden":0,"_bbp_reply_count_hidden":0,"_bbp_forum_subforum_count":0,"site-sidebar-layout":"default","site-content-layout":"","ast-site-content-layout":"default","site-content-style":"default","site-sidebar-style":"default","ast-global-header-display":"","ast-banner-title-visibility":"","ast-main-header-display":"","ast-hfb-above-header-display":"","ast-hfb-below-header-display":"","ast-hfb-mobile-header-display":"","site-post-title":"","ast-breadcrumbs-content":"","ast-featured-img":"","footer-sml-layout":"","theme-transparent-header-meta":"","adv-header-id-meta":"","stick-header-meta":"","header-above-stick-meta":"","header-main-stick-meta":"","header-below-stick-meta":"","astra-migrate-meta-layouts":"set","ast-page-background-enabled":"default","ast-page-background-meta":{"desktop":{"background-color":"var(--ast-global-color-4)","background-image":"","background-repeat":"repeat","background-position":"center center","background-size":"auto","background-attachment":"scroll","background-type":"","background-media":"","overlay-type":"","overlay-color":"","overlay-opacity":"","overlay-gradient":""},"tablet":{"background-color":"","background-image":"","background-repeat":"repeat","background-position":"center center","background-size":"auto","background-attachment":"scroll","background-type":"","background-media":"","overlay-type":"","overlay-color":"","overlay-opacity":"","overlay-gradient":""},"mobile":{"background-color":"","background-image":"","background-repeat":"repeat","background-position":"center center","background-size":"auto","background-attachment":"scroll","background-type":"","background-media":"","overlay-type":"","overlay-color":"","overlay-opacity":"","overlay-gradient":""}},"ast-content-background-meta":{"desktop":{"background-color":"var(--ast-global-color-5)","background-image":"","background-repeat":"repeat","background-position":"center center","background-size":"auto","background-attachment":"scroll","background-type":"","background-media":"","overlay-type":"","overlay-color":"","overlay-opacity":"","overlay-gradient":""},"tablet":{"background-color":"var(--ast-global-color-5)","background-image":"","background-repeat":"repeat","background-position":"center center","background-size":"auto","background-attachment":"scroll","background-type":"","background-media":"","overlay-type":"","overlay-color":"","overlay-opacity":"","overlay-gradient":""},"mobile":{"background-color":"var(--ast-global-color-5)","background-image":"","background-repeat":"repeat","background-position":"center center","background-size":"auto","background-attachment":"scroll","background-type":"","background-media":"","overlay-type":"","overlay-color":"","overlay-opacity":"","overlay-gradient":""}},"footnotes":""},"class_list":["post-36","page","type-page","status-publish","hentry"],"post_mailing_queue_ids":[],"_links":{"self":[{"href":"https:\/\/agora.xtec.cat\/escolaprincepdeviana\/wp-json\/wp\/v2\/pages\/36","targetHints":{"allow":["GET"]}}],"collection":[{"href":"https:\/\/agora.xtec.cat\/escolaprincepdeviana\/wp-json\/wp\/v2\/pages"}],"about":[{"href":"https:\/\/agora.xtec.cat\/escolaprincepdeviana\/wp-json\/wp\/v2\/types\/page"}],"author":[{"embeddable":true,"href":"https:\/\/agora.xtec.cat\/escolaprincepdeviana\/wp-json\/wp\/v2\/users\/1"}],"replies":[{"embeddable":true,"href":"https:\/\/agora.xtec.cat\/escolaprincepdeviana\/wp-json\/wp\/v2\/comments?post=36"}],"version-history":[{"count":5,"href":"https:\/\/agora.xtec.cat\/escolaprincepdeviana\/wp-json\/wp\/v2\/pages\/36\/revisions"}],"predecessor-version":[{"id":6496,"href":"https:\/\/agora.xtec.cat\/escolaprincepdeviana\/wp-json\/wp\/v2\/pages\/36\/revisions\/6496"}],"up":[{"embeddable":true,"href":"https:\/\/agora.xtec.cat\/escolaprincepdeviana\/wp-json\/wp\/v2\/pages\/22"}],"wp:attachment":[{"href":"https:\/\/agora.xtec.cat\/escolaprincepdeviana\/wp-json\/wp\/v2\/media?parent=36"}],"curies":[{"name":"wp","href":"https:\/\/api.w.org\/{rel}","templated":true}]}}