{"id":77,"date":"2014-09-18T14:05:08","date_gmt":"2014-09-18T14:05:08","guid":{"rendered":"http:\/\/agora.xtec.cat\/escolapratdelariba\/?page_id=77"},"modified":"2025-09-03T16:49:52","modified_gmt":"2025-09-03T14:49:52","slug":"acollida","status":"publish","type":"page","link":"https:\/\/agora.xtec.cat\/escolapratdelariba\/serveis\/acollida\/","title":{"rendered":"Acollida matinal"},"content":{"rendered":"<p>L&#8217;AFA ofereix un servei d&#8217;acollida matinal per a aquelles fam\u00edlies que necessiten deixar els seus fills i filles abans de les 9 del mat\u00ed. El servei comen\u00e7a a les 8 del mat\u00ed.<\/p>\n<ul>\n<li>Preu mensual: 35\u20ac<\/li>\n<li>Preu espor\u00e0dic: 4\u20ac<\/li>\n<\/ul>\n<p>El <strong>pagament<\/strong> de l&#8217;acollida de la <strong>modalitat espor\u00e0dica<\/strong>, es far\u00e0 a mes ven\u00e7ut. Rebreu un dinantia amb l&#8217;import a abaonar una vegada finalitzi el mes, mitjan\u00e7ant <strong>transfer\u00e8ncia banc\u00e0ria<\/strong>.<\/p>\n<p>El <strong>pagament<\/strong> <strong>mensual<\/strong> s&#8217;ha d&#8217;efectuar <strong>la primera setmana del me<\/strong>s ser\u00e0 mitjan\u00e7ant:<\/p>\n<p>&#8211; Transfer\u00e8ncia banc\u00e0ria en el compte de l&#8217;AFA: Entitat: OPENBANK N\u00fam. compte: ES92 0073 0100 5805 0516 8593<\/p>\n<p>&#8211;\u00a0Important: No oblideu indicar com a <strong>concepte: ACOLLIDA, NOM ALUMNE I MES.<\/strong><\/p>\n<p>Us recordem que, per fer \u00fas d&#8217;aquest servei, cal que informeu a l&#8217;AFA amb antelaci\u00f3 sempre que us sigui possible, amb un correu electr\u00f2nic amb l&#8217;assumpte &#8220;ACOLLIDA MATINAL&#8221;, i feu constar el nom de l&#8217;alumne, curs, l&#8217;opci\u00f3 de preu escollida (mensual o dia espor\u00e0dic) i les dates.<\/p>\n<p>En cas que no sigui possible comunicar-ho amb prou antelaci\u00f3, l&#8217;alumne es podr\u00e0 quedar amb la monitora per\u00f2 posteriorment haureu d&#8217;adre\u00e7ar a l&#8217;AFA el correu electr\u00f2nic esmentat.<\/p>\n<p>Per qualsevol dubte, contacteu amb l\u2019AFA:<\/p>\n<ol>\n<li>Per correu electr\u00f2nic (<a href=\"mailto:familiespratdelariba@gmail.com\">familiespratdelariba@gmail.com<\/a>)<\/li>\n<li>Amb un missatge a la b\u00fastia de l\u2019AFA amb el vostre nom i dades de contacte (m\u00f2bil)<\/li>\n<li>Contacteu amb la vostra delegada de curs, que comunicar\u00e0 el dubte a l\u2019AFA<\/li>\n<\/ol>\n","protected":false},"excerpt":{"rendered":"<p>L&#8217;AFA ofereix un servei d&#8217;acollida matinal per a aquelles fam\u00edlies que necessiten deixar els seus fills i filles abans de les 9 del mat\u00ed. El servei comen\u00e7a a les 8 del mat\u00ed. Preu mensual: 35\u20ac Preu espor\u00e0dic: 4\u20ac El pagament de l&#8217;acollida de la modalitat espor\u00e0dica, es far\u00e0 a mes ven\u00e7ut. Rebreu un dinantia amb [&hellip;]<\/p>\n","protected":false},"author":2,"featured_media":0,"parent":66,"menu_order":20,"comment_status":"closed","ping_status":"closed","template":"page-templates\/side-menu.php","meta":{"_bbp_topic_count":0,"_bbp_reply_count":0,"_bbp_total_topic_count":0,"_bbp_total_reply_count":0,"_bbp_voice_count":0,"_bbp_anonymous_reply_count":0,"_bbp_topic_count_hidden":0,"_bbp_reply_count_hidden":0,"_bbp_forum_subforum_count":0,"site-sidebar-layout":"default","site-content-layout":"","ast-site-content-layout":"","site-content-style":"default","site-sidebar-style":"default","ast-global-header-display":"","ast-banner-title-visibility":"","ast-main-header-display":"","ast-hfb-above-header-display":"","ast-hfb-below-header-display":"","ast-hfb-mobile-header-display":"","site-post-title":"","ast-breadcrumbs-content":"","ast-featured-img":"","footer-sml-layout":"","theme-transparent-header-meta":"","adv-header-id-meta":"","stick-header-meta":"","header-above-stick-meta":"","header-main-stick-meta":"","header-below-stick-meta":"","astra-migrate-meta-layouts":"default","ast-page-background-enabled":"default","ast-page-background-meta":{"desktop":{"background-color":"var(--ast-global-color-4)","background-image":"","background-repeat":"repeat","background-position":"center center","background-size":"auto","background-attachment":"scroll","background-type":"","background-media":"","overlay-type":"","overlay-color":"","overlay-opacity":"","overlay-gradient":""},"tablet":{"background-color":"","background-image":"","background-repeat":"repeat","background-position":"center center","background-size":"auto","background-attachment":"scroll","background-type":"","background-media":"","overlay-type":"","overlay-color":"","overlay-opacity":"","overlay-gradient":""},"mobile":{"background-color":"","background-image":"","background-repeat":"repeat","background-position":"center center","background-size":"auto","background-attachment":"scroll","background-type":"","background-media":"","overlay-type":"","overlay-color":"","overlay-opacity":"","overlay-gradient":""}},"ast-content-background-meta":{"desktop":{"background-color":"var(--ast-global-color-5)","background-image":"","background-repeat":"repeat","background-position":"center center","background-size":"auto","background-attachment":"scroll","background-type":"","background-media":"","overlay-type":"","overlay-color":"","overlay-opacity":"","overlay-gradient":""},"tablet":{"background-color":"var(--ast-global-color-5)","background-image":"","background-repeat":"repeat","background-position":"center center","background-size":"auto","background-attachment":"scroll","background-type":"","background-media":"","overlay-type":"","overlay-color":"","overlay-opacity":"","overlay-gradient":""},"mobile":{"background-color":"var(--ast-global-color-5)","background-image":"","background-repeat":"repeat","background-position":"center center","background-size":"auto","background-attachment":"scroll","background-type":"","background-media":"","overlay-type":"","overlay-color":"","overlay-opacity":"","overlay-gradient":""}},"footnotes":""},"class_list":["post-77","page","type-page","status-publish","hentry"],"post_mailing_queue_ids":[],"_links":{"self":[{"href":"https:\/\/agora.xtec.cat\/escolapratdelariba\/wp-json\/wp\/v2\/pages\/77","targetHints":{"allow":["GET"]}}],"collection":[{"href":"https:\/\/agora.xtec.cat\/escolapratdelariba\/wp-json\/wp\/v2\/pages"}],"about":[{"href":"https:\/\/agora.xtec.cat\/escolapratdelariba\/wp-json\/wp\/v2\/types\/page"}],"author":[{"embeddable":true,"href":"https:\/\/agora.xtec.cat\/escolapratdelariba\/wp-json\/wp\/v2\/users\/2"}],"replies":[{"embeddable":true,"href":"https:\/\/agora.xtec.cat\/escolapratdelariba\/wp-json\/wp\/v2\/comments?post=77"}],"version-history":[{"count":6,"href":"https:\/\/agora.xtec.cat\/escolapratdelariba\/wp-json\/wp\/v2\/pages\/77\/revisions"}],"predecessor-version":[{"id":12340,"href":"https:\/\/agora.xtec.cat\/escolapratdelariba\/wp-json\/wp\/v2\/pages\/77\/revisions\/12340"}],"up":[{"embeddable":true,"href":"https:\/\/agora.xtec.cat\/escolapratdelariba\/wp-json\/wp\/v2\/pages\/66"}],"wp:attachment":[{"href":"https:\/\/agora.xtec.cat\/escolapratdelariba\/wp-json\/wp\/v2\/media?parent=77"}],"curies":[{"name":"wp","href":"https:\/\/api.w.org\/{rel}","templated":true}]}}

<p>L&#8217;AFA ofereix un servei d&#8217;acollida matinal per a aquelles famílies que necessiten deixar els seus fills i filles abans de les 9 del matí. El servei comença a les 8 del matí.</p>
<ul>
<li>Preu mensual: 35€</li>
<li>Preu esporàdic: 4€</li>
</ul>
<p>El <strong>pagament</strong> de l&#8217;acollida de la <strong>modalitat esporàdica</strong>, es farà a mes vençut. Rebreu un dinantia amb l&#8217;import a abaonar una vegada finalitzi el mes, mitjançant <strong>transferència bancària</strong>.</p>
<p>El <strong>pagament</strong> <strong>mensual</strong> s&#8217;ha d&#8217;efectuar <strong>la primera setmana del me</strong>s serà mitjançant:</p>
<p>&#8211; Transferència bancària en el compte de l&#8217;AFA: Entitat: OPENBANK Núm. compte: ES92 0073 0100 5805 0516 8593</p>
<p>&#8211; Important: No oblideu indicar com a <strong>concepte: ACOLLIDA, NOM ALUMNE I MES.</strong></p>
<p>Us recordem que, per fer ús d&#8217;aquest servei, cal que informeu a l&#8217;AFA amb antelació sempre que us sigui possible, amb un correu electrònic amb l&#8217;assumpte &#8220;ACOLLIDA MATINAL&#8221;, i feu constar el nom de l&#8217;alumne, curs, l&#8217;opció de preu escollida (mensual o dia esporàdic) i les dates.</p>
<p>En cas que no sigui possible comunicar-ho amb prou antelació, l&#8217;alumne es podrà quedar amb la monitora però posteriorment haureu d&#8217;adreçar a l&#8217;AFA el correu electrònic esmentat.</p>
<p>Per qualsevol dubte, contacteu amb l’AFA:</p>
<ol>
<li>Per correu electrònic (<a href="mailto:familiespratdelariba@gmail.com">familiespratdelariba@gmail.com</a>)</li>
<li>Amb un missatge a la bústia de l’AFA amb el vostre nom i dades de contacte (mòbil)</li>
<li>Contacteu amb la vostra delegada de curs, que comunicarà el dubte a l’AFA</li>
</ol>

<p>L&#8217;AFA ofereix un servei d&#8217;acollida matinal per a aquelles famílies que necessiten deixar els seus fills i filles abans de les 9 del matí. El servei comença a les 8 del matí. Preu mensual: 35€ Preu esporàdic: 4€ El pagament de l&#8217;acollida de la modalitat esporàdica, es farà a mes vençut. Rebreu un dinantia amb [&hellip;]</p>
