{"id":26,"date":"2014-09-18T12:24:32","date_gmt":"2014-09-18T12:24:32","guid":{"rendered":"http:\/\/agora.xtec.cat\/escolapratdelariba\/?page_id=26"},"modified":"2026-01-16T20:36:19","modified_gmt":"2026-01-16T19:36:19","slug":"lequip","status":"publish","type":"page","link":"https:\/\/agora.xtec.cat\/escolapratdelariba\/lescola\/lequip\/","title":{"rendered":"L&#8217;equip"},"content":{"rendered":"<p>Actualment a l&#8217;escola treballem un equip de 24 mestres, repartits entre educaci\u00f3 infantil i educaci\u00f3 prim\u00e0ria.<\/p>\n<table>\n<tbody>\n<tr>\n<td>EQUIP D&#8217;INFANTIL<\/td>\n<td>EI3: Gloria Mon\u00e9s. <span style=\"color: #0000ff;\">gloria<\/span><span style=\"color: #0000ff;\">.mones@pratdelaribaesplugues.com<\/span><\/p>\n<p>EI4: Esther Igual. <span style=\"color: #0000ff;\">esther.igual@pratdelaribaesplugues.com<\/span><\/p>\n<p>EI5: Rabab Benjelloul. <span style=\"color: #0000ff;\">rabab.benjelloul@pratdelaribaesplugues.com<\/span><\/p>\n<p>MESTRES DE SUPORT:<\/p>\n<p>Suport: Laura Marco i Gemma Cabello<\/p>\n<p>TEI: Vane Lara. <span style=\"color: #0000ff;\">vane.lara@pratdelaribaesplugues.com<\/span><\/td>\n<\/tr>\n<tr>\n<td>EQUIP DE PRIM\u00c0RIA<\/td>\n<td>1rA: Mireia Ciruela.<span style=\"color: #0000ff;\">\u00a0 mireia.ciruela@pratdelaribaesplugues.com<\/span><\/p>\n<p>1rB: Alex Esteller. <span style=\"color: #0000ff;\">alex.esteller@pratdelaribaesplugues.com<\/span><\/p>\n<p>2n: <span style=\"color: #0000ff;\"><span style=\"color: #000000;\">Carolina Navarro<\/span>. carol.navarro@pratdelaribaesplugues.com<\/span><\/p>\n<p>3r: Carme Peralta. <span style=\"color: #0000ff;\">carme.peralta@pratdelaribaesplugues.com<\/span><\/p>\n<p>4tA: Xesca Alcaide. <span style=\"color: #0000ff;\">xesca.alcaide@pratdelaribaesplugues.com<\/span><\/p>\n<p>4tB: Elisabet Huguet. <span style=\"color: #0000ff;\">elisabet.huguet@pratdelaribaesplugues.com<\/span><\/p>\n<p>5\u00e8A: Sandra Benete. <span style=\"color: #0000ff;\">sandra.benete@pratdelaribaesplugues.com<\/span><\/p>\n<p>5\u00e8B: Carolina Fern\u00e1ndez. <span style=\"color: #0000ff;\">carol.fernandez@pratdelaribaesplugues.com<\/span><\/p>\n<p>6\u00e8A: Lorena Hald\u00f3n. <span style=\"color: #0000ff;\">lorena.haldon@pratdelaribaesplugues.com<\/span><\/p>\n<p>6\u00e8B: Txell Jarque. <span style=\"color: #0000ff;\">txell.jarque@pratdelaribaesplugues.com<\/span><\/p>\n<p><span style=\"font-family: inherit; font-size: 1em;\">SUPORT: <\/span>Carme N\u00fa\u00f1ez. <span style=\"color: #0000ff;\">carme.nunez@pratdelaribaesplugues.com<\/span><\/p>\n<p>AULA D&#8217;ACOLLIDA Karima Amirouche i Cristina Juncosa. <span style=\"color: #0000ff;\">karima.amirouche<\/span><span style=\"color: #0000ff;\">@pratdelaribaesplugues.com i <\/span><\/p>\n<p><span style=\"color: #0000ff;\">cristina.juncosa@pratdelaribaesplugues.com<\/span><\/td>\n<\/tr>\n<tr>\n<td>ESPECIALISTES<\/td>\n<td>ANGL\u00c8S: Xabier Acordagoicoechea (cicle inicial i mig). <span style=\"color: #0000ff;\">xabier.acordagoicoechea@pratdelaribaesplugues.com<\/span><\/p>\n<p>ANGL\u00c8S: Sara Quintero (cicle superior). <span style=\"color: #0000ff;\">sara.quintero@pratdelaribaesplugues.com<\/span><\/p>\n<p>EDUCACI\u00d3 ESPECIAL:<\/p>\n<p>Cristina Morcillo\u00a0 <span style=\"color: #0000ff;\">cristina.morcillo@pratdelaribaesplugues.com<\/span><\/p>\n<p>Pilar Mateo. <span style=\"color: #0000ff;\">pilar.mateo@pratdelaribaesplugues.com<\/span><\/p>\n<p>Biel Fuentes. <span style=\"color: #0000ff;\">biel.fuentes@pratdelaribaesplugues.com<\/span><\/p>\n<p>EDUCACI\u00d3 F\u00cdSICA:<\/p>\n<p>Arnau Yag\u00fce. <span style=\"color: #0000ff;\">arnau.yague@pratdelaribaesplugues.com<\/span><\/p>\n<p>Txell Jarque. <span style=\"color: #0000ff;\">txell.jarque@pratdelaribaesplugues.com<\/span><\/p>\n<p>M\u00daSICA: Merce Aranda. <span style=\"color: #0000ff;\">merce.arandat@pratdelaribaesplugues.com<\/span><\/td>\n<\/tr>\n<tr>\n<td>\u00a0EAP<\/td>\n<td>\u00a0Elena Meca<\/td>\n<\/tr>\n<tr>\n<td>EQUIP DIRECTIU<\/td>\n<td>DIRECTORA: Gemma Cabello.<\/p>\n<p>CAP D&#8217;ESTUDIS: Mireia Ciruela.<\/p>\n<p>SECRET\u00c0RIA: Carme Peralta.<\/td>\n<\/tr>\n<tr>\n<td>ADMINISTRACI\u00d3<\/td>\n<td>Rosana Arbeloa.<\/td>\n<\/tr>\n<tr>\n<td>CONSERGE<\/td>\n<td>Susi<\/td>\n<\/tr>\n<\/tbody>\n<\/table>\n<p>&nbsp;<\/p>\n","protected":false},"excerpt":{"rendered":"<p>Actualment a l&#8217;escola treballem un equip de 24 mestres, repartits entre educaci\u00f3 infantil i educaci\u00f3 prim\u00e0ria. EQUIP D&#8217;INFANTIL EI3: Gloria Mon\u00e9s. gloria.mones@pratdelaribaesplugues.com EI4: Esther Igual. esther.igual@pratdelaribaesplugues.com EI5: Rabab Benjelloul. rabab.benjelloul@pratdelaribaesplugues.com MESTRES DE SUPORT: Suport: Laura Marco i Gemma Cabello TEI: Vane Lara. vane.lara@pratdelaribaesplugues.com EQUIP DE PRIM\u00c0RIA 1rA: Mireia Ciruela.\u00a0 mireia.ciruela@pratdelaribaesplugues.com 1rB: Alex Esteller. alex.esteller@pratdelaribaesplugues.com 2n: [&hellip;]<\/p>\n","protected":false},"author":2,"featured_media":0,"parent":22,"menu_order":20,"comment_status":"closed","ping_status":"closed","template":"","meta":{"_bbp_topic_count":0,"_bbp_reply_count":0,"_bbp_total_topic_count":0,"_bbp_total_reply_count":0,"_bbp_voice_count":0,"_bbp_anonymous_reply_count":0,"_bbp_topic_count_hidden":0,"_bbp_reply_count_hidden":0,"_bbp_forum_subforum_count":0,"site-sidebar-layout":"default","site-content-layout":"","ast-site-content-layout":"default","site-content-style":"default","site-sidebar-style":"default","ast-global-header-display":"","ast-banner-title-visibility":"","ast-main-header-display":"","ast-hfb-above-header-display":"","ast-hfb-below-header-display":"","ast-hfb-mobile-header-display":"","site-post-title":"","ast-breadcrumbs-content":"","ast-featured-img":"","footer-sml-layout":"","theme-transparent-header-meta":"default","adv-header-id-meta":"","stick-header-meta":"","header-above-stick-meta":"","header-main-stick-meta":"","header-below-stick-meta":"","astra-migrate-meta-layouts":"set","ast-page-background-enabled":"default","ast-page-background-meta":{"desktop":{"background-color":"var(--ast-global-color-4)","background-image":"","background-repeat":"repeat","background-position":"center center","background-size":"auto","background-attachment":"scroll","background-type":"","background-media":"","overlay-type":"","overlay-color":"","overlay-opacity":"","overlay-gradient":""},"tablet":{"background-color":"","background-image":"","background-repeat":"repeat","background-position":"center center","background-size":"auto","background-attachment":"scroll","background-type":"","background-media":"","overlay-type":"","overlay-color":"","overlay-opacity":"","overlay-gradient":""},"mobile":{"background-color":"","background-image":"","background-repeat":"repeat","background-position":"center center","background-size":"auto","background-attachment":"scroll","background-type":"","background-media":"","overlay-type":"","overlay-color":"","overlay-opacity":"","overlay-gradient":""}},"ast-content-background-meta":{"desktop":{"background-color":"var(--ast-global-color-5)","background-image":"","background-repeat":"repeat","background-position":"center center","background-size":"auto","background-attachment":"scroll","background-type":"","background-media":"","overlay-type":"","overlay-color":"","overlay-opacity":"","overlay-gradient":""},"tablet":{"background-color":"var(--ast-global-color-5)","background-image":"","background-repeat":"repeat","background-position":"center center","background-size":"auto","background-attachment":"scroll","background-type":"","background-media":"","overlay-type":"","overlay-color":"","overlay-opacity":"","overlay-gradient":""},"mobile":{"background-color":"var(--ast-global-color-5)","background-image":"","background-repeat":"repeat","background-position":"center center","background-size":"auto","background-attachment":"scroll","background-type":"","background-media":"","overlay-type":"","overlay-color":"","overlay-opacity":"","overlay-gradient":""}},"footnotes":""},"class_list":["post-26","page","type-page","status-publish","hentry"],"post_mailing_queue_ids":[],"_links":{"self":[{"href":"https:\/\/agora.xtec.cat\/escolapratdelariba\/wp-json\/wp\/v2\/pages\/26","targetHints":{"allow":["GET"]}}],"collection":[{"href":"https:\/\/agora.xtec.cat\/escolapratdelariba\/wp-json\/wp\/v2\/pages"}],"about":[{"href":"https:\/\/agora.xtec.cat\/escolapratdelariba\/wp-json\/wp\/v2\/types\/page"}],"author":[{"embeddable":true,"href":"https:\/\/agora.xtec.cat\/escolapratdelariba\/wp-json\/wp\/v2\/users\/2"}],"replies":[{"embeddable":true,"href":"https:\/\/agora.xtec.cat\/escolapratdelariba\/wp-json\/wp\/v2\/comments?post=26"}],"version-history":[{"count":7,"href":"https:\/\/agora.xtec.cat\/escolapratdelariba\/wp-json\/wp\/v2\/pages\/26\/revisions"}],"predecessor-version":[{"id":12572,"href":"https:\/\/agora.xtec.cat\/escolapratdelariba\/wp-json\/wp\/v2\/pages\/26\/revisions\/12572"}],"up":[{"embeddable":true,"href":"https:\/\/agora.xtec.cat\/escolapratdelariba\/wp-json\/wp\/v2\/pages\/22"}],"wp:attachment":[{"href":"https:\/\/agora.xtec.cat\/escolapratdelariba\/wp-json\/wp\/v2\/media?parent=26"}],"curies":[{"name":"wp","href":"https:\/\/api.w.org\/{rel}","templated":true}]}}

<p>Actualment a l&#8217;escola treballem un equip de 24 mestres, repartits entre educació infantil i educació primària.</p>
<table>
<tbody>
<tr>
<td>EQUIP D&#8217;INFANTIL</td>
<td>EI3: Gloria Monés. <span style="color: #0000ff;">gloria</span><span style="color: #0000ff;">.mones@pratdelaribaesplugues.com</span></p>
<p>EI4: Esther Igual. <span style="color: #0000ff;">esther.igual@pratdelaribaesplugues.com</span></p>
<p>EI5: Rabab Benjelloul. <span style="color: #0000ff;">rabab.benjelloul@pratdelaribaesplugues.com</span></p>
<p>MESTRES DE SUPORT:</p>
<p>Suport: Laura Marco i Gemma Cabello</p>
<p>TEI: Vane Lara. <span style="color: #0000ff;">vane.lara@pratdelaribaesplugues.com</span></td>
</tr>
<tr>
<td>EQUIP DE PRIMÀRIA</td>
<td>1rA: Mireia Ciruela.<span style="color: #0000ff;">  mireia.ciruela@pratdelaribaesplugues.com</span></p>
<p>1rB: Alex Esteller. <span style="color: #0000ff;">alex.esteller@pratdelaribaesplugues.com</span></p>
<p>2n: <span style="color: #0000ff;"><span style="color: #000000;">Carolina Navarro</span>. carol.navarro@pratdelaribaesplugues.com</span></p>
<p>3r: Carme Peralta. <span style="color: #0000ff;">carme.peralta@pratdelaribaesplugues.com</span></p>
<p>4tA: Xesca Alcaide. <span style="color: #0000ff;">xesca.alcaide@pratdelaribaesplugues.com</span></p>
<p>4tB: Elisabet Huguet. <span style="color: #0000ff;">elisabet.huguet@pratdelaribaesplugues.com</span></p>
<p>5èA: Sandra Benete. <span style="color: #0000ff;">sandra.benete@pratdelaribaesplugues.com</span></p>
<p>5èB: Carolina Fernández. <span style="color: #0000ff;">carol.fernandez@pratdelaribaesplugues.com</span></p>
<p>6èA: Lorena Haldón. <span style="color: #0000ff;">lorena.haldon@pratdelaribaesplugues.com</span></p>
<p>6èB: Txell Jarque. <span style="color: #0000ff;">txell.jarque@pratdelaribaesplugues.com</span></p>
<p><span style="font-family: inherit; font-size: 1em;">SUPORT: </span>Carme Núñez. <span style="color: #0000ff;">carme.nunez@pratdelaribaesplugues.com</span></p>
<p>AULA D&#8217;ACOLLIDA Karima Amirouche i Cristina Juncosa. <span style="color: #0000ff;">karima.amirouche</span><span style="color: #0000ff;">@pratdelaribaesplugues.com i </span></p>
<p><span style="color: #0000ff;">cristina.juncosa@pratdelaribaesplugues.com</span></td>
</tr>
<tr>
<td>ESPECIALISTES</td>
<td>ANGLÈS: Xabier Acordagoicoechea (cicle inicial i mig). <span style="color: #0000ff;">xabier.acordagoicoechea@pratdelaribaesplugues.com</span></p>
<p>ANGLÈS: Sara Quintero (cicle superior). <span style="color: #0000ff;">sara.quintero@pratdelaribaesplugues.com</span></p>
<p>EDUCACIÓ ESPECIAL:</p>
<p>Cristina Morcillo  <span style="color: #0000ff;">cristina.morcillo@pratdelaribaesplugues.com</span></p>
<p>Pilar Mateo. <span style="color: #0000ff;">pilar.mateo@pratdelaribaesplugues.com</span></p>
<p>Biel Fuentes. <span style="color: #0000ff;">biel.fuentes@pratdelaribaesplugues.com</span></p>
<p>EDUCACIÓ FÍSICA:</p>
<p>Arnau Yagüe. <span style="color: #0000ff;">arnau.yague@pratdelaribaesplugues.com</span></p>
<p>Txell Jarque. <span style="color: #0000ff;">txell.jarque@pratdelaribaesplugues.com</span></p>
<p>MÚSICA: Merce Aranda. <span style="color: #0000ff;">merce.arandat@pratdelaribaesplugues.com</span></td>
</tr>
<tr>
<td> EAP</td>
<td> Elena Meca</td>
</tr>
<tr>
<td>EQUIP DIRECTIU</td>
<td>DIRECTORA: Gemma Cabello.</p>
<p>CAP D&#8217;ESTUDIS: Mireia Ciruela.</p>
<p>SECRETÀRIA: Carme Peralta.</td>
</tr>
<tr>
<td>ADMINISTRACIÓ</td>
<td>Rosana Arbeloa.</td>
</tr>
<tr>
<td>CONSERGE</td>
<td>Susi</td>
</tr>
</tbody>
</table>
<p>&nbsp;</p>

<p>Actualment a l&#8217;escola treballem un equip de 24 mestres, repartits entre educació infantil i educació primària. EQUIP D&#8217;INFANTIL EI3: Gloria Monés. gloria.mones@pratdelaribaesplugues.com EI4: Esther Igual. esther.igual@pratdelaribaesplugues.com EI5: Rabab Benjelloul. rabab.benjelloul@pratdelaribaesplugues.com MESTRES DE SUPORT: Suport: Laura Marco i Gemma Cabello TEI: Vane Lara. vane.lara@pratdelaribaesplugues.com EQUIP DE PRIMÀRIA 1rA: Mireia Ciruela.  mireia.ciruela@pratdelaribaesplugues.com 1rB: Alex Esteller. alex.esteller@pratdelaribaesplugues.com 2n: [&hellip;]</p>
