{"id":12465,"date":"2026-01-13T16:12:04","date_gmt":"2026-01-13T15:12:04","guid":{"rendered":"https:\/\/agora.xtec.cat\/escolapratdelariba\/?page_id=12465"},"modified":"2026-02-25T09:48:31","modified_gmt":"2026-02-25T08:48:31","slug":"la-nostra-essencia","status":"publish","type":"page","link":"https:\/\/agora.xtec.cat\/escolapratdelariba\/la-nostra-essencia\/","title":{"rendered":"La nostra ess\u00e8ncia"},"content":{"rendered":"<div style=\"padding: 56.25% 0 0 0; position: relative;\"><iframe loading=\"lazy\" style=\"position: absolute; top: 0; left: 0; width: 100%; height: 100%;\" title=\"La nostra ess\u00e8ncia\" src=\"\/\/player.vimeo.com\/video\/1168028557?title=0&amp;amp;byline=0\" width=\"425\" height=\"350\" frameborder=\"0\" data-mce-fragment=\"1\"><\/iframe><\/div>\n<p data-start=\"192\" data-end=\"542\"><script src=\"https:\/\/player.vimeo.com\/api\/player.js\"><\/script><\/p>\n<p data-start=\"192\" data-end=\"542\">A la nostra escola creiem profundament que <strong data-start=\"235\" data-end=\"258\">cada infant importa<\/strong>. Cada mirada, cada veu i cada hist\u00f2ria formen part d\u2019un projecte com\u00fa on tothom ha de sentir-se <strong data-start=\"355\" data-end=\"387\">acollit, respectat i valorat<\/strong>. Treballem perqu\u00e8 tots els infants trobin el seu lloc dins la societat i perqu\u00e8 la diversitat sigui sempre una oportunitat de creixement, mai un obstacle.<\/p>\n<p data-start=\"544\" data-end=\"837\">Acompanyem l\u2019alumnat perqu\u00e8 <strong data-start=\"572\" data-end=\"630\">conegui, visqui i se senti part de la cultura catalana<\/strong>, sigui quin sigui el seu origen. Creiem que arrelar-se al territori i a la seva cultura ajuda a construir identitats segures i obertes, capaces de <strong data-start=\"778\" data-end=\"836\">entendre, respectar i conviure amb les altres cultures<\/strong>.<\/p>\n<p data-start=\"839\" data-end=\"1085\">Eduquem amb la convicci\u00f3 que l\u2019escola ha de formar <strong data-start=\"890\" data-end=\"960\">persones responsables, solid\u00e0ries i compromeses amb la conviv\u00e8ncia<\/strong>. Persones amb esperit pacificador, capaces de dialogar, de pensar cr\u00edticament i d\u2019actuar amb coher\u00e8ncia, empatia i respecte.<\/p>\n<p data-start=\"1087\" data-end=\"1284\">Entenem l\u2019<strong data-start=\"1097\" data-end=\"1129\">esfor\u00e7 com un valor educatiu<\/strong> que ajuda els infants a superar reptes, a cr\u00e9ixer en confian\u00e7a i a avan\u00e7ar cap als seus somnis, sempre respectant els ritmes i les necessitats de cadasc\u00fa.<\/p>\n<p data-start=\"1286\" data-end=\"1562\">Tot aquest cam\u00ed el fem possible gr\u00e0cies a la implicaci\u00f3 i la corresponsabilitat de <strong data-start=\"1369\" data-end=\"1400\">tota la comunitat educativa<\/strong> \u2014infants, fam\u00edlies, personal no docent i mestres\u2014, que treballem plegats per construir una escola <strong data-start=\"1479\" data-end=\"1516\">segura, propera i plena de sentit<\/strong>, on aprendre \u00e9s tamb\u00e9 cr\u00e9ixer com a persones.<\/p>\n","protected":false},"excerpt":{"rendered":"<p>A la nostra escola creiem profundament que cada infant importa. Cada mirada, cada veu i cada hist\u00f2ria formen part d\u2019un projecte com\u00fa on tothom ha de sentir-se acollit, respectat i valorat. Treballem perqu\u00e8 tots els infants trobin el seu lloc dins la societat i perqu\u00e8 la diversitat sigui sempre una oportunitat de creixement, mai un [&hellip;]<\/p>\n","protected":false},"author":4,"featured_media":0,"parent":0,"menu_order":0,"comment_status":"closed","ping_status":"closed","template":"","meta":{"_bbp_topic_count":0,"_bbp_reply_count":0,"_bbp_total_topic_count":0,"_bbp_total_reply_count":0,"_bbp_voice_count":0,"_bbp_anonymous_reply_count":0,"_bbp_topic_count_hidden":0,"_bbp_reply_count_hidden":0,"_bbp_forum_subforum_count":0,"site-sidebar-layout":"default","site-content-layout":"","ast-site-content-layout":"default","site-content-style":"default","site-sidebar-style":"default","ast-global-header-display":"","ast-banner-title-visibility":"","ast-main-header-display":"","ast-hfb-above-header-display":"","ast-hfb-below-header-display":"","ast-hfb-mobile-header-display":"","site-post-title":"","ast-breadcrumbs-content":"","ast-featured-img":"","footer-sml-layout":"","theme-transparent-header-meta":"default","adv-header-id-meta":"","stick-header-meta":"","header-above-stick-meta":"","header-main-stick-meta":"","header-below-stick-meta":"","astra-migrate-meta-layouts":"set","ast-page-background-enabled":"default","ast-page-background-meta":{"desktop":{"background-color":"var(--ast-global-color-4)","background-image":"","background-repeat":"repeat","background-position":"center center","background-size":"auto","background-attachment":"scroll","background-type":"","background-media":"","overlay-type":"","overlay-color":"","overlay-opacity":"","overlay-gradient":""},"tablet":{"background-color":"","background-image":"","background-repeat":"repeat","background-position":"center center","background-size":"auto","background-attachment":"scroll","background-type":"","background-media":"","overlay-type":"","overlay-color":"","overlay-opacity":"","overlay-gradient":""},"mobile":{"background-color":"","background-image":"","background-repeat":"repeat","background-position":"center center","background-size":"auto","background-attachment":"scroll","background-type":"","background-media":"","overlay-type":"","overlay-color":"","overlay-opacity":"","overlay-gradient":""}},"ast-content-background-meta":{"desktop":{"background-color":"var(--ast-global-color-5)","background-image":"","background-repeat":"repeat","background-position":"center center","background-size":"auto","background-attachment":"scroll","background-type":"","background-media":"","overlay-type":"","overlay-color":"","overlay-opacity":"","overlay-gradient":""},"tablet":{"background-color":"var(--ast-global-color-5)","background-image":"","background-repeat":"repeat","background-position":"center center","background-size":"auto","background-attachment":"scroll","background-type":"","background-media":"","overlay-type":"","overlay-color":"","overlay-opacity":"","overlay-gradient":""},"mobile":{"background-color":"var(--ast-global-color-5)","background-image":"","background-repeat":"repeat","background-position":"center center","background-size":"auto","background-attachment":"scroll","background-type":"","background-media":"","overlay-type":"","overlay-color":"","overlay-opacity":"","overlay-gradient":""}},"footnotes":""},"class_list":["post-12465","page","type-page","status-publish","hentry"],"post_mailing_queue_ids":[],"_links":{"self":[{"href":"https:\/\/agora.xtec.cat\/escolapratdelariba\/wp-json\/wp\/v2\/pages\/12465","targetHints":{"allow":["GET"]}}],"collection":[{"href":"https:\/\/agora.xtec.cat\/escolapratdelariba\/wp-json\/wp\/v2\/pages"}],"about":[{"href":"https:\/\/agora.xtec.cat\/escolapratdelariba\/wp-json\/wp\/v2\/types\/page"}],"author":[{"embeddable":true,"href":"https:\/\/agora.xtec.cat\/escolapratdelariba\/wp-json\/wp\/v2\/users\/4"}],"replies":[{"embeddable":true,"href":"https:\/\/agora.xtec.cat\/escolapratdelariba\/wp-json\/wp\/v2\/comments?post=12465"}],"version-history":[{"count":5,"href":"https:\/\/agora.xtec.cat\/escolapratdelariba\/wp-json\/wp\/v2\/pages\/12465\/revisions"}],"predecessor-version":[{"id":12545,"href":"https:\/\/agora.xtec.cat\/escolapratdelariba\/wp-json\/wp\/v2\/pages\/12465\/revisions\/12545"}],"wp:attachment":[{"href":"https:\/\/agora.xtec.cat\/escolapratdelariba\/wp-json\/wp\/v2\/media?parent=12465"}],"curies":[{"name":"wp","href":"https:\/\/api.w.org\/{rel}","templated":true}]}}

La nostra essència

<div style="padding: 56.25% 0 0 0; position: relative;"><iframe loading="lazy" style="position: absolute; top: 0; left: 0; width: 100%; height: 100%;" title="La nostra essència" src="//player.vimeo.com/video/1168028557?title=0&amp;amp;byline=0" width="425" height="350" frameborder="0" data-mce-fragment="1"></iframe></div>
<p data-start="192" data-end="542"><script src="https://player.vimeo.com/api/player.js"></script></p>
<p data-start="192" data-end="542">A la nostra escola creiem profundament que <strong data-start="235" data-end="258">cada infant importa</strong>. Cada mirada, cada veu i cada història formen part d’un projecte comú on tothom ha de sentir-se <strong data-start="355" data-end="387">acollit, respectat i valorat</strong>. Treballem perquè tots els infants trobin el seu lloc dins la societat i perquè la diversitat sigui sempre una oportunitat de creixement, mai un obstacle.</p>
<p data-start="544" data-end="837">Acompanyem l’alumnat perquè <strong data-start="572" data-end="630">conegui, visqui i se senti part de la cultura catalana</strong>, sigui quin sigui el seu origen. Creiem que arrelar-se al territori i a la seva cultura ajuda a construir identitats segures i obertes, capaces de <strong data-start="778" data-end="836">entendre, respectar i conviure amb les altres cultures</strong>.</p>
<p data-start="839" data-end="1085">Eduquem amb la convicció que l’escola ha de formar <strong data-start="890" data-end="960">persones responsables, solidàries i compromeses amb la convivència</strong>. Persones amb esperit pacificador, capaces de dialogar, de pensar críticament i d’actuar amb coherència, empatia i respecte.</p>
<p data-start="1087" data-end="1284">Entenem l’<strong data-start="1097" data-end="1129">esforç com un valor educatiu</strong> que ajuda els infants a superar reptes, a créixer en confiança i a avançar cap als seus somnis, sempre respectant els ritmes i les necessitats de cadascú.</p>
<p data-start="1286" data-end="1562">Tot aquest camí el fem possible gràcies a la implicació i la corresponsabilitat de <strong data-start="1369" data-end="1400">tota la comunitat educativa</strong> —infants, famílies, personal no docent i mestres—, que treballem plegats per construir una escola <strong data-start="1479" data-end="1516">segura, propera i plena de sentit</strong>, on aprendre és també créixer com a persones.</p>

<p>A la nostra escola creiem profundament que cada infant importa. Cada mirada, cada veu i cada història formen part d’un projecte comú on tothom ha de sentir-se acollit, respectat i valorat. Treballem perquè tots els infants trobin el seu lloc dins la societat i perquè la diversitat sigui sempre una oportunitat de creixement, mai un [&hellip;]</p>
