{"id":10880,"date":"2022-03-28T16:01:30","date_gmt":"2022-03-28T14:01:30","guid":{"rendered":"https:\/\/agora.xtec.cat\/escolapratdelariba\/?page_id=10880"},"modified":"2022-11-28T13:32:25","modified_gmt":"2022-11-28T12:32:25","slug":"estrategia-digital-de-centre","status":"publish","type":"page","link":"https:\/\/agora.xtec.cat\/escolapratdelariba\/lescola\/estrategia-digital-de-centre\/","title":{"rendered":"Estrat\u00e8gia Digital de Centre"},"content":{"rendered":"<p><span style=\"font-weight: 400;\">Els canvis tecnol\u00f2gics es produeixen cada cop a un ritme m\u00e9s accelerat. El centres no som aliens a aquest ritme, per aquest motiu \u00e9s necessari que l\u2019escola incorpori les <\/span><b>Tecnologies de la Informacio\u0301 i la Comunicacio\u0301 (TIC)<\/b><span style=\"font-weight: 400;\"> en el dia a dia perqu\u00e8 esdevinguin <\/span><b>Tecnologies per a l\u2019Aprenentatge i el Coneixement (TAC)<\/b><span style=\"font-weight: 400;\"> en el context educatiu, facilitant a tot l\u2019alumnat i a la comunitat educativa la seva bona utilitzacio\u0301 per aprendre i comunicar-se. Aquest canvi de primer ordre ha reformulat el punt de vista de l\u2019educacio\u0301 amb aquestes eines, incrementatn exponencialment les possibilitats creatives, tenint un impacte favorable en l\u2019aprenentatges de l\u2019alumnat si s\u2019utilitzen de manera adequada, amb objectius clars i definits.<\/span><\/p>\n<p><span style=\"font-weight: 400;\">El repte que afrontem \u00e9s el d\u2019utilitzar les TIC com una eina habitual en les activitats d\u2019ensenyament i aprenentatge, en l\u2019organitzacio\u0301 del centre i en la gestio\u0301 acade\u0300mica, cercant<\/span><span style=\"font-weight: 400;\">\u00a0el desenvolupament integral de la <\/span><b>compet\u00e8ncia digital<\/b><span style=\"font-weight: 400;\"> de tot el nostre alumnat.\u00a0<\/span><\/p>\n<div class=\"container-wrapper-genially\" style=\"position: relative; min-height: 400px; max-width: 100%;\">\n<p><a href=\"https:\/\/agora.xtec.cat\/escolapratdelariba\/lescola\/estrategia-digital-de-centre\/estrategia\/\"><img loading=\"lazy\" decoding=\"async\" class=\"size-medium wp-image-10927 aligncenter\" src=\"https:\/\/agora.xtec.cat\/escolapratdelariba\/wp-content\/uploads\/usu534\/2022\/04\/Anadir-un-subtitulo-300x300.jpg\" alt=\"\" width=\"300\" height=\"300\" srcset=\"https:\/\/agora.xtec.cat\/escolapratdelariba\/wp-content\/uploads\/usu534\/2022\/04\/Anadir-un-subtitulo-300x300.jpg 300w, https:\/\/agora.xtec.cat\/escolapratdelariba\/wp-content\/uploads\/usu534\/2022\/04\/Anadir-un-subtitulo-150x150.jpg 150w, https:\/\/agora.xtec.cat\/escolapratdelariba\/wp-content\/uploads\/usu534\/2022\/04\/Anadir-un-subtitulo.jpg 500w\" sizes=\"auto, (max-width: 300px) 100vw, 300px\" \/><\/a><a href=\"https:\/\/agora.xtec.cat\/escolapratdelariba\/lescola\/estrategia-digital-de-centre\/cultura-digital\/\"><img loading=\"lazy\" decoding=\"async\" class=\"size-medium wp-image-10928 aligncenter\" src=\"https:\/\/agora.xtec.cat\/escolapratdelariba\/wp-content\/uploads\/usu534\/2022\/04\/Anadir-un-subtitulo-300x300.png\" alt=\"\" width=\"300\" height=\"300\" srcset=\"https:\/\/agora.xtec.cat\/escolapratdelariba\/wp-content\/uploads\/usu534\/2022\/04\/Anadir-un-subtitulo-300x300.png 300w, https:\/\/agora.xtec.cat\/escolapratdelariba\/wp-content\/uploads\/usu534\/2022\/04\/Anadir-un-subtitulo-150x150.png 150w, https:\/\/agora.xtec.cat\/escolapratdelariba\/wp-content\/uploads\/usu534\/2022\/04\/Anadir-un-subtitulo.png 500w\" sizes=\"auto, (max-width: 300px) 100vw, 300px\" \/><\/a><\/p>\n<\/div>\n","protected":false},"excerpt":{"rendered":"<p>Els canvis tecnol\u00f2gics es produeixen cada cop a un ritme m\u00e9s accelerat. El centres no som aliens a aquest ritme, per aquest motiu \u00e9s necessari que l\u2019escola incorpori les Tecnologies de la Informacio\u0301 i la Comunicacio\u0301 (TIC) en el dia a dia perqu\u00e8 esdevinguin Tecnologies per a l\u2019Aprenentatge i el Coneixement (TAC) en el context [&hellip;]<\/p>\n","protected":false},"author":4,"featured_media":0,"parent":22,"menu_order":0,"comment_status":"closed","ping_status":"closed","template":"","meta":{"_bbp_topic_count":0,"_bbp_reply_count":0,"_bbp_total_topic_count":0,"_bbp_total_reply_count":0,"_bbp_voice_count":0,"_bbp_anonymous_reply_count":0,"_bbp_topic_count_hidden":0,"_bbp_reply_count_hidden":0,"_bbp_forum_subforum_count":0,"site-sidebar-layout":"default","site-content-layout":"","ast-site-content-layout":"","site-content-style":"default","site-sidebar-style":"default","ast-global-header-display":"","ast-banner-title-visibility":"","ast-main-header-display":"","ast-hfb-above-header-display":"","ast-hfb-below-header-display":"","ast-hfb-mobile-header-display":"","site-post-title":"","ast-breadcrumbs-content":"","ast-featured-img":"","footer-sml-layout":"","theme-transparent-header-meta":"","adv-header-id-meta":"","stick-header-meta":"","header-above-stick-meta":"","header-main-stick-meta":"","header-below-stick-meta":"","astra-migrate-meta-layouts":"default","ast-page-background-enabled":"default","ast-page-background-meta":{"desktop":{"background-color":"var(--ast-global-color-4)","background-image":"","background-repeat":"repeat","background-position":"center center","background-size":"auto","background-attachment":"scroll","background-type":"","background-media":"","overlay-type":"","overlay-color":"","overlay-opacity":"","overlay-gradient":""},"tablet":{"background-color":"","background-image":"","background-repeat":"repeat","background-position":"center center","background-size":"auto","background-attachment":"scroll","background-type":"","background-media":"","overlay-type":"","overlay-color":"","overlay-opacity":"","overlay-gradient":""},"mobile":{"background-color":"","background-image":"","background-repeat":"repeat","background-position":"center center","background-size":"auto","background-attachment":"scroll","background-type":"","background-media":"","overlay-type":"","overlay-color":"","overlay-opacity":"","overlay-gradient":""}},"ast-content-background-meta":{"desktop":{"background-color":"var(--ast-global-color-5)","background-image":"","background-repeat":"repeat","background-position":"center center","background-size":"auto","background-attachment":"scroll","background-type":"","background-media":"","overlay-type":"","overlay-color":"","overlay-opacity":"","overlay-gradient":""},"tablet":{"background-color":"var(--ast-global-color-5)","background-image":"","background-repeat":"repeat","background-position":"center center","background-size":"auto","background-attachment":"scroll","background-type":"","background-media":"","overlay-type":"","overlay-color":"","overlay-opacity":"","overlay-gradient":""},"mobile":{"background-color":"var(--ast-global-color-5)","background-image":"","background-repeat":"repeat","background-position":"center center","background-size":"auto","background-attachment":"scroll","background-type":"","background-media":"","overlay-type":"","overlay-color":"","overlay-opacity":"","overlay-gradient":""}},"footnotes":""},"class_list":["post-10880","page","type-page","status-publish","hentry"],"post_mailing_queue_ids":[],"_links":{"self":[{"href":"https:\/\/agora.xtec.cat\/escolapratdelariba\/wp-json\/wp\/v2\/pages\/10880","targetHints":{"allow":["GET"]}}],"collection":[{"href":"https:\/\/agora.xtec.cat\/escolapratdelariba\/wp-json\/wp\/v2\/pages"}],"about":[{"href":"https:\/\/agora.xtec.cat\/escolapratdelariba\/wp-json\/wp\/v2\/types\/page"}],"author":[{"embeddable":true,"href":"https:\/\/agora.xtec.cat\/escolapratdelariba\/wp-json\/wp\/v2\/users\/4"}],"replies":[{"embeddable":true,"href":"https:\/\/agora.xtec.cat\/escolapratdelariba\/wp-json\/wp\/v2\/comments?post=10880"}],"version-history":[{"count":3,"href":"https:\/\/agora.xtec.cat\/escolapratdelariba\/wp-json\/wp\/v2\/pages\/10880\/revisions"}],"predecessor-version":[{"id":10893,"href":"https:\/\/agora.xtec.cat\/escolapratdelariba\/wp-json\/wp\/v2\/pages\/10880\/revisions\/10893"}],"up":[{"embeddable":true,"href":"https:\/\/agora.xtec.cat\/escolapratdelariba\/wp-json\/wp\/v2\/pages\/22"}],"wp:attachment":[{"href":"https:\/\/agora.xtec.cat\/escolapratdelariba\/wp-json\/wp\/v2\/media?parent=10880"}],"curies":[{"name":"wp","href":"https:\/\/api.w.org\/{rel}","templated":true}]}}