{"id":4139,"date":"2022-04-04T09:50:09","date_gmt":"2022-04-04T07:50:09","guid":{"rendered":"https:\/\/agora.xtec.cat\/escolapous\/?page_id=4139"},"modified":"2023-07-01T12:19:28","modified_gmt":"2023-07-01T10:19:28","slug":"avaluacio-i-millora","status":"publish","type":"page","link":"https:\/\/agora.xtec.cat\/escolapous\/estrategia-digital-de-centre-edc\/part-estrategica\/avaluacio-i-millora\/","title":{"rendered":"Avaluaci\u00f3 i millora"},"content":{"rendered":"<p>L\u2019avaluaci\u00f3 de la implementaci\u00f3 de l\u2019Estrat\u00e8gia Digital de centre es far\u00e0 en dues fases per part de la comissi\u00f3 d\u2019Estrat\u00e8gia Digital de Centre:<\/p>\n<ol>\n<li aria-level=\"1\">La comissi\u00f3 d\u2019Estrat\u00e8gia Digital de Centre far\u00e0 una validaci\u00f3 qualitativa d\u2019activitats acomplertes a final de cada curs. A partir d\u2019aqu\u00ed la Comissi\u00f3 d\u2019Estrat\u00e8gia Digital de Centre modifica l\u2019Estrat\u00e8gia Digital de Centre pel que queda de temps d\u2019implementaci\u00f3, si s\u2019escau.<\/li>\n<li aria-level=\"1\">La comissi\u00f3 d\u2019Estrat\u00e8gia Digital de centre far\u00e0 una valoraci\u00f3 quantitativa dels percentatges d\u2019assoliment dels indicadors respecte als objectius plantejats a final del curs 2025-2026.<\/li>\n<\/ol>\n<p>A partir de la informaci\u00f3 de la segona fase d\u2019avaluaci\u00f3, els objectius en qu\u00e8 l\u2019assoliment no es consideri satisfactori seran inclosos en una nova Estrat\u00e8gia Digital de Centre.<\/p>\n","protected":false},"excerpt":{"rendered":"<p>L\u2019avaluaci\u00f3 de la implementaci\u00f3 de l\u2019Estrat\u00e8gia Digital de centre es far\u00e0 en dues fases per part de la comissi\u00f3 d\u2019Estrat\u00e8gia Digital de Centre:<\/p>\n<ol>\n<li aria-level=\"1\">La comissi\u00f3 d\u2019Estrat\u00e8gia Digital de Centre far\u00e0 una validaci\u00f3 qualitativa d\u2019activitats acomplertes a final de cada curs. A partir d\u2019aqu\u00ed la Comissi\u00f3&hellip;  <a href=\"https:\/\/agora.xtec.cat\/escolapous\/estrategia-digital-de-centre-edc\/part-estrategica\/avaluacio-i-millora\/\" title=\"Read Avaluaci\u00f3 i millora\">Llegeix m\u00e9s\u00bb<\/a><br \/>\n","protected":false},"author":1,"featured_media":0,"parent":4137,"menu_order":30,"comment_status":"closed","ping_status":"closed","template":"page-templates\/side-menu.php","meta":{"_bbp_topic_count":0,"_bbp_reply_count":0,"_bbp_total_topic_count":0,"_bbp_total_reply_count":0,"_bbp_voice_count":0,"_bbp_anonymous_reply_count":0,"_bbp_topic_count_hidden":0,"_bbp_reply_count_hidden":0,"_bbp_forum_subforum_count":0,"footnotes":""},"class_list":["post-4139","page","type-page","status-publish","hentry"],"post_mailing_queue_ids":[],"_links":{"self":[{"href":"https:\/\/agora.xtec.cat\/escolapous\/wp-json\/wp\/v2\/pages\/4139","targetHints":{"allow":["GET"]}}],"collection":[{"href":"https:\/\/agora.xtec.cat\/escolapous\/wp-json\/wp\/v2\/pages"}],"about":[{"href":"https:\/\/agora.xtec.cat\/escolapous\/wp-json\/wp\/v2\/types\/page"}],"author":[{"embeddable":true,"href":"https:\/\/agora.xtec.cat\/escolapous\/wp-json\/wp\/v2\/users\/1"}],"replies":[{"embeddable":true,"href":"https:\/\/agora.xtec.cat\/escolapous\/wp-json\/wp\/v2\/comments?post=4139"}],"version-history":[{"count":4,"href":"https:\/\/agora.xtec.cat\/escolapous\/wp-json\/wp\/v2\/pages\/4139\/revisions"}],"predecessor-version":[{"id":4450,"href":"https:\/\/agora.xtec.cat\/escolapous\/wp-json\/wp\/v2\/pages\/4139\/revisions\/4450"}],"up":[{"embeddable":true,"href":"https:\/\/agora.xtec.cat\/escolapous\/wp-json\/wp\/v2\/pages\/4137"}],"wp:attachment":[{"href":"https:\/\/agora.xtec.cat\/escolapous\/wp-json\/wp\/v2\/media?parent=4139"}],"curies":[{"name":"wp","href":"https:\/\/api.w.org\/{rel}","templated":true}]}}