{"id":84,"date":"2014-09-18T14:11:31","date_gmt":"2014-09-18T13:11:31","guid":{"rendered":"http:\/\/agora.xtec.cat\/escolaponent\/?page_id=84"},"modified":"2021-11-24T11:59:24","modified_gmt":"2021-11-24T10:59:24","slug":"activitats-extraescolars","status":"publish","type":"page","link":"https:\/\/agora.xtec.cat\/escolaponent\/serveis\/activitats-extraescolars\/","title":{"rendered":"Activitats extraescolars"},"content":{"rendered":"<div>\n<p>&nbsp;<\/p>\n<p><span style=\"font-size: large;\">Les\u00a0activitats extraescolars s\u00f3n aquelles activitats organitzades pel centre educatiu que es fan fora de les hores de classe, despr\u00e9s de la jornada escolar ordin\u00e0ria de la tarda.<br \/>\n<\/span><\/p>\n<h3><span style=\"font-size: large;\">En el nostre centre estan organitzades per\u00a0 l&#8217;AFA\u00a0<\/span><\/h3>\n<pre><code>Cliqueu la imatge per veure la diversitat d'activitats i horari.<\/code><a href=\"https:\/\/drive.google.com\/file\/d\/1bN3hKQ4o6wI5mbUm3s2iTeuEPMfLujPV\/view?usp=sharing\"><img loading=\"lazy\" decoding=\"async\" class=\"alignleft wp-image-15179\" src=\"https:\/\/agora.xtec.cat\/escolaponent\/wp-content\/uploads\/usu881\/2021\/11\/activitats-1024x1024.png\" alt=\"\" width=\"216\" height=\"216\" srcset=\"https:\/\/agora.xtec.cat\/escolaponent\/wp-content\/uploads\/usu881\/2021\/11\/activitats-1024x1024.png 1024w, https:\/\/agora.xtec.cat\/escolaponent\/wp-content\/uploads\/usu881\/2021\/11\/activitats-300x300.png 300w, https:\/\/agora.xtec.cat\/escolaponent\/wp-content\/uploads\/usu881\/2021\/11\/activitats-150x150.png 150w, https:\/\/agora.xtec.cat\/escolaponent\/wp-content\/uploads\/usu881\/2021\/11\/activitats-768x768.png 768w, https:\/\/agora.xtec.cat\/escolaponent\/wp-content\/uploads\/usu881\/2021\/11\/activitats.png 1181w\" sizes=\"auto, (max-width: 216px) 100vw, 216px\" \/><\/a><\/pre>\n<p>&nbsp;<\/p>\n<\/div>\n<p>&nbsp;<\/p>\n<p>&nbsp;<\/p>\n<p>&nbsp;<\/p>\n<p>&nbsp;<\/p>\n<p><span style=\"font-size: large;\"><b>Quantes activitats extraescolars ha de fer un infant o jove?<\/b><\/span><\/p>\n<p><span style=\"font-size: large;\">No hi ha una resposta \u00fanica. En general podem considerar que \u00e9s una bona opci\u00f3 fer servir les activitats extraescolars per garantir un entorn educatiu, de relaci\u00f3 i l\u00fadic per als infants i joves. Cal tenir en compte, per\u00f2, de no sobrecarregar-los. Les activitats extraescolars no haurien de superar les 3-4 hores setmanals. Recordeu que els vostres fills necessiten temps lliure i tamb\u00e9 temps per estar amb vosaltres.<\/span><\/p>\n<p><span style=\"font-size: large;\"><b>Quins avantatges comporta una activitat d&#8217;aquest tipus per als vostres fills, a banda d&#8217;una estona de diversi\u00f3?<\/b><\/span><\/p>\n<p><span style=\"font-size: large;\">Alguns avantatges significatus s\u00f3n:<\/span><\/p>\n<ul>\n<li><span style=\"font-size: large;\">La possibilitat de socialitzaci\u00f3: \u00e9s a dir, l&#8217;oportunitat d&#8217;aprendre, d&#8217;altres maneres i amb altres persones, normes, valors i pautes socials.<\/span><\/li>\n<li><span style=\"font-size: large;\">Trobar nous amics.<\/span><\/li>\n<li><span style=\"font-size: large;\">La relaci\u00f3 amb nous referents: noves persones de qui aprendre coses, de qui rebre orientacions.<\/span><\/li>\n<li><span style=\"font-size: large;\">La possibilitat de descobrir nous interessos i habilitats.<br \/>\n<\/span><\/li>\n<\/ul>\n<p><span style=\"font-size: large;\"><br \/>\n<b>Com triar les activitats?<\/b><\/span><\/p>\n<p><span style=\"font-size: large;\">Tenint en compte que les activitats extraescolars es fan en el temps lliure de l&#8217;infant o del jove, aquestes han de ser prou atractives i interessants per a ells. Una bona manera d&#8217;encertar l&#8217;activitat extraescolar dels vostres fills \u00e9s preguntar-los directament quina activitat volen fer. No \u00e9s aconsellable obligar-los a escollir una activitat. \u00c9s m\u00e9s profit\u00f3s escoltar les seves prefer\u00e8ncies i motivar-los per fer l&#8217;activitat.<\/span><\/p>\n<p><span style=\"font-size: large;\">El car\u00e0cter i les habilitats de l&#8217;infant o del jove ens poden servir de refer\u00e8ncia a l&#8217;hora de triar una activitat per a ells. De vegades tenim tend\u00e8ncia a intentar que el nostre fill o filla destaqui en una activitat que nosaltres no vam poder fer. A l&#8217;hora d&#8217;escollir heu de centrar-vos nom\u00e9s en els interessos dels vostres fills. Tamb\u00e9 heu d&#8217;evitar escollir una activitat per raons de g\u00e8nere, ja que ni sempre els nois s\u00f3n millors que les noies en esports, ni sempre les noies s\u00f3n millors que els nois en dansa.<\/span><\/p>\n<p><span style=\"font-size: large;\">D&#8217;altra banda, recordeu que les activitats extraescolars tamb\u00e9 s\u00f3n espais educatius i d&#8217;influ\u00e8ncia. Cal mostrar inter\u00e8s per les activitats que fan els nois o joves i amb qui es relacionen, siguin adults o de la seva mateixa edat.<\/span><\/p>\n<p><span style=\"font-size: large;\">Heu de tenir en compte que hi ha activitats que poden afavorir la personalitat de l&#8217;infant o del jove. Per exemple:<\/span><\/p>\n<ul>\n<li><span style=\"font-size: large;\"><span style=\"font-size: large;\">Si els vostres fills s\u00f3n m\u00e9s aviat t\u00edmids i introvertits, les activitats m\u00e9s adequades, seran les que es practiquen en grup, ja que els ajudaran a relacionar-se amb d&#8217;altres companys i a v\u00e8ncer les seves pors i temors.<\/span><\/span><\/li>\n<li><span style=\"font-size: large;\"><span style=\"font-size: large;\">Si els vostres fills s\u00f3n una mica mandrosos poden practicar activitats individuals, que els obliguin a esfor\u00e7ar-se i no es puguin escudar en el grup, com per exemple: tocar algun instrument musical, l&#8217;esqu\u00ed, el tennis, el patinatge, la pintura\u2026<\/span><\/span><\/li>\n<li><span style=\"font-size: large;\">Si tenen tend\u00e8ncia al nerviosisme o a l&#8217;agressivitat, les activitats m\u00e9s adequades s\u00f3n aquelles que els obliguin a dominar-se en situacions en qu\u00e8 hi ha una certa tensi\u00f3, com ara les arts marcials, la nataci\u00f3, l&#8217;h\u00edpica, els escacs<\/span>\u2026<\/li>\n<\/ul>\n<p>&nbsp;<\/p>\n","protected":false},"excerpt":{"rendered":"<p>&nbsp; Les\u00a0activitats extraescolars s\u00f3n aquelles activitats organitzades pel centre educatiu que es fan fora de les hores de classe, despr\u00e9s de la jornada escolar ordin\u00e0ria de la tarda. En el nostre centre estan organitzades per\u00a0 l&#8217;AFA\u00a0 Cliqueu la imatge per veure la diversitat d&#8217;activitats i horari. &nbsp; &nbsp; &nbsp; &nbsp; &nbsp; Quantes activitats extraescolars ha [&hellip;]<\/p>\n","protected":false},"author":1,"featured_media":0,"parent":66,"menu_order":60,"comment_status":"closed","ping_status":"closed","template":"page-templates\/side-menu.php","meta":{"_bbp_topic_count":0,"_bbp_reply_count":0,"_bbp_total_topic_count":0,"_bbp_total_reply_count":0,"_bbp_voice_count":0,"_bbp_anonymous_reply_count":0,"_bbp_topic_count_hidden":0,"_bbp_reply_count_hidden":0,"_bbp_forum_subforum_count":0,"site-sidebar-layout":"default","site-content-layout":"","ast-site-content-layout":"","site-content-style":"default","site-sidebar-style":"default","ast-global-header-display":"","ast-banner-title-visibility":"","ast-main-header-display":"","ast-hfb-above-header-display":"","ast-hfb-below-header-display":"","ast-hfb-mobile-header-display":"","site-post-title":"","ast-breadcrumbs-content":"","ast-featured-img":"","footer-sml-layout":"","theme-transparent-header-meta":"","adv-header-id-meta":"","stick-header-meta":"","header-above-stick-meta":"","header-main-stick-meta":"","header-below-stick-meta":"","astra-migrate-meta-layouts":"default","ast-page-background-enabled":"default","ast-page-background-meta":{"desktop":{"background-color":"var(--ast-global-color-4)","background-image":"","background-repeat":"repeat","background-position":"center center","background-size":"auto","background-attachment":"scroll","background-type":"","background-media":"","overlay-type":"","overlay-color":"","overlay-opacity":"","overlay-gradient":""},"tablet":{"background-color":"","background-image":"","background-repeat":"repeat","background-position":"center center","background-size":"auto","background-attachment":"scroll","background-type":"","background-media":"","overlay-type":"","overlay-color":"","overlay-opacity":"","overlay-gradient":""},"mobile":{"background-color":"","background-image":"","background-repeat":"repeat","background-position":"center center","background-size":"auto","background-attachment":"scroll","background-type":"","background-media":"","overlay-type":"","overlay-color":"","overlay-opacity":"","overlay-gradient":""}},"ast-content-background-meta":{"desktop":{"background-color":"var(--ast-global-color-5)","background-image":"","background-repeat":"repeat","background-position":"center center","background-size":"auto","background-attachment":"scroll","background-type":"","background-media":"","overlay-type":"","overlay-color":"","overlay-opacity":"","overlay-gradient":""},"tablet":{"background-color":"var(--ast-global-color-5)","background-image":"","background-repeat":"repeat","background-position":"center center","background-size":"auto","background-attachment":"scroll","background-type":"","background-media":"","overlay-type":"","overlay-color":"","overlay-opacity":"","overlay-gradient":""},"mobile":{"background-color":"var(--ast-global-color-5)","background-image":"","background-repeat":"repeat","background-position":"center center","background-size":"auto","background-attachment":"scroll","background-type":"","background-media":"","overlay-type":"","overlay-color":"","overlay-opacity":"","overlay-gradient":""}},"footnotes":""},"class_list":["post-84","page","type-page","status-publish","hentry"],"post_mailing_queue_ids":[],"_links":{"self":[{"href":"https:\/\/agora.xtec.cat\/escolaponent\/wp-json\/wp\/v2\/pages\/84","targetHints":{"allow":["GET"]}}],"collection":[{"href":"https:\/\/agora.xtec.cat\/escolaponent\/wp-json\/wp\/v2\/pages"}],"about":[{"href":"https:\/\/agora.xtec.cat\/escolaponent\/wp-json\/wp\/v2\/types\/page"}],"author":[{"embeddable":true,"href":"https:\/\/agora.xtec.cat\/escolaponent\/wp-json\/wp\/v2\/users\/1"}],"replies":[{"embeddable":true,"href":"https:\/\/agora.xtec.cat\/escolaponent\/wp-json\/wp\/v2\/comments?post=84"}],"version-history":[{"count":5,"href":"https:\/\/agora.xtec.cat\/escolaponent\/wp-json\/wp\/v2\/pages\/84\/revisions"}],"predecessor-version":[{"id":15180,"href":"https:\/\/agora.xtec.cat\/escolaponent\/wp-json\/wp\/v2\/pages\/84\/revisions\/15180"}],"up":[{"embeddable":true,"href":"https:\/\/agora.xtec.cat\/escolaponent\/wp-json\/wp\/v2\/pages\/66"}],"wp:attachment":[{"href":"https:\/\/agora.xtec.cat\/escolaponent\/wp-json\/wp\/v2\/media?parent=84"}],"curies":[{"name":"wp","href":"https:\/\/api.w.org\/{rel}","templated":true}]}}

<div>
<p>&nbsp;</p>
<p><span style="font-size: large;">Les activitats extraescolars són aquelles activitats organitzades pel centre educatiu que es fan fora de les hores de classe, després de la jornada escolar ordinària de la tarda.<br />
</span></p>
<h3><span style="font-size: large;">En el nostre centre estan organitzades per  l&#8217;AFA </span></h3>
<pre><code>Cliqueu la imatge per veure la diversitat d'activitats i horari.</code><a href="https://drive.google.com/file/d/1bN3hKQ4o6wI5mbUm3s2iTeuEPMfLujPV/view?usp=sharing"><img loading="lazy" decoding="async" class="alignleft wp-image-15179" src="https://agora.xtec.cat/escolaponent/wp-content/uploads/usu881/2021/11/activitats-1024x1024.png" alt="" width="216" height="216" srcset="https://agora.xtec.cat/escolaponent/wp-content/uploads/usu881/2021/11/activitats-1024x1024.png 1024w, https://agora.xtec.cat/escolaponent/wp-content/uploads/usu881/2021/11/activitats-300x300.png 300w, https://agora.xtec.cat/escolaponent/wp-content/uploads/usu881/2021/11/activitats-150x150.png 150w, https://agora.xtec.cat/escolaponent/wp-content/uploads/usu881/2021/11/activitats-768x768.png 768w, https://agora.xtec.cat/escolaponent/wp-content/uploads/usu881/2021/11/activitats.png 1181w" sizes="auto, (max-width: 216px) 100vw, 216px" /></a></pre>
<p>&nbsp;</p>
</div>
<p>&nbsp;</p>
<p>&nbsp;</p>
<p>&nbsp;</p>
<p>&nbsp;</p>
<p><span style="font-size: large;"><b>Quantes activitats extraescolars ha de fer un infant o jove?</b></span></p>
<p><span style="font-size: large;">No hi ha una resposta única. En general podem considerar que és una bona opció fer servir les activitats extraescolars per garantir un entorn educatiu, de relació i lúdic per als infants i joves. Cal tenir en compte, però, de no sobrecarregar-los. Les activitats extraescolars no haurien de superar les 3-4 hores setmanals. Recordeu que els vostres fills necessiten temps lliure i també temps per estar amb vosaltres.</span></p>
<p><span style="font-size: large;"><b>Quins avantatges comporta una activitat d&#8217;aquest tipus per als vostres fills, a banda d&#8217;una estona de diversió?</b></span></p>
<p><span style="font-size: large;">Alguns avantatges significatus són:</span></p>
<ul>
<li><span style="font-size: large;">La possibilitat de socialització: és a dir, l&#8217;oportunitat d&#8217;aprendre, d&#8217;altres maneres i amb altres persones, normes, valors i pautes socials.</span></li>
<li><span style="font-size: large;">Trobar nous amics.</span></li>
<li><span style="font-size: large;">La relació amb nous referents: noves persones de qui aprendre coses, de qui rebre orientacions.</span></li>
<li><span style="font-size: large;">La possibilitat de descobrir nous interessos i habilitats.<br />
</span></li>
</ul>
<p><span style="font-size: large;"><br />
<b>Com triar les activitats?</b></span></p>
<p><span style="font-size: large;">Tenint en compte que les activitats extraescolars es fan en el temps lliure de l&#8217;infant o del jove, aquestes han de ser prou atractives i interessants per a ells. Una bona manera d&#8217;encertar l&#8217;activitat extraescolar dels vostres fills és preguntar-los directament quina activitat volen fer. No és aconsellable obligar-los a escollir una activitat. És més profitós escoltar les seves preferències i motivar-los per fer l&#8217;activitat.</span></p>
<p><span style="font-size: large;">El caràcter i les habilitats de l&#8217;infant o del jove ens poden servir de referència a l&#8217;hora de triar una activitat per a ells. De vegades tenim tendència a intentar que el nostre fill o filla destaqui en una activitat que nosaltres no vam poder fer. A l&#8217;hora d&#8217;escollir heu de centrar-vos només en els interessos dels vostres fills. També heu d&#8217;evitar escollir una activitat per raons de gènere, ja que ni sempre els nois són millors que les noies en esports, ni sempre les noies són millors que els nois en dansa.</span></p>
<p><span style="font-size: large;">D&#8217;altra banda, recordeu que les activitats extraescolars també són espais educatius i d&#8217;influència. Cal mostrar interès per les activitats que fan els nois o joves i amb qui es relacionen, siguin adults o de la seva mateixa edat.</span></p>
<p><span style="font-size: large;">Heu de tenir en compte que hi ha activitats que poden afavorir la personalitat de l&#8217;infant o del jove. Per exemple:</span></p>
<ul>
<li><span style="font-size: large;"><span style="font-size: large;">Si els vostres fills són més aviat tímids i introvertits, les activitats més adequades, seran les que es practiquen en grup, ja que els ajudaran a relacionar-se amb d&#8217;altres companys i a vèncer les seves pors i temors.</span></span></li>
<li><span style="font-size: large;"><span style="font-size: large;">Si els vostres fills són una mica mandrosos poden practicar activitats individuals, que els obliguin a esforçar-se i no es puguin escudar en el grup, com per exemple: tocar algun instrument musical, l&#8217;esquí, el tennis, el patinatge, la pintura…</span></span></li>
<li><span style="font-size: large;">Si tenen tendència al nerviosisme o a l&#8217;agressivitat, les activitats més adequades són aquelles que els obliguin a dominar-se en situacions en què hi ha una certa tensió, com ara les arts marcials, la natació, l&#8217;hípica, els escacs</span>…</li>
</ul>
<p>&nbsp;</p>

<p>&nbsp; Les activitats extraescolars són aquelles activitats organitzades pel centre educatiu que es fan fora de les hores de classe, després de la jornada escolar ordinària de la tarda. En el nostre centre estan organitzades per  l&#8217;AFA  Cliqueu la imatge per veure la diversitat d&#8217;activitats i horari. &nbsp; &nbsp; &nbsp; &nbsp; &nbsp; Quantes activitats extraescolars ha [&hellip;]</p>
