{"id":221,"date":"2016-03-06T21:55:11","date_gmt":"2016-03-06T20:55:11","guid":{"rendered":"http:\/\/agora.xtec.cat\/escolaponent\/?page_id=221"},"modified":"2021-03-11T13:01:24","modified_gmt":"2021-03-11T12:01:24","slug":"jocs-al-pati","status":"publish","type":"page","link":"https:\/\/agora.xtec.cat\/escolaponent\/projecte-educatiu\/jocs-al-pati\/","title":{"rendered":"Jocs al pati"},"content":{"rendered":"<div>\n<h4><\/h4>\n<\/div>\n<h4><span style=\"color: #ff9900;\">EL PATI D&#8217;INFANTIL<\/span><\/h4>\n<p>Al juny de l&#8217;any 2017es va inaugurar el nou pati d&#8217;infantil amb propostes per a tots els nens i nenes.<\/p>\n<div><\/div>\n<div><\/div>\n<div><\/div>\n<div><iframe loading=\"lazy\" src=\"\/\/www.youtube.com\/embed\/doE_ifvIXRY\" width=\"560\" height=\"314\"><\/iframe><\/div>\n<div><\/div>\n<div><\/div>\n<h4><span style=\"color: #ff9900;\">PATI DE PRIM\u00c0RIA<\/span><\/h4>\n<div><\/div>\n<div>\n<div class=\"h7 \" tabindex=\"-1\" role=\"listitem\">\n<div class=\"Bk\">\n<div class=\"G3 G2\">\n<div>\n<div id=\":ni\">\n<div>\n<div class=\"adn ads\" data-message-id=\"#msg-f:1629251573305988861\" data-legacy-message-id=\"169c43ac7ca656fd\">\n<div class=\"gs\">\n<div class=\"\">\n<div id=\":ov\" class=\"ii gt\">\n<div id=\":ou\" class=\"a3s aXjCH \">\n<div dir=\"ltr\">\n<div dir=\"ltr\">\n<div dir=\"ltr\">\n<p align=\"justify\"><span style=\"color: #4f4f4f;\">Tenim el pati que volem!!!<\/span><\/p>\n<p align=\"justify\"><span style=\"color: #4f4f4f;\">Fa uns anys ens vam adonar que el pati de prim\u00e0ria estava ocupat per g\u00e8nere. Vam comen\u00e7ar a observar i identificar les necessitats que hi havia.<\/span><\/p>\n<p align=\"justify\"><span style=\"color: #4f4f4f;\">L\u2019equip de mestres va reflexionar i va proposar a la comunitat educativa i en especial als nostres alumnes que somiessin un pati nou.<\/span><\/p>\n<p align=\"justify\"><span style=\"color: #4f4f4f;\">Va haver moltes propostes diferents. Des de l\u2019equip de mestres es va crear una comissi\u00f3 de \u00abpati inclusiu\u00bb per donar forma a totes les propostes i reflexions que fins aquell moment hi havia.<\/span><\/p>\n<p align=\"justify\"><span style=\"color: #4f4f4f;\">Gr\u00e0cies al pressupost de l\u2019escola i l\u2019ajuda de l\u2019AFA vam poder comen\u00e7ar a donar-li forma al nostre somni.<\/span><\/p>\n<p align=\"justify\"><span style=\"color: #4f4f4f;\">El primer que vam poder fer va ser treure la reixa que dividia l\u2019edifici d\u2019infantil i el pati de prim\u00e0ria, va ser tot un canvi. Arrel d\u2019aquest canvi vam situar les diferents propostes de jocs inclusius: es van pintar jocs nous a terra, es va habilitar un espai de Landart per fer mandales i creacions naturals, es va dotar d\u2019un equip de so per fer la zona de ball, es va dividir la pista en dues parts (una per fer jocs de pilota i l\u2019altra per fer jocs de corda i jocs varis), tamb\u00e9 es va habilitar una zona de jocs de fusta, revisar el material del rac\u00f3 tranquil i l\u2019espai del gimn\u00e0s per fer joc de raquetes.<\/span><\/p>\n<p align=\"justify\"><span style=\"color: #4f4f4f;\">Des de el primer dia els nostres nens i nenes gaudeixen molt m\u00e9s del seu pati.<\/span><\/p>\n<p align=\"justify\"><iframe loading=\"lazy\" src=\"\/\/www.youtube.com\/embed\/zDJeX5uX9zQ\" width=\"560\" height=\"314\"><\/iframe><\/p>\n<\/div>\n<\/div>\n<\/div>\n<div class=\"yj6qo\"><\/div>\n<div class=\"adL\"><\/div>\n<\/div>\n<\/div>\n<div class=\"hi\"><\/div>\n<\/div>\n<\/div>\n<div class=\"ajx\"><\/div>\n<\/div>\n<div class=\"gA gt acV\">\n<div class=\"gB xu\">\n<div class=\"ip iq\"><\/div>\n<\/div>\n<\/div>\n<\/div>\n<\/div>\n<\/div>\n<\/div>\n<\/div>\n<\/div>\n<div class=\"h7 ie\" tabindex=\"-1\" role=\"listitem\">\n<div class=\"Bk\">\n<div class=\"G3 G2 afm\">\n<div id=\":nn\">\n<div class=\"adn ads\" data-message-id=\"#msg-f:1629251612873997313\" data-legacy-message-id=\"169c43b5b3163c01\">\n<div class=\"aju\">\n<div class=\"aCi\"><img decoding=\"async\" id=\":ls_3-e\" class=\"ajn\" src=\"https:\/\/ssl.gstatic.com\/ui\/v1\/icons\/mail\/profile_mask2.png\" name=\":ls\" data-hovercard-id=\"mireiagco@gmail.com\" data-name=\"Mireia\" aria-hidden=\"true\" \/><\/div>\n<\/div>\n<div class=\"gs\">\n<div class=\"gE iv gt\"><\/div>\n<\/div>\n<\/div>\n<\/div>\n<\/div>\n<\/div>\n<\/div>\n<\/div>\n<div><\/div>\n<div>\n<div>\n<div>\n<div><\/div>\n<\/div>\n<\/div>\n<div><\/div>\n<div><\/div>\n<\/div>\n<div><\/div>\n<div><\/div>\n","protected":false},"excerpt":{"rendered":"<p>EL PATI D&#8217;INFANTIL Al juny de l&#8217;any 2017es va inaugurar el nou pati d&#8217;infantil amb propostes per a tots els nens i nenes. PATI DE PRIM\u00c0RIA Tenim el pati que volem!!! Fa uns anys ens vam adonar que el pati de prim\u00e0ria estava ocupat per g\u00e8nere. Vam comen\u00e7ar a observar i identificar les necessitats que [&hellip;]<\/p>\n","protected":false},"author":1,"featured_media":0,"parent":64,"menu_order":100,"comment_status":"closed","ping_status":"closed","template":"","meta":{"_bbp_topic_count":0,"_bbp_reply_count":0,"_bbp_total_topic_count":0,"_bbp_total_reply_count":0,"_bbp_voice_count":0,"_bbp_anonymous_reply_count":0,"_bbp_topic_count_hidden":0,"_bbp_reply_count_hidden":0,"_bbp_forum_subforum_count":0,"site-sidebar-layout":"default","site-content-layout":"","ast-site-content-layout":"","site-content-style":"default","site-sidebar-style":"default","ast-global-header-display":"","ast-banner-title-visibility":"","ast-main-header-display":"","ast-hfb-above-header-display":"","ast-hfb-below-header-display":"","ast-hfb-mobile-header-display":"","site-post-title":"","ast-breadcrumbs-content":"","ast-featured-img":"","footer-sml-layout":"","theme-transparent-header-meta":"","adv-header-id-meta":"","stick-header-meta":"","header-above-stick-meta":"","header-main-stick-meta":"","header-below-stick-meta":"","astra-migrate-meta-layouts":"default","ast-page-background-enabled":"default","ast-page-background-meta":{"desktop":{"background-color":"var(--ast-global-color-4)","background-image":"","background-repeat":"repeat","background-position":"center center","background-size":"auto","background-attachment":"scroll","background-type":"","background-media":"","overlay-type":"","overlay-color":"","overlay-opacity":"","overlay-gradient":""},"tablet":{"background-color":"","background-image":"","background-repeat":"repeat","background-position":"center center","background-size":"auto","background-attachment":"scroll","background-type":"","background-media":"","overlay-type":"","overlay-color":"","overlay-opacity":"","overlay-gradient":""},"mobile":{"background-color":"","background-image":"","background-repeat":"repeat","background-position":"center center","background-size":"auto","background-attachment":"scroll","background-type":"","background-media":"","overlay-type":"","overlay-color":"","overlay-opacity":"","overlay-gradient":""}},"ast-content-background-meta":{"desktop":{"background-color":"var(--ast-global-color-5)","background-image":"","background-repeat":"repeat","background-position":"center center","background-size":"auto","background-attachment":"scroll","background-type":"","background-media":"","overlay-type":"","overlay-color":"","overlay-opacity":"","overlay-gradient":""},"tablet":{"background-color":"var(--ast-global-color-5)","background-image":"","background-repeat":"repeat","background-position":"center center","background-size":"auto","background-attachment":"scroll","background-type":"","background-media":"","overlay-type":"","overlay-color":"","overlay-opacity":"","overlay-gradient":""},"mobile":{"background-color":"var(--ast-global-color-5)","background-image":"","background-repeat":"repeat","background-position":"center center","background-size":"auto","background-attachment":"scroll","background-type":"","background-media":"","overlay-type":"","overlay-color":"","overlay-opacity":"","overlay-gradient":""}},"footnotes":""},"class_list":["post-221","page","type-page","status-publish","hentry"],"post_mailing_queue_ids":[],"_links":{"self":[{"href":"https:\/\/agora.xtec.cat\/escolaponent\/wp-json\/wp\/v2\/pages\/221","targetHints":{"allow":["GET"]}}],"collection":[{"href":"https:\/\/agora.xtec.cat\/escolaponent\/wp-json\/wp\/v2\/pages"}],"about":[{"href":"https:\/\/agora.xtec.cat\/escolaponent\/wp-json\/wp\/v2\/types\/page"}],"author":[{"embeddable":true,"href":"https:\/\/agora.xtec.cat\/escolaponent\/wp-json\/wp\/v2\/users\/1"}],"replies":[{"embeddable":true,"href":"https:\/\/agora.xtec.cat\/escolaponent\/wp-json\/wp\/v2\/comments?post=221"}],"version-history":[{"count":5,"href":"https:\/\/agora.xtec.cat\/escolaponent\/wp-json\/wp\/v2\/pages\/221\/revisions"}],"predecessor-version":[{"id":14017,"href":"https:\/\/agora.xtec.cat\/escolaponent\/wp-json\/wp\/v2\/pages\/221\/revisions\/14017"}],"up":[{"embeddable":true,"href":"https:\/\/agora.xtec.cat\/escolaponent\/wp-json\/wp\/v2\/pages\/64"}],"wp:attachment":[{"href":"https:\/\/agora.xtec.cat\/escolaponent\/wp-json\/wp\/v2\/media?parent=221"}],"curies":[{"name":"wp","href":"https:\/\/api.w.org\/{rel}","templated":true}]}}

<div>
<h4></h4>
</div>
<h4><span style="color: #ff9900;">EL PATI D&#8217;INFANTIL</span></h4>
<p>Al juny de l&#8217;any 2017es va inaugurar el nou pati d&#8217;infantil amb propostes per a tots els nens i nenes.</p>
<div></div>
<div></div>
<div></div>
<div><iframe loading="lazy" src="//www.youtube.com/embed/doE_ifvIXRY" width="560" height="314"></iframe></div>
<div></div>
<div></div>
<h4><span style="color: #ff9900;">PATI DE PRIMÀRIA</span></h4>
<div></div>
<div>
<div class="h7 " tabindex="-1" role="listitem">
<div class="Bk">
<div class="G3 G2">
<div>
<div id=":ni">
<div>
<div class="adn ads" data-message-id="#msg-f:1629251573305988861" data-legacy-message-id="169c43ac7ca656fd">
<div class="gs">
<div class="">
<div id=":ov" class="ii gt">
<div id=":ou" class="a3s aXjCH ">
<div dir="ltr">
<div dir="ltr">
<div dir="ltr">
<p align="justify"><span style="color: #4f4f4f;">Tenim el pati que volem!!!</span></p>
<p align="justify"><span style="color: #4f4f4f;">Fa uns anys ens vam adonar que el pati de primària estava ocupat per gènere. Vam començar a observar i identificar les necessitats que hi havia.</span></p>
<p align="justify"><span style="color: #4f4f4f;">L’equip de mestres va reflexionar i va proposar a la comunitat educativa i en especial als nostres alumnes que somiessin un pati nou.</span></p>
<p align="justify"><span style="color: #4f4f4f;">Va haver moltes propostes diferents. Des de l’equip de mestres es va crear una comissió de «pati inclusiu» per donar forma a totes les propostes i reflexions que fins aquell moment hi havia.</span></p>
<p align="justify"><span style="color: #4f4f4f;">Gràcies al pressupost de l’escola i l’ajuda de l’AFA vam poder començar a donar-li forma al nostre somni.</span></p>
<p align="justify"><span style="color: #4f4f4f;">El primer que vam poder fer va ser treure la reixa que dividia l’edifici d’infantil i el pati de primària, va ser tot un canvi. Arrel d’aquest canvi vam situar les diferents propostes de jocs inclusius: es van pintar jocs nous a terra, es va habilitar un espai de Landart per fer mandales i creacions naturals, es va dotar d’un equip de so per fer la zona de ball, es va dividir la pista en dues parts (una per fer jocs de pilota i l’altra per fer jocs de corda i jocs varis), també es va habilitar una zona de jocs de fusta, revisar el material del racó tranquil i l’espai del gimnàs per fer joc de raquetes.</span></p>
<p align="justify"><span style="color: #4f4f4f;">Des de el primer dia els nostres nens i nenes gaudeixen molt més del seu pati.</span></p>
<p align="justify"><iframe loading="lazy" src="//www.youtube.com/embed/zDJeX5uX9zQ" width="560" height="314"></iframe></p>
</div>
</div>
</div>
<div class="yj6qo"></div>
<div class="adL"></div>
</div>
</div>
<div class="hi"></div>
</div>
</div>
<div class="ajx"></div>
</div>
<div class="gA gt acV">
<div class="gB xu">
<div class="ip iq"></div>
</div>
</div>
</div>
</div>
</div>
</div>
</div>
</div>
<div class="h7 ie" tabindex="-1" role="listitem">
<div class="Bk">
<div class="G3 G2 afm">
<div id=":nn">
<div class="adn ads" data-message-id="#msg-f:1629251612873997313" data-legacy-message-id="169c43b5b3163c01">
<div class="aju">
<div class="aCi"><img decoding="async" id=":ls_3-e" class="ajn" src="https://ssl.gstatic.com/ui/v1/icons/mail/profile_mask2.png" name=":ls" data-hovercard-id="mireiagco@gmail.com" data-name="Mireia" aria-hidden="true" /></div>
</div>
<div class="gs">
<div class="gE iv gt"></div>
</div>
</div>
</div>
</div>
</div>
</div>
</div>
<div></div>
<div>
<div>
<div>
<div></div>
</div>
</div>
<div></div>
<div></div>
</div>
<div></div>
<div></div>

<p>EL PATI D&#8217;INFANTIL Al juny de l&#8217;any 2017es va inaugurar el nou pati d&#8217;infantil amb propostes per a tots els nens i nenes. PATI DE PRIMÀRIA Tenim el pati que volem!!! Fa uns anys ens vam adonar que el pati de primària estava ocupat per gènere. Vam començar a observar i identificar les necessitats que [&hellip;]</p>
