{"id":20194,"date":"2025-11-25T20:43:44","date_gmt":"2025-11-25T19:43:44","guid":{"rendered":"https:\/\/agora.xtec.cat\/escolaponent\/?page_id=20194"},"modified":"2025-11-25T20:43:44","modified_gmt":"2025-11-25T19:43:44","slug":"pcmat","status":"publish","type":"page","link":"https:\/\/agora.xtec.cat\/escolaponent\/pcmat\/","title":{"rendered":"PCMAT"},"content":{"rendered":"<p data-start=\"143\" data-end=\"487\">Aquest curs 2025-2026, l\u2019alumnat de 5\u00e8 i 6\u00e8 de Prim\u00e0ria participa en el Programa temporal de Mentories PCMAT, una iniciativa vinculada al desplegament del programa \u201cC\u00f3digo Escuela 4.0\u201d, impulsat\u00a0pel <em data-start=\"438\" data-end=\"486\">Departament d\u2019Educaci\u00f3.<\/em><\/p>\n<p data-start=\"489\" data-end=\"885\">Aquest programa t\u00e9 com a objectiu millorar la compet\u00e8ncia matem\u00e0tica dels alumnes mitjan\u00e7ant el pensament computacional, la programaci\u00f3 i la rob\u00f2tica educativa. A m\u00e9s, el projecte inclou un acompanyament intensiu i personalitzat al professorat, per garantir una implantaci\u00f3 de qualitat i un aprenentatge significatiu per a tot l\u2019alumnat.<\/p>\n<p data-start=\"489\" data-end=\"885\">\n<p><a href=\"https:\/\/agora.xtec.cat\/escolaponent\/wp-content\/uploads\/usu881\/2025\/11\/IMG20251106161001.jpg\"><img loading=\"lazy\" decoding=\"async\" class=\"size-full wp-image-20195\" src=\"https:\/\/agora.xtec.cat\/escolaponent\/wp-content\/uploads\/usu881\/2025\/11\/IMG20251106161001.jpg\" alt=\"\" width=\"1024\" height=\"461\" srcset=\"https:\/\/agora.xtec.cat\/escolaponent\/wp-content\/uploads\/usu881\/2025\/11\/IMG20251106161001.jpg 1024w, https:\/\/agora.xtec.cat\/escolaponent\/wp-content\/uploads\/usu881\/2025\/11\/IMG20251106161001-300x135.jpg 300w, https:\/\/agora.xtec.cat\/escolaponent\/wp-content\/uploads\/usu881\/2025\/11\/IMG20251106161001-768x346.jpg 768w\" sizes=\"auto, (max-width: 1024px) 100vw, 1024px\" \/><\/a><\/p>\n<p><a href=\"https:\/\/agora.xtec.cat\/escolaponent\/wp-content\/uploads\/usu881\/2025\/11\/IMG20251107100747.jpg\"><img loading=\"lazy\" decoding=\"async\" class=\"size-full wp-image-20196\" src=\"https:\/\/agora.xtec.cat\/escolaponent\/wp-content\/uploads\/usu881\/2025\/11\/IMG20251107100747.jpg\" alt=\"\" width=\"461\" height=\"1024\" srcset=\"https:\/\/agora.xtec.cat\/escolaponent\/wp-content\/uploads\/usu881\/2025\/11\/IMG20251107100747.jpg 461w, https:\/\/agora.xtec.cat\/escolaponent\/wp-content\/uploads\/usu881\/2025\/11\/IMG20251107100747-135x300.jpg 135w\" sizes=\"auto, (max-width: 461px) 100vw, 461px\" \/><\/a><\/p>\n<p><a href=\"https:\/\/agora.xtec.cat\/escolaponent\/wp-content\/uploads\/usu881\/2025\/11\/IMG20251120100232.jpg\"><img loading=\"lazy\" decoding=\"async\" class=\"size-large wp-image-20197\" src=\"https:\/\/agora.xtec.cat\/escolaponent\/wp-content\/uploads\/usu881\/2025\/11\/IMG20251120100232.jpg\" alt=\"\" width=\"461\" height=\"1024\" srcset=\"https:\/\/agora.xtec.cat\/escolaponent\/wp-content\/uploads\/usu881\/2025\/11\/IMG20251120100232.jpg 461w, https:\/\/agora.xtec.cat\/escolaponent\/wp-content\/uploads\/usu881\/2025\/11\/IMG20251120100232-135x300.jpg 135w\" sizes=\"auto, (max-width: 461px) 100vw, 461px\" \/><\/a><\/p>\n<p><a href=\"https:\/\/agora.xtec.cat\/escolaponent\/wp-content\/uploads\/usu881\/2025\/11\/IMG20251121094648.jpg\"><img loading=\"lazy\" decoding=\"async\" class=\"size-full wp-image-20198\" src=\"https:\/\/agora.xtec.cat\/escolaponent\/wp-content\/uploads\/usu881\/2025\/11\/IMG20251121094648.jpg\" alt=\"\" width=\"461\" height=\"1024\" srcset=\"https:\/\/agora.xtec.cat\/escolaponent\/wp-content\/uploads\/usu881\/2025\/11\/IMG20251121094648.jpg 461w, https:\/\/agora.xtec.cat\/escolaponent\/wp-content\/uploads\/usu881\/2025\/11\/IMG20251121094648-135x300.jpg 135w\" sizes=\"auto, (max-width: 461px) 100vw, 461px\" \/><\/a><\/p>\n","protected":false},"excerpt":{"rendered":"<p>Aquest curs 2025-2026, l\u2019alumnat de 5\u00e8 i 6\u00e8 de Prim\u00e0ria participa en el Programa temporal de Mentories PCMAT, una iniciativa vinculada al desplegament del programa \u201cC\u00f3digo Escuela 4.0\u201d, impulsat\u00a0pel Departament d\u2019Educaci\u00f3. Aquest programa t\u00e9 com a objectiu millorar la compet\u00e8ncia matem\u00e0tica dels alumnes mitjan\u00e7ant el pensament computacional, la programaci\u00f3 i la rob\u00f2tica educativa. A m\u00e9s, [&hellip;]<\/p>\n","protected":false},"author":91,"featured_media":0,"parent":0,"menu_order":0,"comment_status":"closed","ping_status":"closed","template":"","meta":{"_bbp_topic_count":0,"_bbp_reply_count":0,"_bbp_total_topic_count":0,"_bbp_total_reply_count":0,"_bbp_voice_count":0,"_bbp_anonymous_reply_count":0,"_bbp_topic_count_hidden":0,"_bbp_reply_count_hidden":0,"_bbp_forum_subforum_count":0,"site-sidebar-layout":"default","site-content-layout":"","ast-site-content-layout":"default","site-content-style":"default","site-sidebar-style":"default","ast-global-header-display":"","ast-banner-title-visibility":"","ast-main-header-display":"","ast-hfb-above-header-display":"","ast-hfb-below-header-display":"","ast-hfb-mobile-header-display":"","site-post-title":"","ast-breadcrumbs-content":"","ast-featured-img":"","footer-sml-layout":"","theme-transparent-header-meta":"default","adv-header-id-meta":"","stick-header-meta":"","header-above-stick-meta":"","header-main-stick-meta":"","header-below-stick-meta":"","astra-migrate-meta-layouts":"set","ast-page-background-enabled":"default","ast-page-background-meta":{"desktop":{"background-color":"var(--ast-global-color-4)","background-image":"","background-repeat":"repeat","background-position":"center center","background-size":"auto","background-attachment":"scroll","background-type":"","background-media":"","overlay-type":"","overlay-color":"","overlay-opacity":"","overlay-gradient":""},"tablet":{"background-color":"","background-image":"","background-repeat":"repeat","background-position":"center center","background-size":"auto","background-attachment":"scroll","background-type":"","background-media":"","overlay-type":"","overlay-color":"","overlay-opacity":"","overlay-gradient":""},"mobile":{"background-color":"","background-image":"","background-repeat":"repeat","background-position":"center center","background-size":"auto","background-attachment":"scroll","background-type":"","background-media":"","overlay-type":"","overlay-color":"","overlay-opacity":"","overlay-gradient":""}},"ast-content-background-meta":{"desktop":{"background-color":"var(--ast-global-color-5)","background-image":"","background-repeat":"repeat","background-position":"center center","background-size":"auto","background-attachment":"scroll","background-type":"","background-media":"","overlay-type":"","overlay-color":"","overlay-opacity":"","overlay-gradient":""},"tablet":{"background-color":"var(--ast-global-color-5)","background-image":"","background-repeat":"repeat","background-position":"center center","background-size":"auto","background-attachment":"scroll","background-type":"","background-media":"","overlay-type":"","overlay-color":"","overlay-opacity":"","overlay-gradient":""},"mobile":{"background-color":"var(--ast-global-color-5)","background-image":"","background-repeat":"repeat","background-position":"center center","background-size":"auto","background-attachment":"scroll","background-type":"","background-media":"","overlay-type":"","overlay-color":"","overlay-opacity":"","overlay-gradient":""}},"footnotes":""},"class_list":["post-20194","page","type-page","status-publish","hentry"],"post_mailing_queue_ids":[],"_links":{"self":[{"href":"https:\/\/agora.xtec.cat\/escolaponent\/wp-json\/wp\/v2\/pages\/20194","targetHints":{"allow":["GET"]}}],"collection":[{"href":"https:\/\/agora.xtec.cat\/escolaponent\/wp-json\/wp\/v2\/pages"}],"about":[{"href":"https:\/\/agora.xtec.cat\/escolaponent\/wp-json\/wp\/v2\/types\/page"}],"author":[{"embeddable":true,"href":"https:\/\/agora.xtec.cat\/escolaponent\/wp-json\/wp\/v2\/users\/91"}],"replies":[{"embeddable":true,"href":"https:\/\/agora.xtec.cat\/escolaponent\/wp-json\/wp\/v2\/comments?post=20194"}],"version-history":[{"count":1,"href":"https:\/\/agora.xtec.cat\/escolaponent\/wp-json\/wp\/v2\/pages\/20194\/revisions"}],"predecessor-version":[{"id":20201,"href":"https:\/\/agora.xtec.cat\/escolaponent\/wp-json\/wp\/v2\/pages\/20194\/revisions\/20201"}],"wp:attachment":[{"href":"https:\/\/agora.xtec.cat\/escolaponent\/wp-json\/wp\/v2\/media?parent=20194"}],"curies":[{"name":"wp","href":"https:\/\/api.w.org\/{rel}","templated":true}]}}

<p data-start="143" data-end="487">Aquest curs 2025-2026, l’alumnat de 5è i 6è de Primària participa en el Programa temporal de Mentories PCMAT, una iniciativa vinculada al desplegament del programa “Código Escuela 4.0”, impulsat pel <em data-start="438" data-end="486">Departament d’Educació.</em></p>
<p data-start="489" data-end="885">Aquest programa té com a objectiu millorar la competència matemàtica dels alumnes mitjançant el pensament computacional, la programació i la robòtica educativa. A més, el projecte inclou un acompanyament intensiu i personalitzat al professorat, per garantir una implantació de qualitat i un aprenentatge significatiu per a tot l’alumnat.</p>
<p data-start="489" data-end="885">
<p><a href="https://agora.xtec.cat/escolaponent/wp-content/uploads/usu881/2025/11/IMG20251106161001.jpg"><img loading="lazy" decoding="async" class="size-full wp-image-20195" src="https://agora.xtec.cat/escolaponent/wp-content/uploads/usu881/2025/11/IMG20251106161001.jpg" alt="" width="1024" height="461" srcset="https://agora.xtec.cat/escolaponent/wp-content/uploads/usu881/2025/11/IMG20251106161001.jpg 1024w, https://agora.xtec.cat/escolaponent/wp-content/uploads/usu881/2025/11/IMG20251106161001-300x135.jpg 300w, https://agora.xtec.cat/escolaponent/wp-content/uploads/usu881/2025/11/IMG20251106161001-768x346.jpg 768w" sizes="auto, (max-width: 1024px) 100vw, 1024px" /></a></p>
<p><a href="https://agora.xtec.cat/escolaponent/wp-content/uploads/usu881/2025/11/IMG20251107100747.jpg"><img loading="lazy" decoding="async" class="size-full wp-image-20196" src="https://agora.xtec.cat/escolaponent/wp-content/uploads/usu881/2025/11/IMG20251107100747.jpg" alt="" width="461" height="1024" srcset="https://agora.xtec.cat/escolaponent/wp-content/uploads/usu881/2025/11/IMG20251107100747.jpg 461w, https://agora.xtec.cat/escolaponent/wp-content/uploads/usu881/2025/11/IMG20251107100747-135x300.jpg 135w" sizes="auto, (max-width: 461px) 100vw, 461px" /></a></p>
<p><a href="https://agora.xtec.cat/escolaponent/wp-content/uploads/usu881/2025/11/IMG20251120100232.jpg"><img loading="lazy" decoding="async" class="size-large wp-image-20197" src="https://agora.xtec.cat/escolaponent/wp-content/uploads/usu881/2025/11/IMG20251120100232.jpg" alt="" width="461" height="1024" srcset="https://agora.xtec.cat/escolaponent/wp-content/uploads/usu881/2025/11/IMG20251120100232.jpg 461w, https://agora.xtec.cat/escolaponent/wp-content/uploads/usu881/2025/11/IMG20251120100232-135x300.jpg 135w" sizes="auto, (max-width: 461px) 100vw, 461px" /></a></p>
<p><a href="https://agora.xtec.cat/escolaponent/wp-content/uploads/usu881/2025/11/IMG20251121094648.jpg"><img loading="lazy" decoding="async" class="size-full wp-image-20198" src="https://agora.xtec.cat/escolaponent/wp-content/uploads/usu881/2025/11/IMG20251121094648.jpg" alt="" width="461" height="1024" srcset="https://agora.xtec.cat/escolaponent/wp-content/uploads/usu881/2025/11/IMG20251121094648.jpg 461w, https://agora.xtec.cat/escolaponent/wp-content/uploads/usu881/2025/11/IMG20251121094648-135x300.jpg 135w" sizes="auto, (max-width: 461px) 100vw, 461px" /></a></p>

<p>Aquest curs 2025-2026, l’alumnat de 5è i 6è de Primària participa en el Programa temporal de Mentories PCMAT, una iniciativa vinculada al desplegament del programa “Código Escuela 4.0”, impulsat pel Departament d’Educació. Aquest programa té com a objectiu millorar la competència matemàtica dels alumnes mitjançant el pensament computacional, la programació i la robòtica educativa. A més, [&hellip;]</p>
