{"id":20133,"date":"2025-11-18T20:14:53","date_gmt":"2025-11-18T19:14:53","guid":{"rendered":"https:\/\/agora.xtec.cat\/escolaponent\/?page_id=20133"},"modified":"2025-11-18T20:14:53","modified_gmt":"2025-11-18T19:14:53","slug":"biblioteca-2","status":"publish","type":"page","link":"https:\/\/agora.xtec.cat\/escolaponent\/biblioteca-2\/","title":{"rendered":"Biblioteca"},"content":{"rendered":"<p><strong>Actualitzaci\u00f3 de la nostra biblioteca escolar<\/strong><\/p>\n<p data-start=\"190\" data-end=\"383\">A la biblioteca del centre estem portant a terme un <strong data-start=\"242\" data-end=\"280\">proc\u00e9s d\u2019actualitzaci\u00f3 i renovaci\u00f3<\/strong> per oferir un espai m\u00e9s modern, atractiu i alineat amb les necessitats dels nostres alumnes i docents.<\/p>\n<p data-start=\"385\" data-end=\"406\">Aquest proc\u00e9s inclou:<\/p>\n<ul data-start=\"408\" data-end=\"719\">\n<li data-start=\"408\" data-end=\"500\">\n<p data-start=\"410\" data-end=\"500\"><strong data-start=\"410\" data-end=\"457\">La incorporaci\u00f3 de nous llibres i materials<\/strong> adaptats a totes les edats i interessos.<\/p>\n<\/li>\n<li data-start=\"501\" data-end=\"589\">\n<p data-start=\"503\" data-end=\"589\"><strong data-start=\"503\" data-end=\"536\">La reorganitzaci\u00f3 dels espais<\/strong>, per fer-los m\u00e9s c\u00f2modes, funcionals i acollidors.<\/p>\n<\/li>\n<li data-start=\"590\" data-end=\"719\">\n<p data-start=\"592\" data-end=\"719\"><strong data-start=\"592\" data-end=\"629\">Facilitar<\/strong>\u00a0l\u2019acc\u00e9s a la informaci\u00f3 i fomentar l\u2019h\u00e0bit lector tamb\u00e9 en format digital.<\/p>\n<\/li>\n<\/ul>\n<p data-start=\"856\" data-end=\"1046\" data-is-last-node=\"\" data-is-only-node=\"\">El nostre objectiu \u00e9s convertir la biblioteca en un <strong data-start=\"908\" data-end=\"971\">espai viu, inspirador i obert a tota la comunitat educativa<\/strong>, on llegir, investigar i descobrir sigui sempre una experi\u00e8ncia agradable.<\/p>\n","protected":false},"excerpt":{"rendered":"<p>Actualitzaci\u00f3 de la nostra biblioteca escolar A la biblioteca del centre estem portant a terme un proc\u00e9s d\u2019actualitzaci\u00f3 i renovaci\u00f3 per oferir un espai m\u00e9s modern, atractiu i alineat amb les necessitats dels nostres alumnes i docents. Aquest proc\u00e9s inclou: La incorporaci\u00f3 de nous llibres i materials adaptats a totes les edats i interessos. La [&hellip;]<\/p>\n","protected":false},"author":91,"featured_media":0,"parent":0,"menu_order":0,"comment_status":"closed","ping_status":"closed","template":"","meta":{"_bbp_topic_count":0,"_bbp_reply_count":0,"_bbp_total_topic_count":0,"_bbp_total_reply_count":0,"_bbp_voice_count":0,"_bbp_anonymous_reply_count":0,"_bbp_topic_count_hidden":0,"_bbp_reply_count_hidden":0,"_bbp_forum_subforum_count":0,"site-sidebar-layout":"default","site-content-layout":"","ast-site-content-layout":"default","site-content-style":"default","site-sidebar-style":"default","ast-global-header-display":"","ast-banner-title-visibility":"","ast-main-header-display":"","ast-hfb-above-header-display":"","ast-hfb-below-header-display":"","ast-hfb-mobile-header-display":"","site-post-title":"","ast-breadcrumbs-content":"","ast-featured-img":"","footer-sml-layout":"","theme-transparent-header-meta":"default","adv-header-id-meta":"","stick-header-meta":"","header-above-stick-meta":"","header-main-stick-meta":"","header-below-stick-meta":"","astra-migrate-meta-layouts":"set","ast-page-background-enabled":"default","ast-page-background-meta":{"desktop":{"background-color":"var(--ast-global-color-4)","background-image":"","background-repeat":"repeat","background-position":"center center","background-size":"auto","background-attachment":"scroll","background-type":"","background-media":"","overlay-type":"","overlay-color":"","overlay-opacity":"","overlay-gradient":""},"tablet":{"background-color":"","background-image":"","background-repeat":"repeat","background-position":"center center","background-size":"auto","background-attachment":"scroll","background-type":"","background-media":"","overlay-type":"","overlay-color":"","overlay-opacity":"","overlay-gradient":""},"mobile":{"background-color":"","background-image":"","background-repeat":"repeat","background-position":"center center","background-size":"auto","background-attachment":"scroll","background-type":"","background-media":"","overlay-type":"","overlay-color":"","overlay-opacity":"","overlay-gradient":""}},"ast-content-background-meta":{"desktop":{"background-color":"var(--ast-global-color-5)","background-image":"","background-repeat":"repeat","background-position":"center center","background-size":"auto","background-attachment":"scroll","background-type":"","background-media":"","overlay-type":"","overlay-color":"","overlay-opacity":"","overlay-gradient":""},"tablet":{"background-color":"var(--ast-global-color-5)","background-image":"","background-repeat":"repeat","background-position":"center center","background-size":"auto","background-attachment":"scroll","background-type":"","background-media":"","overlay-type":"","overlay-color":"","overlay-opacity":"","overlay-gradient":""},"mobile":{"background-color":"var(--ast-global-color-5)","background-image":"","background-repeat":"repeat","background-position":"center center","background-size":"auto","background-attachment":"scroll","background-type":"","background-media":"","overlay-type":"","overlay-color":"","overlay-opacity":"","overlay-gradient":""}},"footnotes":""},"class_list":["post-20133","page","type-page","status-publish","hentry"],"post_mailing_queue_ids":[],"_links":{"self":[{"href":"https:\/\/agora.xtec.cat\/escolaponent\/wp-json\/wp\/v2\/pages\/20133","targetHints":{"allow":["GET"]}}],"collection":[{"href":"https:\/\/agora.xtec.cat\/escolaponent\/wp-json\/wp\/v2\/pages"}],"about":[{"href":"https:\/\/agora.xtec.cat\/escolaponent\/wp-json\/wp\/v2\/types\/page"}],"author":[{"embeddable":true,"href":"https:\/\/agora.xtec.cat\/escolaponent\/wp-json\/wp\/v2\/users\/91"}],"replies":[{"embeddable":true,"href":"https:\/\/agora.xtec.cat\/escolaponent\/wp-json\/wp\/v2\/comments?post=20133"}],"version-history":[{"count":1,"href":"https:\/\/agora.xtec.cat\/escolaponent\/wp-json\/wp\/v2\/pages\/20133\/revisions"}],"predecessor-version":[{"id":20136,"href":"https:\/\/agora.xtec.cat\/escolaponent\/wp-json\/wp\/v2\/pages\/20133\/revisions\/20136"}],"wp:attachment":[{"href":"https:\/\/agora.xtec.cat\/escolaponent\/wp-json\/wp\/v2\/media?parent=20133"}],"curies":[{"name":"wp","href":"https:\/\/api.w.org\/{rel}","templated":true}]}}

<p><strong>Actualització de la nostra biblioteca escolar</strong></p>
<p data-start="190" data-end="383">A la biblioteca del centre estem portant a terme un <strong data-start="242" data-end="280">procés d’actualització i renovació</strong> per oferir un espai més modern, atractiu i alineat amb les necessitats dels nostres alumnes i docents.</p>
<p data-start="385" data-end="406">Aquest procés inclou:</p>
<ul data-start="408" data-end="719">
<li data-start="408" data-end="500">
<p data-start="410" data-end="500"><strong data-start="410" data-end="457">La incorporació de nous llibres i materials</strong> adaptats a totes les edats i interessos.</p>
</li>
<li data-start="501" data-end="589">
<p data-start="503" data-end="589"><strong data-start="503" data-end="536">La reorganització dels espais</strong>, per fer-los més còmodes, funcionals i acollidors.</p>
</li>
<li data-start="590" data-end="719">
<p data-start="592" data-end="719"><strong data-start="592" data-end="629">Facilitar</strong> l’accés a la informació i fomentar l’hàbit lector també en format digital.</p>
</li>
</ul>
<p data-start="856" data-end="1046" data-is-last-node="" data-is-only-node="">El nostre objectiu és convertir la biblioteca en un <strong data-start="908" data-end="971">espai viu, inspirador i obert a tota la comunitat educativa</strong>, on llegir, investigar i descobrir sigui sempre una experiència agradable.</p>

<p>Actualització de la nostra biblioteca escolar A la biblioteca del centre estem portant a terme un procés d’actualització i renovació per oferir un espai més modern, atractiu i alineat amb les necessitats dels nostres alumnes i docents. Aquest procés inclou: La incorporació de nous llibres i materials adaptats a totes les edats i interessos. La [&hellip;]</p>
